{"id":737917,"date":"2025-08-27T23:38:46","date_gmt":"2025-08-27T20:38:46","guid":{"rendered":"https:\/\/roveyayinevi.com.tr\/index.php\/urun\/biricik-babam-ve-corona-gunlugu\/"},"modified":"2026-04-16T02:47:44","modified_gmt":"2026-04-15T23:47:44","slug":"biricik-babam-ve-corona-gunlugu","status":"publish","type":"product","link":"https:\/\/roveyayinevi.com.tr\/index.php\/urun\/biricik-babam-ve-corona-gunlugu\/","title":{"rendered":"Biricik Babam ve Corona G\u00fcnl\u00fc\u011f\u00fc"},"content":{"rendered":"<p>Babac\u0131\u011f\u0131m\u0131n \u00f6l\u00fcm\u00fcn\u00fc seyredip ya\u015farken hi\u00e7 bir\u015fey yapamaman\u0131n verdi\u011fi \u00e7aresizlikten \u00f6l\u00fcm\u00fcn\u00fc sadece seyredenleri kendim de dahil di\u011ferlerini affedip y\u00fcre\u011fimdeki babac\u0131\u011f\u0131m\u0131n sevgisiyle yeni deneyim d\u00fczeylerine ilerlemeye karar verdim. K\u0131sa s\u00fcrede ya\u015fad\u0131\u011f\u0131m zorlu m\u00fccadele i\u00e7inde beni zehirleyen duygular\u0131ma yenik d\u00fc\u015fmeden ve her\u015feye ra\u011fmen hayatla bar\u0131\u015f i\u00e7inde kalarak onu sevmeye devam etti\u011fimde fark ettim. De\u011ferli kitap okumay\u0131 severlere ve d\u00fcnyadaki b\u00fct\u00fcn insanlara bir \u015fekilde ula\u015farak hayatlar\u0131nda kar\u015f\u0131la\u015fabilecekleri zorluklara ra\u011fmen nas\u0131l g\u00fc\u00e7l\u00fc kalabileceklerini ve her \u015feye ra\u011fmen g\u00fc\u00e7l\u00fc kalabilmenin form\u00fcl\u00fc insanlar\u0131 sevmeleri, hayat\u0131 sevmeleri ve hayat\u0131n de\u011ferini bilmenin olabilece\u011fini aktarmay\u0131 d\u00fc\u015f\u00fcnd\u00fc\u011f\u00fcmden dolay\u0131 bu kitab\u0131 yazarak duygular\u0131m\u0131 aktarmay\u0131 ba\u015farabildim.Ger\u00e7eklerden ka\u00e7maya \u00e7al\u0131\u015fmak ayr\u0131l\u0131\u011f\u0131, ba\u015far\u0131s\u0131zl\u0131\u011f\u0131 ve mutsuzlu\u011fu; ger\u00e7eklerle y\u00fczle\u015fmek ise kavu\u015fabilmeyi, ba\u015far\u0131y\u0131 ve mutlulu\u011fu getirir belki de&#8230;<\/p>\n","protected":false},"excerpt":{"rendered":"<p>Babac\u0131\u011f\u0131m\u0131n \u00f6l\u00fcm\u00fcn\u00fc seyredip ya\u015farken hi\u00e7 bir\u015fey yapamaman\u0131n verdi\u011fi \u00e7aresizlikten \u00f6l\u00fcm\u00fcn\u00fc sadece seyredenleri kendim de dahil di\u011ferlerini affedip y\u00fcre\u011fimdeki babac\u0131\u011f\u0131m\u0131n sevgisiyle yeni deneyim d\u00fczeylerine ilerlemeye karar verdim.<span class=\"excerpt-hellip\"> [\u2026]<\/span><\/p>\n","protected":false},"featured_media":0,"template":"","meta":{"_monsterinsights_skip_tracking":false,"_monsterinsights_sitenote_active":false,"_monsterinsights_sitenote_note":"","_monsterinsights_sitenote_category":0},"product_brand":[],"product_cat":[18545,12291],"product_tag":[],"class_list":{"0":"post-737917","1":"product","2":"type-product","3":"status-publish","5":"product_cat-anlati","6":"product_cat-edebiyat","7":"pa_cilt-ciltsiz","8":"pa_tur-kitap","9":"pa_yayinevi-imgenin-cocuklari","10":"pa_yazar-aytekin-duran","12":"first","13":"instock","14":"sale","15":"shipping-taxable","16":"purchasable","17":"product-type-simple"},"_links":{"self":[{"href":"https:\/\/roveyayinevi.com.tr\/index.php\/wp-json\/wp\/v2\/product\/737917","targetHints":{"allow":["GET"]}}],"collection":[{"href":"https:\/\/roveyayinevi.com.tr\/index.php\/wp-json\/wp\/v2\/product"}],"about":[{"href":"https:\/\/roveyayinevi.com.tr\/index.php\/wp-json\/wp\/v2\/types\/product"}],"wp:attachment":[{"href":"https:\/\/roveyayinevi.com.tr\/index.php\/wp-json\/wp\/v2\/media?parent=737917"}],"wp:term":[{"taxonomy":"product_brand","embeddable":true,"href":"https:\/\/roveyayinevi.com.tr\/index.php\/wp-json\/wp\/v2\/product_brand?post=737917"},{"taxonomy":"product_cat","embeddable":true,"href":"https:\/\/roveyayinevi.com.tr\/index.php\/wp-json\/wp\/v2\/product_cat?post=737917"},{"taxonomy":"product_tag","embeddable":true,"href":"https:\/\/roveyayinevi.com.tr\/index.php\/wp-json\/wp\/v2\/product_tag?post=737917"}],"curies":[{"name":"wp","href":"https:\/\/api.w.org\/{rel}","templated":true}]}}