{"id":737914,"date":"2025-08-27T23:38:42","date_gmt":"2025-08-27T20:38:42","guid":{"rendered":"https:\/\/roveyayinevi.com.tr\/index.php\/urun\/devletkeri\/"},"modified":"2026-04-08T02:56:07","modified_gmt":"2026-04-07T23:56:07","slug":"devletkeri","status":"publish","type":"product","link":"https:\/\/roveyayinevi.com.tr\/index.php\/urun\/devletkeri\/","title":{"rendered":"Devletkeri"},"content":{"rendered":"<p>&#8220;Varl\u0131\u011fa \u015fan veren kudret yedi renge b\u00fcr\u00fcn\u00fcrken a\u015fka, paraya m\u0131 g\u00f6z k\u0131rpmad\u0131lar! \u0130hanete mi u\u011framad\u0131lar! A\u015fk, kiminin hi\u00e7 tan\u0131\u015famayaca\u011f\u0131 kiminin vazge\u00e7ilmeziydi. Paraya kim kanmazd\u0131? Sonra sonra ortak arkada\u015flar\u0131 kaderle tan\u0131\u015ft\u0131lar. Kerpi\u00e7 evin \u00f6n\u00fcndeki kuyudan gelen ses gibi suskunlu\u011fu b\u00f6lerlerdi: \u00c7\u0131k\u0131r da \u00e7\u0131k\u0131r. T\u0131k\u0131r da t\u0131k\u0131r\u2026 S\u0131radan hayatlar\u0131n sadakatiydi ya\u015fananlar. Ayr\u0131nt\u0131larda farkl\u0131, b\u00fct\u00fcnde birdiler. Onlar\u0131 bir araya getirip \u00e7\u0131\u011f gibi b\u00fcy\u00fcten memleketlerinin davas\u0131yd\u0131. \u0130simleri Azizbekir, Muhittin, Ethem veya Devletkeri olsa da ne \u00e7\u0131kard\u0131? Ayn\u0131 topraklar\u0131n evlatlar\u0131yd\u0131lar\u2026&#8221; <\/p>\n","protected":false},"excerpt":{"rendered":"<p>&#8220;Varl\u0131\u011fa \u015fan veren kudret yedi renge b\u00fcr\u00fcn\u00fcrken a\u015fka, paraya m\u0131 g\u00f6z k\u0131rpmad\u0131lar! \u0130hanete mi u\u011framad\u0131lar! A\u015fk, kiminin hi\u00e7 tan\u0131\u015famayaca\u011f\u0131 kiminin vazge\u00e7ilmeziydi. Paraya kim kanmazd\u0131? Sonra sonra<span class=\"excerpt-hellip\"> [\u2026]<\/span><\/p>\n","protected":false},"featured_media":0,"template":"","meta":{"_monsterinsights_skip_tracking":false,"_monsterinsights_sitenote_active":false,"_monsterinsights_sitenote_note":"","_monsterinsights_sitenote_category":0},"product_brand":[],"product_cat":[12291,12711],"product_tag":[],"class_list":{"0":"post-737914","1":"product","2":"type-product","3":"status-publish","5":"product_cat-edebiyat","6":"product_cat-roman-oyku","7":"pa_cilt-ciltsiz","8":"pa_tur-kitap","9":"pa_yayinevi-imgenin-cocuklari","10":"pa_yazar-firzan-ustun","12":"first","13":"instock","14":"sale","15":"shipping-taxable","16":"purchasable","17":"product-type-simple"},"_links":{"self":[{"href":"https:\/\/roveyayinevi.com.tr\/index.php\/wp-json\/wp\/v2\/product\/737914","targetHints":{"allow":["GET"]}}],"collection":[{"href":"https:\/\/roveyayinevi.com.tr\/index.php\/wp-json\/wp\/v2\/product"}],"about":[{"href":"https:\/\/roveyayinevi.com.tr\/index.php\/wp-json\/wp\/v2\/types\/product"}],"wp:attachment":[{"href":"https:\/\/roveyayinevi.com.tr\/index.php\/wp-json\/wp\/v2\/media?parent=737914"}],"wp:term":[{"taxonomy":"product_brand","embeddable":true,"href":"https:\/\/roveyayinevi.com.tr\/index.php\/wp-json\/wp\/v2\/product_brand?post=737914"},{"taxonomy":"product_cat","embeddable":true,"href":"https:\/\/roveyayinevi.com.tr\/index.php\/wp-json\/wp\/v2\/product_cat?post=737914"},{"taxonomy":"product_tag","embeddable":true,"href":"https:\/\/roveyayinevi.com.tr\/index.php\/wp-json\/wp\/v2\/product_tag?post=737914"}],"curies":[{"name":"wp","href":"https:\/\/api.w.org\/{rel}","templated":true}]}}