{"id":737906,"date":"2025-08-27T23:38:32","date_gmt":"2025-08-27T20:38:32","guid":{"rendered":"https:\/\/roveyayinevi.com.tr\/index.php\/urun\/leodikya-esintisi\/"},"modified":"2026-04-16T02:47:43","modified_gmt":"2026-04-15T23:47:43","slug":"leodikya-esintisi","status":"publish","type":"product","link":"https:\/\/roveyayinevi.com.tr\/index.php\/urun\/leodikya-esintisi\/","title":{"rendered":"Leodikya Esintisi"},"content":{"rendered":"<p>Laodikya Antik Kenti&#8217;ne farkl\u0131 zaman dilimlerinden harika bir gezintiye \u00e7\u0131kacaks\u0131n\u0131z. Kente emaneti gibi bakan insanlar\u0131n aras\u0131nda b\u00fcy\u00fcyen Selin, harabe \u015fehrin kal\u0131nt\u0131lar\u0131ndan ona yeni bilgiler f\u0131s\u0131ldayacak anlar\u0131n pe\u015finde ko\u015fan bir arkeolog olarak kar\u015f\u0131m\u0131za \u00e7\u0131kmadan evvel onu herkes gibi bir insan olarak resmetmemize izin veriyor. Merak eden ve bu merak d\u00fcrt\u00fcs\u00fcn\u00fcn pe\u015finden giden biri olarak \u00e7\u0131kt\u0131\u011f\u0131 macerada kendinizi onunla \u00f6zde\u015fle\u015ftirmekte zorlanmayacaks\u0131n\u0131z. B\u00f6ylelikle \u00e7\u00f6z\u00fclmesi gereken t\u00fcm gizemlerde, hatta hayat\u0131n \u00f6n\u00fcm\u00fcze \u00e7\u0131kard\u0131\u011f\u0131 ta\u015flarla m\u00fccadele de t\u00fcm o unvanlar\u0131n bize y\u00fckledi\u011fi sorumluluklar\u0131n \u00f6tesinde insan olman\u0131n yeterli oldu\u011funu bir kez daha fark edeceksiniz. Ge\u00e7mi\u015ften bug\u00fcne de\u011fi\u015fmeyen sorunlar\u0131n ruhunuza y\u00fckleyece\u011fi \u00e7aresizlik hissine kar\u015f\u0131 haz\u0131rl\u0131kl\u0131 olun.Laodikya Antik Kenti&#8217;nde gelen misafirleri a\u011f\u0131rlay\u0131p onlara rehberlik eden ve zaman zaman \u015fehirde yeni buluntularla ilgilenen dedesi Osman Ali Bey ve ekibiyle tarihin i\u00e7inde g\u00fcnlerini ge\u00e7iren Selin, elinde antik kentin haritas\u0131yla gezinirken \u00f6l\u00fc bir kent gibi g\u00f6r\u00fclen bu \u015fehirde taptaze bir enerji hisseder. Bu tazeli\u011fi ke\u015ffetme d\u00fcrt\u00fcs\u00fc onu \u015fehrin sokaklar\u0131nda rutinle\u015fen gezintilere zorlar. Bir g\u00fcn caddelerden birinde yerde uzanan esrarengiz ta\u015flarla kar\u015f\u0131la\u015f\u0131r. Bu ta\u015flar\u0131 b\u00fcy\u00fcs\u00fc, do\u011fan\u0131n sesleri bir anl\u0131k kafas\u0131nda bir kar\u0131\u015f\u0131kl\u0131k yarat\u0131r ve onu hayalini dahi kuramayaca\u011f\u0131 bir d\u00fcnyaya \u00e7eker. Bu, onu tarihin derinliklerinden gizemli biriyle tan\u0131\u015ft\u0131racak fark edemedi\u011fi bir yar\u0131kt\u0131. Acaba bu yar\u0131k ona Tav\u015fan Deli\u011fi&#8217;nden d\u00fc\u015fen Alice&#8217;inki gibi b\u00fcy\u00fcleyici maceralar ve al\u0131nmas\u0131 gereken dersler sunacak m\u0131yd\u0131?<\/p>\n","protected":false},"excerpt":{"rendered":"<p>Laodikya Antik Kenti&#8217;ne farkl\u0131 zaman dilimlerinden harika bir gezintiye \u00e7\u0131kacaks\u0131n\u0131z. Kente emaneti gibi bakan insanlar\u0131n aras\u0131nda b\u00fcy\u00fcyen Selin, harabe \u015fehrin kal\u0131nt\u0131lar\u0131ndan ona yeni bilgiler f\u0131s\u0131ldayacak anlar\u0131n<span class=\"excerpt-hellip\"> [\u2026]<\/span><\/p>\n","protected":false},"featured_media":0,"template":"","meta":{"_monsterinsights_skip_tracking":false,"_monsterinsights_sitenote_active":false,"_monsterinsights_sitenote_note":"","_monsterinsights_sitenote_category":0},"product_brand":[],"product_cat":[12291,12711],"product_tag":[],"class_list":{"0":"post-737906","1":"product","2":"type-product","3":"status-publish","5":"product_cat-edebiyat","6":"product_cat-roman-oyku","7":"pa_cilt-ciltsiz","8":"pa_tur-kitap","9":"pa_yayinevi-perseus","10":"pa_yazar-selin-betin","12":"first","13":"instock","14":"sale","15":"shipping-taxable","16":"purchasable","17":"product-type-simple"},"_links":{"self":[{"href":"https:\/\/roveyayinevi.com.tr\/index.php\/wp-json\/wp\/v2\/product\/737906","targetHints":{"allow":["GET"]}}],"collection":[{"href":"https:\/\/roveyayinevi.com.tr\/index.php\/wp-json\/wp\/v2\/product"}],"about":[{"href":"https:\/\/roveyayinevi.com.tr\/index.php\/wp-json\/wp\/v2\/types\/product"}],"wp:attachment":[{"href":"https:\/\/roveyayinevi.com.tr\/index.php\/wp-json\/wp\/v2\/media?parent=737906"}],"wp:term":[{"taxonomy":"product_brand","embeddable":true,"href":"https:\/\/roveyayinevi.com.tr\/index.php\/wp-json\/wp\/v2\/product_brand?post=737906"},{"taxonomy":"product_cat","embeddable":true,"href":"https:\/\/roveyayinevi.com.tr\/index.php\/wp-json\/wp\/v2\/product_cat?post=737906"},{"taxonomy":"product_tag","embeddable":true,"href":"https:\/\/roveyayinevi.com.tr\/index.php\/wp-json\/wp\/v2\/product_tag?post=737906"}],"curies":[{"name":"wp","href":"https:\/\/api.w.org\/{rel}","templated":true}]}}