{"id":737887,"date":"2025-08-27T23:38:09","date_gmt":"2025-08-27T20:38:09","guid":{"rendered":"https:\/\/roveyayinevi.com.tr\/index.php\/urun\/turan-ulkusunden-turk-birligine\/"},"modified":"2026-04-16T02:47:42","modified_gmt":"2026-04-15T23:47:42","slug":"turan-ulkusunden-turk-birligine","status":"publish","type":"product","link":"https:\/\/roveyayinevi.com.tr\/index.php\/urun\/turan-ulkusunden-turk-birligine\/","title":{"rendered":"Turan \u00dclk\u00fcs\u00fc&#8217;nden T\u00fcrk Birli\u011fi&#8217;ne"},"content":{"rendered":"<p>\u201cTuran \u00dclk\u00fcs\u00fc, Osmanl\u0131\u2019n\u0131n son d\u00f6nemlerinde baz\u0131 ayd\u0131nlar taraf\u0131ndan bir kurtulu\u015f re\u00e7etesi olarak d\u00fc\u015f\u00fcn\u00fclse de hayata ge\u00e7emedi. Ama T\u00fcrk Milleti, \u2018Turan\u2019 hayalinden hi\u00e7 vazge\u00e7medi. Unutulmamal\u0131 ki hayal etti\u011finiz \u015feylere ula\u015fmak i\u00e7in m\u00fccadele ederseniz bir g\u00fcn bu hayalinize ula\u015fman\u0131z m\u00fcmk\u00fcnd\u00fcr. Turanc\u0131lar, B\u00fcy\u00fck T\u00fcrkistan\u2019\u0131 kurmay\u0131 hedefleyenler, bu m\u00fccadelelerinden hi\u00e7 vazge\u00e7mediler. Anadolu\u2019da yedi d\u00fcvelle m\u00fccadele eden T\u00fcrk Milleti, son yurdunu bu azim ve kararl\u0131l\u0131kla terk etmedi. Mahremine el s\u00fcrd\u00fcrmedi.\u201d Uzun soluklu okumalar\u0131n ve ara\u015ft\u0131rmalar\u0131n \u00fcr\u00fcn\u00fc olan bu kitapta; Osmanl\u0131\u2019n\u0131n son d\u00f6neminde kurtulu\u015f m\u00fccadelesinin re\u00e7etesi olarak hayat bulan Turan \u00dclk\u00fcs\u00fc\u2019n\u00fcn, T\u00fcrk devletleri aras\u0131nda kapsaml\u0131 i\u015f birli\u011fini te\u015fvik etmek amac\u0131yla kurulan \u201cT\u00fcrk Dili Konu\u015fan \u00dclkeler \u0130\u015fbirli\u011fi Konseyi\u201d olarak yola \u00e7\u0131k\u0131\u015f\u0131n\u0131, sonra \u201cT\u00fcrk Konseyi\u201dne, g\u00fcn\u00fcm\u00fcz itibariyle de \u201cT\u00fcrk Devletleri Te\u015fkilat\u0131\u201dna d\u00f6n\u00fc\u015ferek ete kemi\u011fe b\u00fcr\u00fcnme s\u00fcrecini ve o kutlu sevdan\u0131n \u015fanl\u0131 tarihini bulacaks\u0131n\u0131z. <\/p>\n","protected":false},"excerpt":{"rendered":"<p>\u201cTuran \u00dclk\u00fcs\u00fc, Osmanl\u0131\u2019n\u0131n son d\u00f6nemlerinde baz\u0131 ayd\u0131nlar taraf\u0131ndan bir kurtulu\u015f re\u00e7etesi olarak d\u00fc\u015f\u00fcn\u00fclse de hayata ge\u00e7emedi. Ama T\u00fcrk Milleti, \u2018Turan\u2019 hayalinden hi\u00e7 vazge\u00e7medi. Unutulmamal\u0131 ki hayal<span class=\"excerpt-hellip\"> [\u2026]<\/span><\/p>\n","protected":false},"featured_media":0,"template":"","meta":{"_monsterinsights_skip_tracking":false,"_monsterinsights_sitenote_active":false,"_monsterinsights_sitenote_note":"","_monsterinsights_sitenote_category":0},"product_brand":[],"product_cat":[13590,12337],"product_tag":[],"class_list":{"0":"post-737887","1":"product","2":"type-product","3":"status-publish","5":"product_cat-arastirma-inceleme-politika-siyaset","6":"product_cat-politika-siyaset","7":"pa_cilt-ciltsiz","8":"pa_tur-kitap","9":"pa_yayinevi-cinaralti-yayinlari","10":"pa_yazar-ilhan-ayhan","12":"first","13":"instock","14":"sale","15":"shipping-taxable","16":"purchasable","17":"product-type-simple"},"_links":{"self":[{"href":"https:\/\/roveyayinevi.com.tr\/index.php\/wp-json\/wp\/v2\/product\/737887","targetHints":{"allow":["GET"]}}],"collection":[{"href":"https:\/\/roveyayinevi.com.tr\/index.php\/wp-json\/wp\/v2\/product"}],"about":[{"href":"https:\/\/roveyayinevi.com.tr\/index.php\/wp-json\/wp\/v2\/types\/product"}],"wp:attachment":[{"href":"https:\/\/roveyayinevi.com.tr\/index.php\/wp-json\/wp\/v2\/media?parent=737887"}],"wp:term":[{"taxonomy":"product_brand","embeddable":true,"href":"https:\/\/roveyayinevi.com.tr\/index.php\/wp-json\/wp\/v2\/product_brand?post=737887"},{"taxonomy":"product_cat","embeddable":true,"href":"https:\/\/roveyayinevi.com.tr\/index.php\/wp-json\/wp\/v2\/product_cat?post=737887"},{"taxonomy":"product_tag","embeddable":true,"href":"https:\/\/roveyayinevi.com.tr\/index.php\/wp-json\/wp\/v2\/product_tag?post=737887"}],"curies":[{"name":"wp","href":"https:\/\/api.w.org\/{rel}","templated":true}]}}