{"id":737875,"date":"2025-08-27T23:37:57","date_gmt":"2025-08-27T20:37:57","guid":{"rendered":"https:\/\/roveyayinevi.com.tr\/index.php\/urun\/tutku-3\/"},"modified":"2026-04-16T02:47:42","modified_gmt":"2026-04-15T23:47:42","slug":"tutku-3","status":"publish","type":"product","link":"https:\/\/roveyayinevi.com.tr\/index.php\/urun\/tutku-3\/","title":{"rendered":"Tutku"},"content":{"rendered":"<p>Edebi c\u00fcmleler kurmak ne zor bir meziyet! Olanca i\u015fin ustas\u0131 varken kendime \u201c\u015fair\u201d gibi g\u00fc\u00e7l\u00fc bir etiketi yap\u0131\u015ft\u0131rmayaca\u011f\u0131m merak etmeyin, ben yine akademisyenlikte ilerleyece\u011fim s\u00f6z veriyorum. Benimki insani duygular\u0131, kelime da\u011farc\u0131\u011f\u0131m, biraz duygular\u0131m, biraz ya\u015fanm\u0131\u015fl\u0131klar\u0131m, biraz hayallerim ve yarat\u0131c\u0131l\u0131\u011f\u0131m e\u015fli\u011finde yaz\u0131ya d\u00f6kmekti sadece. Baz\u0131 \u015fiirlerimi okuyan \u00e7evremin beni y\u00fcreklendirmesi ve desteklemesi ile bu kitab\u0131 siz \u015fiir severlerle bulu\u015fturmak istedim. \u015eiir defterimde yazd\u0131\u011f\u0131m ve sadece birka\u00e7 ki\u015finin okumas\u0131 ile yetinmek istemedim belki de. \u015eairler i\u00e7in mutlaka ya\u015fanm\u0131\u015fl\u0131klar\u0131n kaleme d\u00f6k\u00fcld\u00fc\u011f\u00fcn\u00fc zannederiz ama bende \u00e7o\u011funlukla bir konu belirleyip o konuya dair temalar se\u00e7erek kalemle bulu\u015fturmu\u015fumdur s\u00f6zc\u00fckleri. Temaya gelince bu kadar hayat dolu ve ne\u015feli kimli\u011fimle tan\u0131n\u0131rken genelde yaln\u0131zl\u0131k, imk\u00e2ns\u0131z a\u015fklar, ac\u0131 ve h\u00fcz\u00fcn dolu sat\u0131rlar okuyacaks\u0131n\u0131z. Birka\u00e7 sosyal mesaj verdi\u011fim \u015fiirlerim de yok de\u011fil. Bu ilk belki de son \u015fiir kitab\u0131mda dilerim okurken g\u00fczel tatlar bulabilirsiniz \u015fiir ad\u0131na\u2026 <\/p>\n","protected":false},"excerpt":{"rendered":"<p>Edebi c\u00fcmleler kurmak ne zor bir meziyet! Olanca i\u015fin ustas\u0131 varken kendime \u201c\u015fair\u201d gibi g\u00fc\u00e7l\u00fc bir etiketi yap\u0131\u015ft\u0131rmayaca\u011f\u0131m merak etmeyin, ben yine akademisyenlikte ilerleyece\u011fim s\u00f6z veriyorum.<span class=\"excerpt-hellip\"> [\u2026]<\/span><\/p>\n","protected":false},"featured_media":0,"template":"","meta":{"_monsterinsights_skip_tracking":false,"_monsterinsights_sitenote_active":false,"_monsterinsights_sitenote_note":"","_monsterinsights_sitenote_category":0},"product_brand":[],"product_cat":[12291,12509],"product_tag":[],"class_list":{"0":"post-737875","1":"product","2":"type-product","3":"status-publish","5":"product_cat-edebiyat","6":"product_cat-siir","7":"pa_cilt-ciltsiz","8":"pa_tur-kitap","9":"pa_yayinevi-zet-yayinlari","10":"pa_yazar-sevtap-sarioglu-ugur","12":"first","13":"instock","14":"sale","15":"shipping-taxable","16":"purchasable","17":"product-type-simple"},"_links":{"self":[{"href":"https:\/\/roveyayinevi.com.tr\/index.php\/wp-json\/wp\/v2\/product\/737875","targetHints":{"allow":["GET"]}}],"collection":[{"href":"https:\/\/roveyayinevi.com.tr\/index.php\/wp-json\/wp\/v2\/product"}],"about":[{"href":"https:\/\/roveyayinevi.com.tr\/index.php\/wp-json\/wp\/v2\/types\/product"}],"wp:attachment":[{"href":"https:\/\/roveyayinevi.com.tr\/index.php\/wp-json\/wp\/v2\/media?parent=737875"}],"wp:term":[{"taxonomy":"product_brand","embeddable":true,"href":"https:\/\/roveyayinevi.com.tr\/index.php\/wp-json\/wp\/v2\/product_brand?post=737875"},{"taxonomy":"product_cat","embeddable":true,"href":"https:\/\/roveyayinevi.com.tr\/index.php\/wp-json\/wp\/v2\/product_cat?post=737875"},{"taxonomy":"product_tag","embeddable":true,"href":"https:\/\/roveyayinevi.com.tr\/index.php\/wp-json\/wp\/v2\/product_tag?post=737875"}],"curies":[{"name":"wp","href":"https:\/\/api.w.org\/{rel}","templated":true}]}}