{"id":737873,"date":"2025-08-27T23:37:55","date_gmt":"2025-08-27T20:37:55","guid":{"rendered":"https:\/\/roveyayinevi.com.tr\/index.php\/urun\/sozluk-arastirmalari\/"},"modified":"2026-04-16T02:47:42","modified_gmt":"2026-04-15T23:47:42","slug":"sozluk-arastirmalari","status":"publish","type":"product","link":"https:\/\/roveyayinevi.com.tr\/index.php\/urun\/sozluk-arastirmalari\/","title":{"rendered":"S\u00f6zl\u00fck Ara\u015ft\u0131rmalar\u0131"},"content":{"rendered":"<p>Merhaba. S\u00f6zl\u00fckler \u00fczerine haz\u0131rlanm\u0131\u015f bir kit\u00e2biyat yay\u0131n\u0131 olan S\u00f6zl\u00fck Ara\u015ft\u0131rmalar\u0131\u2019n\u0131n ilk cildi ile kar\u015f\u0131n\u0131zda olmaktan mutluyum. Elinizdeki \u00e7al\u0131\u015fmada genel olarak s\u00f6zl\u00fckler ve s\u00f6zl\u00fck\u00e7\u00fcl\u00fck ile ilgili tan\u0131t\u0131m, inceleme ve ele\u015ftiri yaz\u0131lar\u0131 yer almaktad\u0131r. Eserin ilk b\u00f6l\u00fcm\u00fc kitaplara ayr\u0131lm\u0131\u015ft\u0131r. \u0130kinci b\u00f6l\u00fcmde, makale tan\u0131t\u0131mlar\u0131na yer verilmi\u015ftir. \u00dc\u00e7\u00fcnc\u00fc b\u00f6l\u00fcmde s\u00f6zl\u00fck\u00e7e i\u00e7eren kitaplar bulunmaktad\u0131r. D\u00f6rd\u00fcnc\u00fc ve son b\u00f6l\u00fcm\u00fcn i\u00e7eri\u011fi ise biraz \u00e7e\u015fitli. Genel olarak tez, bibliyografya gibi \u00e7al\u0131\u015fmalar ile internet \u00fczerinden eri\u015filebilen yay\u0131nlar yer almakta.   Elbette buradaki yaz\u0131lar konuya giri\u015f niteli\u011findedir. Kitab\u0131 haz\u0131rlarken s\u00f6ylenebilecek her \u015feyi s\u00f6ylemek, geriye s\u00f6ylenecek hi\u00e7bir s\u00f6z b\u0131rakmamak gibi bir amac\u0131m olmad\u0131. Bu y\u00f6n\u00fcyle yap\u0131t, kimi okurlar\u0131 tatmin etmeyebilir ve yetersiz g\u00f6r\u00fclebilir.   \u0130\u00e7eri\u011fi haz\u0131rlarken, s\u00f6zl\u00fcklerin d\u00fcnyas\u0131na uzanan bir kap\u0131 aralamak ve insanlara s\u00f6zl\u00fck okuma al\u0131\u015fkanl\u0131\u011f\u0131 kazand\u0131rmak d\u00fc\u015f\u00fcncesi en b\u00fcy\u00fck motivasyonum oldu. Umar\u0131m bu ger\u00e7ekle\u015fir.   Gelecek ciltlerde de bulu\u015fabilmek dile\u011fiyle\u2026 <\/p>\n","protected":false},"excerpt":{"rendered":"<p>Merhaba. S\u00f6zl\u00fckler \u00fczerine haz\u0131rlanm\u0131\u015f bir kit\u00e2biyat yay\u0131n\u0131 olan S\u00f6zl\u00fck Ara\u015ft\u0131rmalar\u0131\u2019n\u0131n ilk cildi ile kar\u015f\u0131n\u0131zda olmaktan mutluyum. Elinizdeki \u00e7al\u0131\u015fmada genel olarak s\u00f6zl\u00fckler ve s\u00f6zl\u00fck\u00e7\u00fcl\u00fck ile ilgili tan\u0131t\u0131m,<span class=\"excerpt-hellip\"> [\u2026]<\/span><\/p>\n","protected":false},"featured_media":0,"template":"","meta":{"_monsterinsights_skip_tracking":false,"_monsterinsights_sitenote_active":false,"_monsterinsights_sitenote_note":"","_monsterinsights_sitenote_category":0},"product_brand":[],"product_cat":[14597,12566],"product_tag":[],"class_list":{"0":"post-737873","1":"product","2":"type-product","3":"status-publish","5":"product_cat-dil-ogrenimi","6":"product_cat-egitim","7":"pa_cilt-ciltsiz","8":"pa_tur-kitap","9":"pa_yayinevi-zet-yayinlari","10":"pa_yazar-selahattin-ilhan","12":"first","13":"instock","14":"sale","15":"shipping-taxable","16":"purchasable","17":"product-type-simple"},"_links":{"self":[{"href":"https:\/\/roveyayinevi.com.tr\/index.php\/wp-json\/wp\/v2\/product\/737873","targetHints":{"allow":["GET"]}}],"collection":[{"href":"https:\/\/roveyayinevi.com.tr\/index.php\/wp-json\/wp\/v2\/product"}],"about":[{"href":"https:\/\/roveyayinevi.com.tr\/index.php\/wp-json\/wp\/v2\/types\/product"}],"wp:attachment":[{"href":"https:\/\/roveyayinevi.com.tr\/index.php\/wp-json\/wp\/v2\/media?parent=737873"}],"wp:term":[{"taxonomy":"product_brand","embeddable":true,"href":"https:\/\/roveyayinevi.com.tr\/index.php\/wp-json\/wp\/v2\/product_brand?post=737873"},{"taxonomy":"product_cat","embeddable":true,"href":"https:\/\/roveyayinevi.com.tr\/index.php\/wp-json\/wp\/v2\/product_cat?post=737873"},{"taxonomy":"product_tag","embeddable":true,"href":"https:\/\/roveyayinevi.com.tr\/index.php\/wp-json\/wp\/v2\/product_tag?post=737873"}],"curies":[{"name":"wp","href":"https:\/\/api.w.org\/{rel}","templated":true}]}}