{"id":737851,"date":"2025-08-27T23:37:31","date_gmt":"2025-08-27T20:37:31","guid":{"rendered":"https:\/\/roveyayinevi.com.tr\/index.php\/urun\/huzura-acilan-kapi-uc-aylar\/"},"modified":"2026-04-16T02:47:41","modified_gmt":"2026-04-15T23:47:41","slug":"huzura-acilan-kapi-uc-aylar","status":"publish","type":"product","link":"https:\/\/roveyayinevi.com.tr\/index.php\/urun\/huzura-acilan-kapi-uc-aylar\/","title":{"rendered":"Huzura A\u00e7\u0131lan Kap\u0131 \u00dc\u00e7 Aylar"},"content":{"rendered":"<p>Bizlere say\u0131s\u0131z nimetler l\u00fctfeden Rabbimize sonsuz \u015f\u00fck\u00fcrler olsun. O\u2019nun \u015fan\u0131na O\u2019nun y\u00fcceli\u011fine ve O\u2019nun b\u00fcy\u00fckl\u00fc\u011f\u00fcne lay\u0131k Olan HAMD nas\u0131lsa i\u015fte o HAMD, O\u2019nun \u00fczerine olsun. Peygamber Efendimiz Hz. Muhammed Mustafa Sall\u00e2ll\u00e2hu Aleyhi ve Sellem e lay\u0131k oldu\u011fu miktar adedince sal\u00e2t-\u00fc sel\u00e2m olsun. B\u00fct\u00fcn Peygamberlerimize Rabbimizin selam\u0131 olsun. Sahabe-i kiram, ba\u015fta Hz. Ebubekir, Hz. \u00d6mer, Hz. Osman ve Hz. Ali Efendilerimiz olmak \u00fczere, Rabbimizin b\u00fct\u00fcn dostlar\u0131n\u0131n Makamlar\u0131 \u00e2li olsun. B\u00fct\u00fcn \u015fehit mertebesine eri\u015fen \u015eehitlerimizin ruhlar\u0131 \u015fad olsun.   \u0130nsano\u011flu olarak bizler, hayat\u0131m\u0131z boyunca \u00e7e\u015fitli f\u0131rsatlar ile kar\u015f\u0131 kar\u015f\u0131ya geliriz. S\u0131rlar\u0131n\u0131 bilemedi\u011fimiz yollar ve kap\u0131lar, yeri gelir ard\u0131na kadar bizim i\u00e7in a\u00e7\u0131l\u0131r. \u0130\u015fte elinizdeki eserde, bu f\u0131rsatlar\u0131n manevi a\u00e7\u0131dan belki de en m\u00fckemmeli olan, \u00fc\u00e7 aylar diye adland\u0131rd\u0131\u011f\u0131m\u0131z, RECEB, \u015eABAN ve RAMAZAN-I \u015eER\u0130F aylar\u0131ndan bir tutam bahsetmeye \u00e7al\u0131\u015ft\u0131k.   HUZURA A\u00c7ILAN KAPI olarak isimlendirdi\u011fimiz bu eserde, \u00fc\u00e7 aylar\u0131n \u00f6nemi, nas\u0131l kar\u015f\u0131lamal\u0131, nas\u0131l ya\u015famal\u0131 ve hangi ibadetleri yapmal\u0131y\u0131z gibi bir\u00e7ok konuda bilgiyi bulacaks\u0131n\u0131z. Tabiri caizse, art\u0131k \u00fc\u00e7 aylar geldi\u011finde, haz\u0131rl\u0131ks\u0131z yakalanmam\u0131\u015f olacaks\u0131n\u0131z.!   Bu eserin, \u00dcmmeti Muhammed (a.s.m.) i\u00e7in istifade edilmesini, hay\u0131r ve bereketler getirmesini ve k\u0131yamete kadar muhafazas\u0131n\u0131 her \u015feyi g\u00f6ren ve bilen Rabbimden niyaz ederim (AM\u0130N) <\/p>\n","protected":false},"excerpt":{"rendered":"<p>Bizlere say\u0131s\u0131z nimetler l\u00fctfeden Rabbimize sonsuz \u015f\u00fck\u00fcrler olsun. O\u2019nun \u015fan\u0131na O\u2019nun y\u00fcceli\u011fine ve O\u2019nun b\u00fcy\u00fckl\u00fc\u011f\u00fcne lay\u0131k Olan HAMD nas\u0131lsa i\u015fte o HAMD, O\u2019nun \u00fczerine olsun. Peygamber<span class=\"excerpt-hellip\"> [\u2026]<\/span><\/p>\n","protected":false},"featured_media":0,"template":"","meta":{"_monsterinsights_skip_tracking":false,"_monsterinsights_sitenote_active":false,"_monsterinsights_sitenote_note":"","_monsterinsights_sitenote_category":0},"product_brand":[],"product_cat":[12718,12719],"product_tag":[],"class_list":{"0":"post-737851","1":"product","2":"type-product","3":"status-publish","5":"product_cat-din","6":"product_cat-islam","7":"pa_cilt-ciltsiz","8":"pa_tur-kitap","9":"pa_yayinevi-zet-yayinlari","10":"pa_yazar-safa-mucahit","12":"first","13":"instock","14":"sale","15":"shipping-taxable","16":"purchasable","17":"product-type-simple"},"_links":{"self":[{"href":"https:\/\/roveyayinevi.com.tr\/index.php\/wp-json\/wp\/v2\/product\/737851","targetHints":{"allow":["GET"]}}],"collection":[{"href":"https:\/\/roveyayinevi.com.tr\/index.php\/wp-json\/wp\/v2\/product"}],"about":[{"href":"https:\/\/roveyayinevi.com.tr\/index.php\/wp-json\/wp\/v2\/types\/product"}],"wp:attachment":[{"href":"https:\/\/roveyayinevi.com.tr\/index.php\/wp-json\/wp\/v2\/media?parent=737851"}],"wp:term":[{"taxonomy":"product_brand","embeddable":true,"href":"https:\/\/roveyayinevi.com.tr\/index.php\/wp-json\/wp\/v2\/product_brand?post=737851"},{"taxonomy":"product_cat","embeddable":true,"href":"https:\/\/roveyayinevi.com.tr\/index.php\/wp-json\/wp\/v2\/product_cat?post=737851"},{"taxonomy":"product_tag","embeddable":true,"href":"https:\/\/roveyayinevi.com.tr\/index.php\/wp-json\/wp\/v2\/product_tag?post=737851"}],"curies":[{"name":"wp","href":"https:\/\/api.w.org\/{rel}","templated":true}]}}