{"id":737850,"date":"2025-08-27T23:37:30","date_gmt":"2025-08-27T20:37:30","guid":{"rendered":"https:\/\/roveyayinevi.com.tr\/index.php\/urun\/hayal-bahcesi\/"},"modified":"2026-04-16T02:47:41","modified_gmt":"2026-04-15T23:47:41","slug":"hayal-bahcesi","status":"publish","type":"product","link":"https:\/\/roveyayinevi.com.tr\/index.php\/urun\/hayal-bahcesi\/","title":{"rendered":"Hayal Bah\u00e7esi"},"content":{"rendered":"<p>\u00d6zg\u00fcrl\u00fc\u011f\u00fcn Melodisi   Kar gibi beyaz t\u00fcyleriyle   K\u0131\u015f mevsiminin zalim so\u011fuklu\u011funu and\u0131ran   Orman\u0131n derinliklerinde kaybolmu\u015f   \u00dczerine oklar saplanm\u0131\u015f bir bayku\u015fum     Ate\u015f b\u00f6cekleri geceyi ayd\u0131nlat\u0131rken   Ben de zihnimi melodilerle ayd\u0131nlat\u0131yorum   Piyanonun tu\u015flar\u0131n\u0131n aras\u0131ndan   Ruhum g\u00fcne\u015fe do\u011fru s\u00fcz\u00fcl\u00fcyor adeta \u00d6zg\u00fcrl\u00fc\u011f\u00fcn meyvelerini yerken   Bir yandan da ebedi cezas\u0131n\u0131 \u00e7ekiyorum   Kanatlar\u0131m cehalet oklar\u0131yla par\u00e7alansa da   Besteler e\u015fli\u011finde g\u00f6ky\u00fcz\u00fcnde u\u00e7uyorum <\/p>\n","protected":false},"excerpt":{"rendered":"<p>\u00d6zg\u00fcrl\u00fc\u011f\u00fcn Melodisi Kar gibi beyaz t\u00fcyleriyle K\u0131\u015f mevsiminin zalim so\u011fuklu\u011funu and\u0131ran Orman\u0131n derinliklerinde kaybolmu\u015f \u00dczerine oklar saplanm\u0131\u015f bir bayku\u015fum Ate\u015f b\u00f6cekleri geceyi ayd\u0131nlat\u0131rken Ben de zihnimi<span class=\"excerpt-hellip\"> [\u2026]<\/span><\/p>\n","protected":false},"featured_media":0,"template":"","meta":{"_monsterinsights_skip_tracking":false,"_monsterinsights_sitenote_active":false,"_monsterinsights_sitenote_note":"","_monsterinsights_sitenote_category":0},"product_brand":[],"product_cat":[12291,12509],"product_tag":[],"class_list":{"0":"post-737850","1":"product","2":"type-product","3":"status-publish","5":"product_cat-edebiyat","6":"product_cat-siir","7":"pa_cilt-ciltsiz","8":"pa_tur-kitap","9":"pa_yayinevi-zet-yayinlari","10":"pa_yazar-nilay-kuyucu","12":"first","13":"instock","14":"sale","15":"shipping-taxable","16":"purchasable","17":"product-type-simple"},"_links":{"self":[{"href":"https:\/\/roveyayinevi.com.tr\/index.php\/wp-json\/wp\/v2\/product\/737850","targetHints":{"allow":["GET"]}}],"collection":[{"href":"https:\/\/roveyayinevi.com.tr\/index.php\/wp-json\/wp\/v2\/product"}],"about":[{"href":"https:\/\/roveyayinevi.com.tr\/index.php\/wp-json\/wp\/v2\/types\/product"}],"wp:attachment":[{"href":"https:\/\/roveyayinevi.com.tr\/index.php\/wp-json\/wp\/v2\/media?parent=737850"}],"wp:term":[{"taxonomy":"product_brand","embeddable":true,"href":"https:\/\/roveyayinevi.com.tr\/index.php\/wp-json\/wp\/v2\/product_brand?post=737850"},{"taxonomy":"product_cat","embeddable":true,"href":"https:\/\/roveyayinevi.com.tr\/index.php\/wp-json\/wp\/v2\/product_cat?post=737850"},{"taxonomy":"product_tag","embeddable":true,"href":"https:\/\/roveyayinevi.com.tr\/index.php\/wp-json\/wp\/v2\/product_tag?post=737850"}],"curies":[{"name":"wp","href":"https:\/\/api.w.org\/{rel}","templated":true}]}}