{"id":737808,"date":"2025-08-27T23:36:15","date_gmt":"2025-08-27T20:36:15","guid":{"rendered":"https:\/\/roveyayinevi.com.tr\/index.php\/urun\/yeni-turkcenin-kapilari-2\/"},"modified":"2026-04-16T02:47:39","modified_gmt":"2026-04-15T23:47:39","slug":"yeni-turkcenin-kapilari-2","status":"publish","type":"product","link":"https:\/\/roveyayinevi.com.tr\/index.php\/urun\/yeni-turkcenin-kapilari-2\/","title":{"rendered":"Yeni T\u00fcrk\u00e7enin Kap\u0131lar\u0131-2"},"content":{"rendered":"<p>Yabanc\u0131lara T\u00fcrk\u00e7e \u00f6\u011freten \u201cYeni T\u00fcrk\u00e7enin Kap\u0131lar\u0131 2\u201d \u00fc\u00e7 kitapl\u0131k dizinin ikinci kitab\u0131d\u0131r. Her biri 5 ders i\u00e7eren 10 dosyadan olu\u015fmaktad\u0131r. Her bir dosyan\u0131n sonunda dosya hedeflerine y\u00f6nelik de\u011ferlendirme sayfas\u0131 yer almaktad\u0131r. Ana hatlar\u0131yla Avrupa Diller \u0130\u00e7in Ortak Ba\u015fvuru \u00c7er\u00e7eve Belgesi d\u00fczeylerine g\u00f6re A2\u2019ye kar\u015f\u0131l\u0131k gelmektedir. Kitab\u0131n yaz\u0131m\u0131 s\u0131ras\u0131nda belgenin kazan\u0131mlar\u0131 g\u00f6z \u00f6n\u00fcnde bulundurulmu\u015f olmakla birlikte, tek dayanak olarak bu belge al\u0131nmam\u0131\u015f, uzun bir zamana yay\u0131lan meslek\u00ee deneyim de g\u00f6z \u00f6n\u00fcnde bulundurulmu\u015ftur. Ayr\u0131 iki kitap olmamas\u0131 ve ta\u015f\u0131ma kolayl\u0131\u011f\u0131 sa\u011flamas\u0131 a\u00e7\u0131s\u0131ndan kitab\u0131n arkas\u0131nda ve ters y\u00fcz\u00fcnde Yeni T\u00fcrk\u00e7enin Kap\u0131lar\u0131 2 Anahtar Al\u0131\u015ft\u0131rma Kitab\u0131 yer almaktad\u0131r. Yan\u0131t Anahtarlar\u0131 numaraland\u0131r\u0131lm\u0131\u015f olarak kitapta bulunmaktad\u0131r. Kitab\u0131n tasar\u0131m\u0131 1\u2019inci kitapla ayn\u0131d\u0131r. \u0130kiz sayfa yakla\u015f\u0131m\u0131 do\u011frultusunda sol sayfada sunu\u015f, sa\u011f sayfada uygulama etkinlikleri sunulmu\u015ftur. Dinleme, okuma, yazma ve konu\u015fma etkinlikleri dosyalar\u0131n ba\u015f\u0131ndan sonuna kadar b\u00fct\u00fcnle\u015fik olarak yer almaktad\u0131r. Dosyalarda tek bir temaya veya belli kahramanlar\u0131n eylemlerine ba\u011fl\u0131 kal\u0131nmam\u0131\u015f, s\u0131n\u0131flardaki \u00f6\u011frenci \u00e7e\u015fitlili\u011fine ko\u015fut bir konusal \u00e7e\u015fitlilik benimsenmi\u015ftir.  Her dosyan\u0131n ba\u015f\u0131nda \u00f6ncelikli olarak S\u00f6z Edimleri, Dilbilgisi, S\u00f6zvarl\u0131\u011f\u0131, S\u00f6ylem T\u00fcrleri ve Dilsel G\u00f6revi hedef olarak ortaya koyan sayfa yer almaktad\u0131r. S\u00f6z Edimlerinin ba\u015fta yer almas\u0131 kitapta benimsenen yakla\u015f\u0131m\u0131n ana hedefinin \u00f6\u011frencinin ileti\u015fim gereksinimlerini kar\u015f\u0131layacak bir ara\u00e7 sunma kayg\u0131s\u0131ndan ileri gelmektedir. Dile ili\u015fkin ansiklopedik ve dura\u011fan bilgiyi gerektiren di\u011fer bile\u015fenler (dilbilgisi ve s\u00f6zvarl\u0131\u011f\u0131) bu kayg\u0131n\u0131n bir gere\u011fi olarak daha sonra sunulmaktad\u0131r. Yap\u0131sal al\u0131\u015ft\u0131rmalar da i\u00e7inde olmak \u00fczere m\u00fcmk\u00fcn oldu\u011funca iki\u015ferli veya \u00fc\u00e7erli gruplar halinde konu\u015fularak yap\u0131lacak bi\u00e7imde tasarlanmaya \u00e7al\u0131\u015f\u0131lm\u0131\u015ft\u0131r. \u00d6\u011fretmenin bu bilin\u00e7le hareket etmesi durumunda, genellikle s\u0131k\u0131c\u0131 olarak de\u011ferlendirilen yap\u0131sal al\u0131\u015ft\u0131rmalar\u0131n bile e\u011flenceli ve etkile\u015fimli olarak yap\u0131labildi\u011fi deneyimle sabittir. Kitapta yer alan konu\u015fmalar\u0131n, metinlerin ve di\u011fer dilsel \u00fcr\u00fcnlerin \u00f6zg\u00fcn dili yans\u0131tmas\u0131na olabildi\u011finde \u00f6zen g\u00f6sterilmi\u015ftir. Dinleme metinleri kitab\u0131n i\u00e7inde sunulmu\u015ftur. Dolay\u0131s\u0131yla \u00f6\u011fretmenin isterse \u00f6\u011frencilerin metni g\u00f6rmesine izin vererek veya metni kapatarak \u00e7al\u0131\u015fmas\u0131na olanak tan\u0131nm\u0131\u015ft\u0131r. Yeni T\u00fcrk\u00e7enin Kap\u0131lar\u0131 2\u2019nin seslendirmeleri profesyonel bir ortamda ve ki\u015filerce yap\u0131lm\u0131\u015ft\u0131r. Seslendirmelerde \u00f6\u011frencilerin d\u00fczeyi g\u00f6z \u00f6n\u00fcnde bulundurulmu\u015f do\u011fal konu\u015fma h\u0131z\u0131n\u0131n yan\u0131 s\u0131ra yava\u015flat\u0131lm\u0131\u015f h\u0131zda da dinleme olana\u011f\u0131 sunulmu\u015ftur.<\/p>\n","protected":false},"excerpt":{"rendered":"<p>Yabanc\u0131lara T\u00fcrk\u00e7e \u00f6\u011freten \u201cYeni T\u00fcrk\u00e7enin Kap\u0131lar\u0131 2\u201d \u00fc\u00e7 kitapl\u0131k dizinin ikinci kitab\u0131d\u0131r. Her biri 5 ders i\u00e7eren 10 dosyadan olu\u015fmaktad\u0131r. Her bir dosyan\u0131n sonunda dosya hedeflerine<span class=\"excerpt-hellip\"> [\u2026]<\/span><\/p>\n","protected":false},"featured_media":0,"template":"","meta":{"_monsterinsights_skip_tracking":false,"_monsterinsights_sitenote_active":false,"_monsterinsights_sitenote_note":"","_monsterinsights_sitenote_category":0},"product_brand":[],"product_cat":[14597,12566,32356],"product_tag":[],"class_list":{"0":"post-737808","1":"product","2":"type-product","3":"status-publish","5":"product_cat-dil-ogrenimi","6":"product_cat-egitim","7":"product_cat-turkce","8":"pa_cilt-ciltsiz","9":"pa_tur-kitap","10":"pa_yayinevi-delta-kultur-yayinevi","11":"pa_yazar-yusuf-polat","13":"first","14":"instock","15":"sale","16":"shipping-taxable","17":"purchasable","18":"product-type-simple"},"_links":{"self":[{"href":"https:\/\/roveyayinevi.com.tr\/index.php\/wp-json\/wp\/v2\/product\/737808","targetHints":{"allow":["GET"]}}],"collection":[{"href":"https:\/\/roveyayinevi.com.tr\/index.php\/wp-json\/wp\/v2\/product"}],"about":[{"href":"https:\/\/roveyayinevi.com.tr\/index.php\/wp-json\/wp\/v2\/types\/product"}],"wp:attachment":[{"href":"https:\/\/roveyayinevi.com.tr\/index.php\/wp-json\/wp\/v2\/media?parent=737808"}],"wp:term":[{"taxonomy":"product_brand","embeddable":true,"href":"https:\/\/roveyayinevi.com.tr\/index.php\/wp-json\/wp\/v2\/product_brand?post=737808"},{"taxonomy":"product_cat","embeddable":true,"href":"https:\/\/roveyayinevi.com.tr\/index.php\/wp-json\/wp\/v2\/product_cat?post=737808"},{"taxonomy":"product_tag","embeddable":true,"href":"https:\/\/roveyayinevi.com.tr\/index.php\/wp-json\/wp\/v2\/product_tag?post=737808"}],"curies":[{"name":"wp","href":"https:\/\/api.w.org\/{rel}","templated":true}]}}