{"id":737807,"date":"2025-08-27T23:36:14","date_gmt":"2025-08-27T20:36:14","guid":{"rendered":"https:\/\/roveyayinevi.com.tr\/index.php\/urun\/yeni-turkcenin-kapilari-3\/"},"modified":"2026-04-16T02:47:39","modified_gmt":"2026-04-15T23:47:39","slug":"yeni-turkcenin-kapilari-3","status":"publish","type":"product","link":"https:\/\/roveyayinevi.com.tr\/index.php\/urun\/yeni-turkcenin-kapilari-3\/","title":{"rendered":"Yeni T\u00fcrk\u00e7enin Kap\u0131lar\u0131-3"},"content":{"rendered":"<p>Yabanc\u0131lara T\u00fcrk\u00e7e \u00f6\u011freten \u201cYeni T\u00fcrk\u00e7enin Kap\u0131lar\u0131 3\u201d T\u00fcrk\u00e7enin Kap\u0131lar\u0131 kitap dizisinin B1, k\u0131smen de B2 d\u00fczeyine denk gelen \u00fc\u00e7\u00fcnc\u00fc kitab\u0131d\u0131r. Dizi boyunca her bir kitab\u0131n bir \u00f6nceki ve bir sonraki d\u00fczeylere ili\u015fkin konular da i\u00e7eriyor olmas\u0131 d\u00fczey kavram\u0131n\u0131n kesin \u00e7izgilerle ayr\u0131lamayacak bir kavram olmas\u0131ndan ileri gelmektedir. Dolay\u0131s\u0131yla elinizdeki kitap bu y\u00f6n\u00fcyle k\u0131smen B2\u2019ye de ba\u015flang\u0131\u00e7 yap\u0131lmas\u0131n\u0131 sa\u011flayacak i\u00e7erikler sunmaktad\u0131r. Dizinin di\u011fer kitaplar\u0131 gibi dosya d\u00fczenine g\u00f6re tasarlanm\u0131\u015ft\u0131r. Toplam 15 dosya i\u00e7ermektedir. Ayr\u0131 iki kitap olmamas\u0131 ve ta\u015f\u0131ma kolayl\u0131\u011f\u0131 sa\u011flamas\u0131 a\u00e7\u0131s\u0131ndan kitab\u0131n arkas\u0131nda ve ters y\u00fcz\u00fcnde Yeni T\u00fcrk\u00e7enin Kap\u0131lar\u0131 3 Anahtar Al\u0131\u015ft\u0131rma Kitab\u0131 yer almaktad\u0131r. Yan\u0131t Anahtarlar\u0131 numaraland\u0131r\u0131lm\u0131\u015f olarak kitapta bulunmaktad\u0131r. Her bir dosya A\u00e7\u0131l susam a\u00e7\u0131l! adl\u0131 sunu\u015f b\u00f6l\u00fcm\u00fc ile ba\u015flamaktad\u0131r. \u0130kiz sayfa tasar\u0131m\u0131ndaki b\u00f6l\u00fcm\u00fcn solunda sunu\u015f metni veya konu\u015fmas\u0131, sa\u011f taraf\u0131nda etkinlikler yer almaktad\u0131r. Dinleme, okuma, bo\u015fluk tamamlama ve soru yan\u0131t gibi etkinliklerin ana amac\u0131 dosya hedefine giri\u015f yap\u0131lmas\u0131n\u0131 sa\u011flamakt\u0131r. Bu b\u00f6l\u00fcm\u00fcn hemen ard\u0131ndan hedef dilbilgisi konusunun tablo \u015feklinde sunuldu\u011fu b\u00f6l\u00fcm gelmektedir. Ayn\u0131 b\u00f6l\u00fcmde de genellikle sol sayfa sunu\u015fa ayr\u0131lm\u0131\u015f olup sa\u011f sayfada sunu\u015ftaki s\u0131raya ko\u015fut etkinliklere yer verilmektedir. Hu hu! Kimse yok mu? ba\u015fl\u0131kl\u0131 b\u00f6l\u00fcm hedef dilbilgisi yap\u0131s\u0131n\u0131n dilsel ileti\u015fim i\u00e7in nas\u0131l kullan\u0131ld\u0131\u011f\u0131n\u0131 g\u00f6steren bir konu\u015fman\u0131n dinlendi\u011fi ve \u00fczerinde \u00e7al\u0131\u015f\u0131ld\u0131\u011f\u0131 etkinlikler i\u00e7ermektedir. Bu b\u00f6l\u00fcm\u00fc okuma, yazma ve de\u011ferlendirme etkinliklerine yer verilen b\u00f6l\u00fcmler izlemekte ve dosya sona ermektedir. G\u00fcn\u00fcm\u00fcz yabanc\u0131 dil \u00f6\u011frenim yakla\u015f\u0131mlar\u0131 \u00f6\u011frenenin etkin bir eyleyen (akt\u00f6r), dilin de \u00f6\u011frenilecek bir konu de\u011fil, ileti\u015fim kurmak i\u00e7in gereksinim duyulan bir ara\u00e7 oldu\u011fu d\u00fc\u015f\u00fcncesine dayanmaktad\u0131r. Bu d\u00fc\u015f\u00fcncenin uygulamaya yans\u0131t\u0131lmas\u0131 i\u00e7in geli\u015ftirilen en \u00f6nemli kavram \u201cs\u00f6z edimi\u201d kavram\u0131 olup T\u00fcrk\u00e7enin Kap\u0131lar\u0131 dizisi ba\u015flang\u0131c\u0131ndan beri bu kavrama dayal\u0131 olarak tasarlanm\u0131\u015ft\u0131r. Her dosya m\u00fcmk\u00fcn oldu\u011funca belli s\u00f6z edimlerinin ger\u00e7ekle\u015ftirilmesine y\u00f6nelik etkinlikler i\u00e7ermektedir. Fakat T\u00fcrk\u00e7enin Kap\u0131lar\u0131 dizisinde dilbilgisi kesinlikle g\u00f6z ard\u0131 edilmemi\u015f, aksine olabildi\u011fince ayr\u0131nt\u0131l\u0131 bi\u00e7imde ele al\u0131nmaya ve \u00f6\u011frenilmesi i\u00e7in gerekti\u011fi kadar al\u0131\u015ft\u0131rma sunulmaya \u00e7al\u0131\u015f\u0131lm\u0131\u015ft\u0131r. \u00d6\u011fretmenler elbette ihtiya\u00e7lar\u0131 do\u011frultusunda bu al\u0131\u015ft\u0131rmalar\u0131 azaltabilecek veya art\u0131rabileceklerdir. Yeni T\u00fcrk\u00e7enin Kap\u0131lar\u0131 3\u2019nin seslendirmeleri profesyonel bir ortamda ve ki\u015filerce yap\u0131lm\u0131\u015ft\u0131r. Seslendirmelerde \u00f6\u011frencilerin d\u00fczeyi g\u00f6z \u00f6n\u00fcnde bulundurulmu\u015f do\u011fal konu\u015fma h\u0131z\u0131n\u0131n yan\u0131 s\u0131ra yava\u015flat\u0131lm\u0131\u015f h\u0131zda da dinleme olana\u011f\u0131 sunulmu\u015ftur.<\/p>\n","protected":false},"excerpt":{"rendered":"<p>Yabanc\u0131lara T\u00fcrk\u00e7e \u00f6\u011freten \u201cYeni T\u00fcrk\u00e7enin Kap\u0131lar\u0131 3\u201d T\u00fcrk\u00e7enin Kap\u0131lar\u0131 kitap dizisinin B1, k\u0131smen de B2 d\u00fczeyine denk gelen \u00fc\u00e7\u00fcnc\u00fc kitab\u0131d\u0131r. Dizi boyunca her bir kitab\u0131n bir<span class=\"excerpt-hellip\"> [\u2026]<\/span><\/p>\n","protected":false},"featured_media":0,"template":"","meta":{"_monsterinsights_skip_tracking":false,"_monsterinsights_sitenote_active":false,"_monsterinsights_sitenote_note":"","_monsterinsights_sitenote_category":0},"product_brand":[],"product_cat":[14597,12566,32356],"product_tag":[],"class_list":{"0":"post-737807","1":"product","2":"type-product","3":"status-publish","5":"product_cat-dil-ogrenimi","6":"product_cat-egitim","7":"product_cat-turkce","8":"pa_cilt-ciltsiz","9":"pa_tur-kitap","10":"pa_yayinevi-delta-kultur-yayinevi","11":"pa_yazar-yusuf-polat","13":"first","14":"instock","15":"sale","16":"shipping-taxable","17":"purchasable","18":"product-type-simple"},"_links":{"self":[{"href":"https:\/\/roveyayinevi.com.tr\/index.php\/wp-json\/wp\/v2\/product\/737807","targetHints":{"allow":["GET"]}}],"collection":[{"href":"https:\/\/roveyayinevi.com.tr\/index.php\/wp-json\/wp\/v2\/product"}],"about":[{"href":"https:\/\/roveyayinevi.com.tr\/index.php\/wp-json\/wp\/v2\/types\/product"}],"wp:attachment":[{"href":"https:\/\/roveyayinevi.com.tr\/index.php\/wp-json\/wp\/v2\/media?parent=737807"}],"wp:term":[{"taxonomy":"product_brand","embeddable":true,"href":"https:\/\/roveyayinevi.com.tr\/index.php\/wp-json\/wp\/v2\/product_brand?post=737807"},{"taxonomy":"product_cat","embeddable":true,"href":"https:\/\/roveyayinevi.com.tr\/index.php\/wp-json\/wp\/v2\/product_cat?post=737807"},{"taxonomy":"product_tag","embeddable":true,"href":"https:\/\/roveyayinevi.com.tr\/index.php\/wp-json\/wp\/v2\/product_tag?post=737807"}],"curies":[{"name":"wp","href":"https:\/\/api.w.org\/{rel}","templated":true}]}}