{"id":737778,"date":"2025-08-27T23:35:40","date_gmt":"2025-08-27T20:35:40","guid":{"rendered":"https:\/\/roveyayinevi.com.tr\/index.php\/urun\/nasil-mutlu-olursunuz\/"},"modified":"2026-04-13T02:55:35","modified_gmt":"2026-04-12T23:55:35","slug":"nasil-mutlu-olursunuz","status":"publish","type":"product","link":"https:\/\/roveyayinevi.com.tr\/index.php\/urun\/nasil-mutlu-olursunuz\/","title":{"rendered":"Nas\u0131l Mutlu Olursunuz?"},"content":{"rendered":"<p>Rahats\u0131zl\u0131k veren d\u00fc\u015f\u00fcncelerinizi sa\u011fl\u0131kl\u0131 olanlarla de\u011fi\u015ftirmek; S\u0131k\u0131nt\u0131l\u0131 durumlarla kar\u015f\u0131la\u015ft\u0131\u011f\u0131n\u0131zda daha az rahats\u0131z hissetmek; Anksiyete, depresyon, \u00f6fke, kendinizden nefret etme veya kendinize ac\u0131ma duygular\u0131n\u0131z\u0131n \u00fcstesinden gelmek ister misiniz?   Nas\u0131l Mutlu Olursunuz? size bunlar\u0131 nas\u0131l yapaca\u011f\u0131n\u0131z\u0131 g\u00f6sterecek! Bu okuyucu-dostu rehber zaman\u0131m\u0131z\u0131n en \u00e7ok sayg\u0131 duyulan psikologlar\u0131ndan birinden, daha mutlu, daha az sorunlu bir hayat elde etmek i\u00e7in basit, anla\u015f\u0131l\u0131r y\u00f6ntemler ve pratik bir ak\u0131l sunuyor. Dr. Ellis ger\u00e7ek hayatta kar\u015f\u0131la\u015fabilece\u011finiz bir\u00e7ok \u00f6rnek ve ki\u015fisel geli\u015fim ad\u0131mlar\u0131n\u0131n detayl\u0131 bir tasvirini, e\u011flenceli ve ayd\u0131nlat\u0131c\u0131 bulaca\u011f\u0131n\u0131z zekice ve sarih bir dille veriyor.   Hadi durmay\u0131n, kendiniz mutlu edin!   \u201c&#8230;okur-dostu rehber ger\u00e7ek hayat vakalar\u0131ndan basit y\u00f6ntemler ve pratik bir ak\u0131l sunuyor.\u201d \u2014Book Browsing \u201cDr. Albert Ellis okuyucular\u0131n, ya\u015fad\u0131klar\u0131 zorluklar\u0131n temelinde ne oldu\u011fu ve onlar\u0131 nas\u0131l a\u015facaklar\u0131 hakk\u0131nda d\u00fc\u015f\u00fcnd\u00fcklerini vb. anla\u015f\u0131labilir bir dil kullanarak a\u00e7\u0131kl\u0131yor.\u201d \u2014Today\u2019s Librarian<\/p>\n","protected":false},"excerpt":{"rendered":"<p>Rahats\u0131zl\u0131k veren d\u00fc\u015f\u00fcncelerinizi sa\u011fl\u0131kl\u0131 olanlarla de\u011fi\u015ftirmek; S\u0131k\u0131nt\u0131l\u0131 durumlarla kar\u015f\u0131la\u015ft\u0131\u011f\u0131n\u0131zda daha az rahats\u0131z hissetmek; Anksiyete, depresyon, \u00f6fke, kendinizden nefret etme veya kendinize ac\u0131ma duygular\u0131n\u0131z\u0131n \u00fcstesinden gelmek ister<span class=\"excerpt-hellip\"> [\u2026]<\/span><\/p>\n","protected":false},"featured_media":0,"template":"","meta":{"_monsterinsights_skip_tracking":false,"_monsterinsights_sitenote_active":false,"_monsterinsights_sitenote_note":"","_monsterinsights_sitenote_category":0},"product_brand":[],"product_cat":[12364,12376],"product_tag":[],"class_list":{"0":"post-737778","1":"product","2":"type-product","3":"status-publish","5":"product_cat-genel-konular","6":"product_cat-kisisel-gelisim","7":"pa_cilt-ciltsiz","8":"pa_tur-kitap","9":"pa_yayinevi-eksi-kitaplar","10":"pa_yazar-albert-ellis","12":"first","13":"instock","14":"sale","15":"shipping-taxable","16":"purchasable","17":"product-type-simple"},"_links":{"self":[{"href":"https:\/\/roveyayinevi.com.tr\/index.php\/wp-json\/wp\/v2\/product\/737778","targetHints":{"allow":["GET"]}}],"collection":[{"href":"https:\/\/roveyayinevi.com.tr\/index.php\/wp-json\/wp\/v2\/product"}],"about":[{"href":"https:\/\/roveyayinevi.com.tr\/index.php\/wp-json\/wp\/v2\/types\/product"}],"wp:attachment":[{"href":"https:\/\/roveyayinevi.com.tr\/index.php\/wp-json\/wp\/v2\/media?parent=737778"}],"wp:term":[{"taxonomy":"product_brand","embeddable":true,"href":"https:\/\/roveyayinevi.com.tr\/index.php\/wp-json\/wp\/v2\/product_brand?post=737778"},{"taxonomy":"product_cat","embeddable":true,"href":"https:\/\/roveyayinevi.com.tr\/index.php\/wp-json\/wp\/v2\/product_cat?post=737778"},{"taxonomy":"product_tag","embeddable":true,"href":"https:\/\/roveyayinevi.com.tr\/index.php\/wp-json\/wp\/v2\/product_tag?post=737778"}],"curies":[{"name":"wp","href":"https:\/\/api.w.org\/{rel}","templated":true}]}}