{"id":737766,"date":"2025-08-27T23:35:26","date_gmt":"2025-08-27T20:35:26","guid":{"rendered":"https:\/\/roveyayinevi.com.tr\/index.php\/urun\/bitkilerin-ruhu\/"},"modified":"2026-04-11T02:56:03","modified_gmt":"2026-04-10T23:56:03","slug":"bitkilerin-ruhu","status":"publish","type":"product","link":"https:\/\/roveyayinevi.com.tr\/index.php\/urun\/bitkilerin-ruhu\/","title":{"rendered":"Bitkilerin Ruhu"},"content":{"rendered":"<p>D\u00fcnyan\u0131n evimiz oldu\u011funu unuttuk.   Robin Wall Kimmerer, Potawatomi halk\u0131n\u0131n bir \u00fcyesi ve bir botanik\u00e7i olarak do\u011fayla birden fazla dilde konu\u015fabilen bir ara\u015ft\u0131rmac\u0131: Bir yandan \u00e7ocuklu\u011fundan itibaren bitki ve hayvanlarla kurdu\u011fu ili\u015fki ona do\u011fan\u0131n en eski \u00f6\u011fretmenimiz oldu\u011funu g\u00f6stermi\u015f, \u00f6b\u00fcr yandan ise botanik e\u011fitimi ona b\u00fct\u00fcn\u00fcn par\u00e7alar\u0131n\u0131 g\u00f6rmeyi \u00f6\u011fretmi\u015f. Halk\u0131n\u0131n \u00f6\u011fretilerini ve bilimin sesini kendinde birle\u015ftiren Kimmerer, Bitkilerin Ruhu\u2019nda bu iki farkl\u0131 bilgi merce\u011finden bakarak edindi\u011fi tecr\u00fcbeleri bir araya getiriyor ve canl\u0131lar\u0131n d\u00fcnyas\u0131yla kurdu\u011fumuz ili\u015fkinin kar\u015f\u0131l\u0131kl\u0131 olmas\u0131 gerekti\u011fini hat\u0131rlat\u0131yor. \u00c7\u00fcnk\u00fc ancak di\u011fer canl\u0131lar\u0131n dillerini anlayabildi\u011fimiz zaman d\u00fcnyan\u0131n c\u00f6mertli\u011fini anlayabilir, bu c\u00f6mertli\u011fe kar\u015f\u0131l\u0131k kendi hediyelerimizi vermeyi \u00f6\u011frenebiliriz.   Gezegenimizin sesini duymak bizim sorumlulu\u011fumuz&#8230;   \u201cRobin Wall Kimmerer ola\u011fan\u00fcst\u00fc bir kitap yazm\u0131\u015f; kan\u0131tlara dayal\u0131, objektif bir bilim anlay\u0131\u015f\u0131n\u0131n, yerlilerin kadim \u00f6\u011fretileriyle nas\u0131l zenginle\u015febilece\u011fini g\u00f6steriyor. G\u00fczelli\u011fi o kadar iyi yakalay\u0131veriyor ki\u2026 boylu maz\u0131lar\u0131n, yabani \u00e7ileklerin, ya\u011fmurun eksik olmad\u0131\u011f\u0131 ormanlar\u0131n, mis gibi kokan kutsal ot dolu \u00e7ay\u0131rlar\u0131n manzaras\u0131 kitab\u0131 kenara koydu\u011funuzda bile g\u00f6z\u00fcn\u00fcz\u00fcn \u00f6n\u00fcnden gitmiyor.\u201d  Jane Goodall <\/p>\n","protected":false},"excerpt":{"rendered":"<p>D\u00fcnyan\u0131n evimiz oldu\u011funu unuttuk. Robin Wall Kimmerer, Potawatomi halk\u0131n\u0131n bir \u00fcyesi ve bir botanik\u00e7i olarak do\u011fayla birden fazla dilde konu\u015fabilen bir ara\u015ft\u0131rmac\u0131: Bir yandan \u00e7ocuklu\u011fundan itibaren<span class=\"excerpt-hellip\"> [\u2026]<\/span><\/p>\n","protected":false},"featured_media":0,"template":"","meta":{"_monsterinsights_skip_tracking":false,"_monsterinsights_sitenote_active":false,"_monsterinsights_sitenote_note":"","_monsterinsights_sitenote_category":0},"product_brand":[],"product_cat":[13005,13010],"product_tag":[],"class_list":{"0":"post-737766","1":"product","2":"type-product","3":"status-publish","5":"product_cat-bilim-muhendislik","6":"product_cat-doga-bilimleri","7":"pa_cilt-ciltsiz","8":"pa_tur-kitap","9":"pa_yayinevi-mundi","10":"pa_yazar-robin-wall-kimmerer","12":"first","13":"instock","14":"sale","15":"shipping-taxable","16":"purchasable","17":"product-type-simple"},"_links":{"self":[{"href":"https:\/\/roveyayinevi.com.tr\/index.php\/wp-json\/wp\/v2\/product\/737766","targetHints":{"allow":["GET"]}}],"collection":[{"href":"https:\/\/roveyayinevi.com.tr\/index.php\/wp-json\/wp\/v2\/product"}],"about":[{"href":"https:\/\/roveyayinevi.com.tr\/index.php\/wp-json\/wp\/v2\/types\/product"}],"wp:attachment":[{"href":"https:\/\/roveyayinevi.com.tr\/index.php\/wp-json\/wp\/v2\/media?parent=737766"}],"wp:term":[{"taxonomy":"product_brand","embeddable":true,"href":"https:\/\/roveyayinevi.com.tr\/index.php\/wp-json\/wp\/v2\/product_brand?post=737766"},{"taxonomy":"product_cat","embeddable":true,"href":"https:\/\/roveyayinevi.com.tr\/index.php\/wp-json\/wp\/v2\/product_cat?post=737766"},{"taxonomy":"product_tag","embeddable":true,"href":"https:\/\/roveyayinevi.com.tr\/index.php\/wp-json\/wp\/v2\/product_tag?post=737766"}],"curies":[{"name":"wp","href":"https:\/\/api.w.org\/{rel}","templated":true}]}}