{"id":737750,"date":"2025-08-27T23:35:06","date_gmt":"2025-08-27T20:35:06","guid":{"rendered":"https:\/\/roveyayinevi.com.tr\/index.php\/urun\/1700lerden-2000lere-cagdaslasma-yolunda-turkiye-tarihi\/"},"modified":"2026-04-16T02:47:36","modified_gmt":"2026-04-15T23:47:36","slug":"1700lerden-2000lere-cagdaslasma-yolunda-turkiye-tarihi","status":"publish","type":"product","link":"https:\/\/roveyayinevi.com.tr\/index.php\/urun\/1700lerden-2000lere-cagdaslasma-yolunda-turkiye-tarihi\/","title":{"rendered":"1700\u2019lerden 2000\u2019lere \u00c7a\u011fda\u015fla\u015fma Yolunda T\u00fcrkiye Tarihi"},"content":{"rendered":"<p>1700\u2019lerden 2000\u2019lere \u00c7a\u011fda\u015fla\u015fma YolundaT\u00fcrkiye Tarihi<\/p>\n","protected":false},"excerpt":{"rendered":"<p>1700\u2019lerden 2000\u2019lere \u00c7a\u011fda\u015fla\u015fma YolundaT\u00fcrkiye Tarihi<\/p>\n","protected":false},"featured_media":0,"template":"","meta":{"_monsterinsights_skip_tracking":false,"_monsterinsights_sitenote_active":false,"_monsterinsights_sitenote_note":"","_monsterinsights_sitenote_category":0},"product_brand":[],"product_cat":[12573,12566],"product_tag":[],"class_list":{"0":"post-737750","1":"product","2":"type-product","3":"status-publish","5":"product_cat-akademik-kitaplar","6":"product_cat-egitim","7":"pa_cilt-ciltsiz","8":"pa_tur-kitap","9":"pa_yayinevi-soncag-akademik-kitaplar","10":"pa_yazar-sabri-zengin","12":"first","13":"instock","14":"sale","15":"shipping-taxable","16":"purchasable","17":"product-type-simple"},"_links":{"self":[{"href":"https:\/\/roveyayinevi.com.tr\/index.php\/wp-json\/wp\/v2\/product\/737750","targetHints":{"allow":["GET"]}}],"collection":[{"href":"https:\/\/roveyayinevi.com.tr\/index.php\/wp-json\/wp\/v2\/product"}],"about":[{"href":"https:\/\/roveyayinevi.com.tr\/index.php\/wp-json\/wp\/v2\/types\/product"}],"wp:attachment":[{"href":"https:\/\/roveyayinevi.com.tr\/index.php\/wp-json\/wp\/v2\/media?parent=737750"}],"wp:term":[{"taxonomy":"product_brand","embeddable":true,"href":"https:\/\/roveyayinevi.com.tr\/index.php\/wp-json\/wp\/v2\/product_brand?post=737750"},{"taxonomy":"product_cat","embeddable":true,"href":"https:\/\/roveyayinevi.com.tr\/index.php\/wp-json\/wp\/v2\/product_cat?post=737750"},{"taxonomy":"product_tag","embeddable":true,"href":"https:\/\/roveyayinevi.com.tr\/index.php\/wp-json\/wp\/v2\/product_tag?post=737750"}],"curies":[{"name":"wp","href":"https:\/\/api.w.org\/{rel}","templated":true}]}}