{"id":737742,"date":"2025-08-27T23:34:59","date_gmt":"2025-08-27T20:34:59","guid":{"rendered":"https:\/\/roveyayinevi.com.tr\/index.php\/urun\/genc-beethoven-ve-beethovenin-yetkinlik-cagi-2-kitap\/"},"modified":"2026-04-16T02:47:36","modified_gmt":"2026-04-15T23:47:36","slug":"genc-beethoven-ve-beethovenin-yetkinlik-cagi-2-kitap","status":"publish","type":"product","link":"https:\/\/roveyayinevi.com.tr\/index.php\/urun\/genc-beethoven-ve-beethovenin-yetkinlik-cagi-2-kitap\/","title":{"rendered":"Gen\u00e7 Beethoven Ve Beethovenin Yetkinlik \u00c7a\u011f\u0131 2 Kitap"},"content":{"rendered":"<p>Gen\u00e7 Beethoven + Beethoven&#8217;in Yetkinlik \u00c7a\u011f\u0131 ( 2 Kitap )Ludwing van Beethoven (1770-1827)\u2026   Bonn y\u0131llar\u0131n\u0131 b\u00fcy\u00fck zorluklarla ve zorlamalarla ge\u00e7irmi\u015f bir \u00e7ocuk, \u00f6nce mozart\u2019\u0131n sonra da Haydn\u2019\u0131n \u00f6\u011frencisi olmu\u015f gen\u00e7 bir deha, \u201cFrans\u0131z Devrimi\u201dnin getirdi\u011fi \u00f6zg\u00fcrl\u00fck, e\u015fitlik ve karde\u015flik idealini \u00f6z\u00fcmsemi\u015f ate\u015fli bir devrimci, kaderin beklenmedik ac\u0131 darbelerini yemi\u015f yaln\u0131z bir insan; bu yaln\u0131zl\u0131\u011f\u0131nda y\u00fczy\u0131llar\u0131n \u00f6nemini hi\u00e7 azaltamayaca\u011f\u0131 g\u00f6rkemli ve insanl\u0131\u011f\u0131n mutlulu\u011funa adanm\u0131\u015f eserler vermi\u015f \u00f6l\u00fcms\u00fcz bir besteci\u2026   B\u00fct\u00fcn bunlar; bu iki kitapta bir roman tad\u0131nda ak\u0131c\u0131 ve s\u00fcr\u00fckleyici bir \u00fcslupla anlat\u0131l\u0131yor. Okurken bazen sars\u0131lacaks\u0131n\u0131z.   Yaln\u0131z Beethoven ile de\u011fil, \u00e7a\u011f\u0131n ba\u015fka \u00fcnl\u00fcleriyle de kar\u015f\u0131la\u015facak, toplumsal olaylar\u0131n ve ki\u015fisel ac\u0131lar\u0131n, hayal k\u0131r\u0131kl\u0131klar\u0131n\u0131n, eserlerine nas\u0131l yans\u0131d\u0131\u011f\u0131na tan\u0131k olacaks\u0131n\u0131z.\u2026 <\/p>\n","protected":false},"excerpt":{"rendered":"<p>Gen\u00e7 Beethoven + Beethoven&#8217;in Yetkinlik \u00c7a\u011f\u0131 ( 2 Kitap )Ludwing van Beethoven (1770-1827)\u2026 Bonn y\u0131llar\u0131n\u0131 b\u00fcy\u00fck zorluklarla ve zorlamalarla ge\u00e7irmi\u015f bir \u00e7ocuk, \u00f6nce mozart\u2019\u0131n sonra da<span class=\"excerpt-hellip\"> [\u2026]<\/span><\/p>\n","protected":false},"featured_media":0,"template":"","meta":{"_monsterinsights_skip_tracking":false,"_monsterinsights_sitenote_active":false,"_monsterinsights_sitenote_note":"","_monsterinsights_sitenote_category":0},"product_brand":[],"product_cat":[14591,14556],"product_tag":[],"class_list":{"0":"post-737742","1":"product","2":"type-product","3":"status-publish","5":"product_cat-genel-kavramlar-kuram-ve-tarihce","6":"product_cat-muzik","7":"pa_cilt-ciltsiz","8":"pa_tur-kitap","9":"pa_yayinevi-sevda-cenap-and-muzik-vakfi-yayinlari","10":"pa_yazar-felix-huch","12":"first","13":"instock","14":"sale","15":"shipping-taxable","16":"purchasable","17":"product-type-simple"},"_links":{"self":[{"href":"https:\/\/roveyayinevi.com.tr\/index.php\/wp-json\/wp\/v2\/product\/737742","targetHints":{"allow":["GET"]}}],"collection":[{"href":"https:\/\/roveyayinevi.com.tr\/index.php\/wp-json\/wp\/v2\/product"}],"about":[{"href":"https:\/\/roveyayinevi.com.tr\/index.php\/wp-json\/wp\/v2\/types\/product"}],"wp:attachment":[{"href":"https:\/\/roveyayinevi.com.tr\/index.php\/wp-json\/wp\/v2\/media?parent=737742"}],"wp:term":[{"taxonomy":"product_brand","embeddable":true,"href":"https:\/\/roveyayinevi.com.tr\/index.php\/wp-json\/wp\/v2\/product_brand?post=737742"},{"taxonomy":"product_cat","embeddable":true,"href":"https:\/\/roveyayinevi.com.tr\/index.php\/wp-json\/wp\/v2\/product_cat?post=737742"},{"taxonomy":"product_tag","embeddable":true,"href":"https:\/\/roveyayinevi.com.tr\/index.php\/wp-json\/wp\/v2\/product_tag?post=737742"}],"curies":[{"name":"wp","href":"https:\/\/api.w.org\/{rel}","templated":true}]}}