{"id":737739,"date":"2025-08-27T23:34:56","date_gmt":"2025-08-27T20:34:56","guid":{"rendered":"https:\/\/roveyayinevi.com.tr\/index.php\/urun\/idil-biret-piyanodaki-harika\/"},"modified":"2026-04-16T02:47:36","modified_gmt":"2026-04-15T23:47:36","slug":"idil-biret-piyanodaki-harika","status":"publish","type":"product","link":"https:\/\/roveyayinevi.com.tr\/index.php\/urun\/idil-biret-piyanodaki-harika\/","title":{"rendered":"\u0130dil Biret &#8211; Piyanodaki Harika"},"content":{"rendered":"<p>Daha 4 ya\u015f\u0131nda bir \u00e7ocukken Mozart gibi &#8220;absol\u00fcd&#8221; kula\u011fa sahip oldu\u011fu belirlenen, T\u00fcrkiye Cumhuriyeti&#8217;nin ilk &#8220;Harika \u00c7ocuk&#8221;u&#8230;Ad\u0131na \u00e7\u0131kar\u0131lan \u00f6zel yasa ile 1948&#8217;de yurtd\u0131\u015f\u0131nda e\u011fitime g\u00f6nderilen, paha bi\u00e7ilmez bir m\u00fczik kuma\u015f\u0131&#8230; G\u00fcn\u00fcm\u00fczde, d\u00fcnyan\u0131n &#8220;repertuar\u0131 en geni\u015f&#8221; piyanisti&#8230; Duyarl\u0131 bir yorumcu&#8230; Bir Chopin uzman\u0131&#8230; Ald\u0131\u011f\u0131 \u00f6d\u00fcller, doldurdu\u011fu CD&#8217;ler, verdi\u011fi konserlerle, \u00fclkemizin d\u00fcnyadaki en \u00f6nemli sanat el\u00e7isi&#8230; 1996&#8217;da, kemanc\u0131 Suna Kan&#8217;la birlikte, Sevda-Cenap And M\u00fczik Vakf\u0131 Onur \u00d6d\u00fcl\u00fc Alt\u0131n Madalyas\u0131 ile \u00d6d\u00fcllendirildi. Bu kitapta, m\u00fczik yazar\u0131 \u00dcner Birkan&#8217;\u0131n Biret&#8217;le yapt\u0131\u011f\u0131 iki geni\u015f s\u00f6yle\u015fiyi, sanat\u00e7\u0131yla ilgili yabanc\u0131 bas\u0131nda \u00e7\u0131km\u0131\u015f yaz\u0131lar\u0131 ve piyanistin diskografisini bulacaks\u0131n\u0131z. <\/p>\n","protected":false},"excerpt":{"rendered":"<p>Daha 4 ya\u015f\u0131nda bir \u00e7ocukken Mozart gibi &#8220;absol\u00fcd&#8221; kula\u011fa sahip oldu\u011fu belirlenen, T\u00fcrkiye Cumhuriyeti&#8217;nin ilk &#8220;Harika \u00c7ocuk&#8221;u&#8230;Ad\u0131na \u00e7\u0131kar\u0131lan \u00f6zel yasa ile 1948&#8217;de yurtd\u0131\u015f\u0131nda e\u011fitime g\u00f6nderilen, paha<span class=\"excerpt-hellip\"> [\u2026]<\/span><\/p>\n","protected":false},"featured_media":0,"template":"","meta":{"_monsterinsights_skip_tracking":false,"_monsterinsights_sitenote_active":false,"_monsterinsights_sitenote_note":"","_monsterinsights_sitenote_category":0},"product_brand":[],"product_cat":[14009,12291],"product_tag":[],"class_list":{"0":"post-737739","1":"product","2":"type-product","3":"status-publish","5":"product_cat-biyografi-otobiyografi-edebiyat","6":"product_cat-edebiyat","7":"pa_cilt-ciltsiz","8":"pa_tur-kitap","9":"pa_yayinevi-sevda-cenap-and-muzik-vakfi-yayinlari","10":"pa_yazar-uner-birkan","12":"first","13":"instock","14":"sale","15":"shipping-taxable","16":"purchasable","17":"product-type-simple"},"_links":{"self":[{"href":"https:\/\/roveyayinevi.com.tr\/index.php\/wp-json\/wp\/v2\/product\/737739","targetHints":{"allow":["GET"]}}],"collection":[{"href":"https:\/\/roveyayinevi.com.tr\/index.php\/wp-json\/wp\/v2\/product"}],"about":[{"href":"https:\/\/roveyayinevi.com.tr\/index.php\/wp-json\/wp\/v2\/types\/product"}],"wp:attachment":[{"href":"https:\/\/roveyayinevi.com.tr\/index.php\/wp-json\/wp\/v2\/media?parent=737739"}],"wp:term":[{"taxonomy":"product_brand","embeddable":true,"href":"https:\/\/roveyayinevi.com.tr\/index.php\/wp-json\/wp\/v2\/product_brand?post=737739"},{"taxonomy":"product_cat","embeddable":true,"href":"https:\/\/roveyayinevi.com.tr\/index.php\/wp-json\/wp\/v2\/product_cat?post=737739"},{"taxonomy":"product_tag","embeddable":true,"href":"https:\/\/roveyayinevi.com.tr\/index.php\/wp-json\/wp\/v2\/product_tag?post=737739"}],"curies":[{"name":"wp","href":"https:\/\/api.w.org\/{rel}","templated":true}]}}

İdil Biret &#8211; Piyanodaki Harika

<p>Daha 4 yaşında bir çocukken Mozart gibi &#8220;absolüd&#8221; kulağa sahip olduğu belirlenen, Türkiye Cumhuriyeti&#8217;nin ilk &#8220;Harika Çocuk&#8221;u&#8230;Adına çıkarılan özel yasa ile 1948&#8217;de yurtdışında eğitime gönderilen, paha biçilmez bir müzik kumaşı&#8230; Günümüzde, dünyanın &#8220;repertuarı en geniş&#8221; piyanisti&#8230; Duyarlı bir yorumcu&#8230; Bir Chopin uzmanı&#8230; Aldığı ödüller, doldurduğu CD&#8217;ler, verdiği konserlerle, ülkemizin dünyadaki en önemli sanat elçisi&#8230; 1996&#8217;da, kemancı Suna Kan&#8217;la birlikte, Sevda-Cenap And Müzik Vakfı Onur Ödülü Altın Madalyası ile Ödüllendirildi. Bu kitapta, müzik yazarı Üner Birkan&#8217;ın Biret&#8217;le yaptığı iki geniş söyleşiyi, sanatçıyla ilgili yabancı basında çıkmış yazıları ve piyanistin diskografisini bulacaksınız. </p>

<p>Daha 4 yaşında bir çocukken Mozart gibi &#8220;absolüd&#8221; kulağa sahip olduğu belirlenen, Türkiye Cumhuriyeti&#8217;nin ilk &#8220;Harika Çocuk&#8221;u&#8230;Adına çıkarılan özel yasa ile 1948&#8217;de yurtdışında eğitime gönderilen, paha<span class="excerpt-hellip"> […]</span></p>
