{"id":737737,"date":"2025-08-27T23:34:53","date_gmt":"2025-08-27T20:34:53","guid":{"rendered":"https:\/\/roveyayinevi.com.tr\/index.php\/urun\/kamuran-gundemir-piyanist-hoca-ve-cumhuriyet-aydini\/"},"modified":"2026-04-16T02:47:36","modified_gmt":"2026-04-15T23:47:36","slug":"kamuran-gundemir-piyanist-hoca-ve-cumhuriyet-aydini","status":"publish","type":"product","link":"https:\/\/roveyayinevi.com.tr\/index.php\/urun\/kamuran-gundemir-piyanist-hoca-ve-cumhuriyet-aydini\/","title":{"rendered":"Kamuran G\u00fcndemir &#8211; Piyanist Hoca Ve Cumhuriyet Ayd\u0131n\u0131"},"content":{"rendered":"<p>G\u00fcn\u00fcm\u00fcz T\u00fcrkiyesi\u2019nin uluslararas\u0131 sahnelerde temsil eden Faz\u0131l Say, Muhiddin D\u00fcrr\u00fco\u011flu-Demiriz, Emre Elivar\u2019\u0131n hocas\u0131 ve yeti\u015ftirmekte oldu\u011fu Emre Can Yavuz ile \u00f6n\u00fcm\u00fczdeki g\u00fcnlere de imza atan bir isim: Kamuran G\u00fcndemir. Bu renkli ve \u00f6nemli isimi Erhan Karaesmen ara\u015ft\u0131rd\u0131, inceledi, yazd\u0131. Sevda- Cenap And M\u00fczik Vakf\u0131 taraf\u0131ndan 2001 y\u0131l\u0131 \u201cOnur \u00d6d\u00fcl\u00fc Alt\u0131n Madalyas\u0131\u201d ile \u00f6d\u00fcllendirilen Kamuran G\u00fcndemir\u2019i okuyunca sizde seveceksiniz. <\/p>\n","protected":false},"excerpt":{"rendered":"<p>G\u00fcn\u00fcm\u00fcz T\u00fcrkiyesi\u2019nin uluslararas\u0131 sahnelerde temsil eden Faz\u0131l Say, Muhiddin D\u00fcrr\u00fco\u011flu-Demiriz, Emre Elivar\u2019\u0131n hocas\u0131 ve yeti\u015ftirmekte oldu\u011fu Emre Can Yavuz ile \u00f6n\u00fcm\u00fczdeki g\u00fcnlere de imza atan bir<span class=\"excerpt-hellip\"> [\u2026]<\/span><\/p>\n","protected":false},"featured_media":0,"template":"","meta":{"_monsterinsights_skip_tracking":false,"_monsterinsights_sitenote_active":false,"_monsterinsights_sitenote_note":"","_monsterinsights_sitenote_category":0},"product_brand":[],"product_cat":[14009,12291],"product_tag":[],"class_list":{"0":"post-737737","1":"product","2":"type-product","3":"status-publish","5":"product_cat-biyografi-otobiyografi-edebiyat","6":"product_cat-edebiyat","7":"pa_cilt-ciltsiz","8":"pa_tur-kitap","9":"pa_yayinevi-sevda-cenap-and-muzik-vakfi-yayinlari","10":"pa_yazar-erhan-karaesmen","12":"first","13":"instock","14":"sale","15":"shipping-taxable","16":"purchasable","17":"product-type-simple"},"_links":{"self":[{"href":"https:\/\/roveyayinevi.com.tr\/index.php\/wp-json\/wp\/v2\/product\/737737","targetHints":{"allow":["GET"]}}],"collection":[{"href":"https:\/\/roveyayinevi.com.tr\/index.php\/wp-json\/wp\/v2\/product"}],"about":[{"href":"https:\/\/roveyayinevi.com.tr\/index.php\/wp-json\/wp\/v2\/types\/product"}],"wp:attachment":[{"href":"https:\/\/roveyayinevi.com.tr\/index.php\/wp-json\/wp\/v2\/media?parent=737737"}],"wp:term":[{"taxonomy":"product_brand","embeddable":true,"href":"https:\/\/roveyayinevi.com.tr\/index.php\/wp-json\/wp\/v2\/product_brand?post=737737"},{"taxonomy":"product_cat","embeddable":true,"href":"https:\/\/roveyayinevi.com.tr\/index.php\/wp-json\/wp\/v2\/product_cat?post=737737"},{"taxonomy":"product_tag","embeddable":true,"href":"https:\/\/roveyayinevi.com.tr\/index.php\/wp-json\/wp\/v2\/product_tag?post=737737"}],"curies":[{"name":"wp","href":"https:\/\/api.w.org\/{rel}","templated":true}]}}

Kamuran Gündemir &#8211; Piyanist Hoca Ve Cumhuriyet Aydını

<p>Günümüz Türkiyesi’nin uluslararası sahnelerde temsil eden Fazıl Say, Muhiddin Dürrüoğlu-Demiriz, Emre Elivar’ın hocası ve yetiştirmekte olduğu Emre Can Yavuz ile önümüzdeki günlere de imza atan bir isim: Kamuran Gündemir. Bu renkli ve önemli isimi Erhan Karaesmen araştırdı, inceledi, yazdı. Sevda- Cenap And Müzik Vakfı tarafından 2001 yılı “Onur Ödülü Altın Madalyası” ile ödüllendirilen Kamuran Gündemir’i okuyunca sizde seveceksiniz. </p>

<p>Günümüz Türkiyesi’nin uluslararası sahnelerde temsil eden Fazıl Say, Muhiddin Dürrüoğlu-Demiriz, Emre Elivar’ın hocası ve yetiştirmekte olduğu Emre Can Yavuz ile önümüzdeki günlere de imza atan bir<span class="excerpt-hellip"> […]</span></p>
