{"id":737734,"date":"2025-08-27T23:34:49","date_gmt":"2025-08-27T20:34:49","guid":{"rendered":"https:\/\/roveyayinevi.com.tr\/index.php\/urun\/turgay-erdener-sosta\/"},"modified":"2026-04-16T02:47:36","modified_gmt":"2026-04-15T23:47:36","slug":"turgay-erdener-sosta","status":"publish","type":"product","link":"https:\/\/roveyayinevi.com.tr\/index.php\/urun\/turgay-erdener-sosta\/","title":{"rendered":"Turgay Erdener &#8211; \u015eosta"},"content":{"rendered":"<p>Bir sohbette besteci ve e\u011fitimci arkada\u015f\u0131 Burhan \u00d6nder&#8217;e \u201c\u0130lk mesle\u011fim co\u011frafyac\u0131l\u0131k, ikincisi besteciliktir.\u201d demi\u015fti.   \u00c7ocuklu\u011funda matemati\u011fe ve baba mesle\u011fi kartografyaya tutkuyla ba\u011fl\u0131 Turgay Erdener haritac\u0131 ya da seyyah olabilirdi.   Mandolin \u00f6\u011fretmeni R\u0131fat Akalran&#8217;\u0131n \u0131srarc\u0131 tutumu hayat\u0131n\u0131 de\u011fi\u015ftirdi. M\u00fczi\u011fi tercih etti. Ku\u015fa\u011f\u0131n\u0131n verimli bestecilerinden birine d\u00f6n\u00fc\u015ft\u00fc. Afife bale m\u00fczi\u011fiyle geni\u015f kitlelere ula\u015ft\u0131. Bu kitap Erdener&#8217;in ya\u015fam\u0131n\u0131, ki\u015fili\u011fini, 50 y\u0131la ula\u015fan m\u00fczik ser\u00fcvenini 55 ki\u015finin tan\u0131kl\u0131\u011f\u0131yla aktar\u0131yor.   Bestecili\u011fini Erdener&#8217;le sorguluyor.<\/p>\n","protected":false},"excerpt":{"rendered":"<p>Bir sohbette besteci ve e\u011fitimci arkada\u015f\u0131 Burhan \u00d6nder&#8217;e \u201c\u0130lk mesle\u011fim co\u011frafyac\u0131l\u0131k, ikincisi besteciliktir.\u201d demi\u015fti. \u00c7ocuklu\u011funda matemati\u011fe ve baba mesle\u011fi kartografyaya tutkuyla ba\u011fl\u0131 Turgay Erdener haritac\u0131 ya<span class=\"excerpt-hellip\"> [\u2026]<\/span><\/p>\n","protected":false},"featured_media":0,"template":"","meta":{"_monsterinsights_skip_tracking":false,"_monsterinsights_sitenote_active":false,"_monsterinsights_sitenote_note":"","_monsterinsights_sitenote_category":0},"product_brand":[],"product_cat":[14009,12291],"product_tag":[],"class_list":{"0":"post-737734","1":"product","2":"type-product","3":"status-publish","5":"product_cat-biyografi-otobiyografi-edebiyat","6":"product_cat-edebiyat","7":"pa_cilt-ciltsiz","8":"pa_tur-kitap","9":"pa_yayinevi-sevda-cenap-and-muzik-vakfi-yayinlari","10":"pa_yazar-serhan-yedig","12":"first","13":"instock","14":"sale","15":"shipping-taxable","16":"purchasable","17":"product-type-simple"},"_links":{"self":[{"href":"https:\/\/roveyayinevi.com.tr\/index.php\/wp-json\/wp\/v2\/product\/737734","targetHints":{"allow":["GET"]}}],"collection":[{"href":"https:\/\/roveyayinevi.com.tr\/index.php\/wp-json\/wp\/v2\/product"}],"about":[{"href":"https:\/\/roveyayinevi.com.tr\/index.php\/wp-json\/wp\/v2\/types\/product"}],"wp:attachment":[{"href":"https:\/\/roveyayinevi.com.tr\/index.php\/wp-json\/wp\/v2\/media?parent=737734"}],"wp:term":[{"taxonomy":"product_brand","embeddable":true,"href":"https:\/\/roveyayinevi.com.tr\/index.php\/wp-json\/wp\/v2\/product_brand?post=737734"},{"taxonomy":"product_cat","embeddable":true,"href":"https:\/\/roveyayinevi.com.tr\/index.php\/wp-json\/wp\/v2\/product_cat?post=737734"},{"taxonomy":"product_tag","embeddable":true,"href":"https:\/\/roveyayinevi.com.tr\/index.php\/wp-json\/wp\/v2\/product_tag?post=737734"}],"curies":[{"name":"wp","href":"https:\/\/api.w.org\/{rel}","templated":true}]}}

Turgay Erdener &#8211; Şosta

<p>Bir sohbette besteci ve eğitimci arkadaşı Burhan Önder&#8217;e “İlk mesleğim coğrafyacılık, ikincisi besteciliktir.” demişti.   Çocukluğunda matematiğe ve baba mesleği kartografyaya tutkuyla bağlı Turgay Erdener haritacı ya da seyyah olabilirdi.   Mandolin öğretmeni Rıfat Akalran&#8217;ın ısrarcı tutumu hayatını değiştirdi. Müziği tercih etti. Kuşağının verimli bestecilerinden birine dönüştü. Afife bale müziğiyle geniş kitlelere ulaştı. Bu kitap Erdener&#8217;in yaşamını, kişiliğini, 50 yıla ulaşan müzik serüvenini 55 kişinin tanıklığıyla aktarıyor.   Besteciliğini Erdener&#8217;le sorguluyor.</p>

<p>Bir sohbette besteci ve eğitimci arkadaşı Burhan Önder&#8217;e “İlk mesleğim coğrafyacılık, ikincisi besteciliktir.” demişti. Çocukluğunda matematiğe ve baba mesleği kartografyaya tutkuyla bağlı Turgay Erdener haritacı ya<span class="excerpt-hellip"> […]</span></p>
