{"id":737729,"date":"2025-08-27T23:34:44","date_gmt":"2025-08-27T20:34:44","guid":{"rendered":"https:\/\/roveyayinevi.com.tr\/index.php\/urun\/klasik-bati-muzigi-tarihinde-kirilma-anlari\/"},"modified":"2026-04-16T02:47:35","modified_gmt":"2026-04-15T23:47:35","slug":"klasik-bati-muzigi-tarihinde-kirilma-anlari","status":"publish","type":"product","link":"https:\/\/roveyayinevi.com.tr\/index.php\/urun\/klasik-bati-muzigi-tarihinde-kirilma-anlari\/","title":{"rendered":"Klasik Bat\u0131 M\u00fczi\u011fi Tarihinde K\u0131r\u0131lma Anlar\u0131"},"content":{"rendered":"<p>\u2018\u2018K\u0131r\u0131lma \u00e2n\u0131\u2019\u2019 ya da \u201cnoktas\u0131\u201d son y\u0131llarda de\u011fi\u015fik a\u015fanlarda \u00e7ok kullan\u0131lan bir kavram. Bir spor kar\u015f\u0131la\u015fmas\u0131n\u0131n ya da toplant\u0131n\u0131n k\u0131r\u0131lma \u00e2n\u0131ndan s\u00f6z edildi\u011fini yayg\u0131n medyada s\u0131k\u00e7a duyuyoruz.Oytun Eren ise, yakla\u015f\u0131k 500 y\u0131ll\u0131k klasik Bat\u0131 M\u00fczi\u011fi tarihinde, k\u0131r\u0131lma anlar\u0131n\u0131 eser ba\u011flam\u0131nda inceleyerek, ortaya d\u00fc\u015f\u00fcnd\u00fcr\u00fcc\u00fc ve ikn\u00e2 edici sonu\u00e7lar koyuyor. Eren, \u201cdaha \u00f6nce g\u00f6r\u00fclmemi\u015f m\u00fcziksel anlat\u0131m\u201d ile \u201cbu anlat\u0131m\u0131n kendinden sonrakilere sa\u011flam referans olu\u015fturmas\u0131\u201dn\u0131 esas al\u0131yor.Bu akademik \u00e7al\u0131\u015fma, m\u00fczik ve m\u00fczikoloji alan\u0131ndakilere \u0131\u015f\u0131k tutacak, ufuklar\u0131n\u0131 geni\u015fletecek, klasik m\u00fczikle ilgilenenleri bilgilendirip dinledikleri eserlerin derinine inmelerini, \u00fczerinde d\u00fc\u015f\u00fcnmelerini sa\u011flay\u0131p yeni bak\u0131\u015f a\u00e7\u0131s\u0131 getirecek t\u00fcrden. Bu ikili nitelik, kitab\u0131n anlam, \u00f6nem ve de\u011ferini artt\u0131r\u0131yor.\u201cK\u0131r\u0131lma Anlar\u0131\u201d ilgiyle okunup yararlan\u0131lacak, gerekti\u011finde ba\u015fvurulacak \u00f6nemli bir \u201ckaynak kitap\u201d\u2026 <\/p>\n","protected":false},"excerpt":{"rendered":"<p>\u2018\u2018K\u0131r\u0131lma \u00e2n\u0131\u2019\u2019 ya da \u201cnoktas\u0131\u201d son y\u0131llarda de\u011fi\u015fik a\u015fanlarda \u00e7ok kullan\u0131lan bir kavram. Bir spor kar\u015f\u0131la\u015fmas\u0131n\u0131n ya da toplant\u0131n\u0131n k\u0131r\u0131lma \u00e2n\u0131ndan s\u00f6z edildi\u011fini yayg\u0131n medyada s\u0131k\u00e7a<span class=\"excerpt-hellip\"> [\u2026]<\/span><\/p>\n","protected":false},"featured_media":0,"template":"","meta":{"_monsterinsights_skip_tracking":false,"_monsterinsights_sitenote_active":false,"_monsterinsights_sitenote_note":"","_monsterinsights_sitenote_category":0},"product_brand":[],"product_cat":[14591,14556],"product_tag":[],"class_list":{"0":"post-737729","1":"product","2":"type-product","3":"status-publish","5":"product_cat-genel-kavramlar-kuram-ve-tarihce","6":"product_cat-muzik","7":"pa_cilt-ciltsiz","8":"pa_tur-kitap","9":"pa_yayinevi-sevda-cenap-and-muzik-vakfi-yayinlari","10":"pa_yazar-oytun-eren","12":"first","13":"instock","14":"sale","15":"shipping-taxable","16":"purchasable","17":"product-type-simple"},"_links":{"self":[{"href":"https:\/\/roveyayinevi.com.tr\/index.php\/wp-json\/wp\/v2\/product\/737729","targetHints":{"allow":["GET"]}}],"collection":[{"href":"https:\/\/roveyayinevi.com.tr\/index.php\/wp-json\/wp\/v2\/product"}],"about":[{"href":"https:\/\/roveyayinevi.com.tr\/index.php\/wp-json\/wp\/v2\/types\/product"}],"wp:attachment":[{"href":"https:\/\/roveyayinevi.com.tr\/index.php\/wp-json\/wp\/v2\/media?parent=737729"}],"wp:term":[{"taxonomy":"product_brand","embeddable":true,"href":"https:\/\/roveyayinevi.com.tr\/index.php\/wp-json\/wp\/v2\/product_brand?post=737729"},{"taxonomy":"product_cat","embeddable":true,"href":"https:\/\/roveyayinevi.com.tr\/index.php\/wp-json\/wp\/v2\/product_cat?post=737729"},{"taxonomy":"product_tag","embeddable":true,"href":"https:\/\/roveyayinevi.com.tr\/index.php\/wp-json\/wp\/v2\/product_tag?post=737729"}],"curies":[{"name":"wp","href":"https:\/\/api.w.org\/{rel}","templated":true}]}}