{"id":737728,"date":"2025-08-27T23:34:43","date_gmt":"2025-08-27T20:34:43","guid":{"rendered":"https:\/\/roveyayinevi.com.tr\/index.php\/urun\/egitimci-ve-yazar-huseyin-avni-basman\/"},"modified":"2025-11-21T07:39:09","modified_gmt":"2025-11-21T04:39:09","slug":"egitimci-ve-yazar-huseyin-avni-basman","status":"publish","type":"product","link":"https:\/\/roveyayinevi.com.tr\/index.php\/urun\/egitimci-ve-yazar-huseyin-avni-basman\/","title":{"rendered":"E\u011fitimci Ve Yazar H\u00fcseyin Avni Ba\u015fman"},"content":{"rendered":"<p>1933\u2019te Buca\u2019da (\u0130zmir)do\u011fdu. \u0130lk ve orta okulu Buca\u2019da (1940-48 ) \u00d6\u011fretmen Okulunu paras\u0131z yat\u0131l\u0131 olarak Bolu Erkek \u00d6\u011fretmen Okulu\u2019nda (1948-51 ) okudu. Y\u00fcksek \u00f6\u011frenimini Gazi E\u011fitim Enstit\u00fcs\u00fc M\u00fczik B\u00f6l\u00fcm\u00fc\u2019nde yapt\u0131. Bu b\u00f6l\u00fcmden 1954 y\u0131l\u0131nda mezun oldu. Bir y\u0131l m\u00fczik b\u00f6l\u00fcm\u00fcnde asistan olarak kald\u0131ktan sonra 1416 say\u0131l\u0131 Devlet S\u0131nav\u0131\u2019n\u0131 kazanarak \u201c Okul M\u00fczik E\u011fitimini \u201c y\u00fcksek \u00f6\u011frenimini yapmak \u00fczere Almanya\u2019ya g\u00f6nderildi. 1955 \u2013 1961 y\u0131llar\u0131 aras\u0131nda Freiburg Y\u00fcksek M\u00fczik Okulu \u201c Okul M\u00fczik E\u011fitimi \u201c b\u00f6l\u00fcm\u00fcnde okuyarak bu okulu bitirdi. Yurda geri d\u00f6n\u00fc\u015f\u00fcnde GEE \u2013 M\u00fczik B\u00f6l\u00fcm\u00fcne \u201c M\u00fczik Pedagojisi \u201d ve \u201c Koro E\u011fitimi \u201c \u00f6\u011fretmeni olarak atand\u0131. 1973 y\u0131l\u0131nda bu kez Alexander von Humboldt Vakf\u0131\u2019n\u0131n bursunu kazanarak doktora \u00f6\u011frenimi yapmak \u00fczere Berlin\u2019e gitti. 70\u2019li y\u0131llar\u0131n ba\u015f\u0131nda; 3 y\u0131l e\u015fi TRT \u2013 \u00c7oksesli Korosu \u00fcyesi Rukiye Okyay\u2019\u0131n \u00e7al\u0131\u015ft\u0131rd\u0131\u011f\u0131 \u201c TV \u2013\u00c7ocuk Korosu \u201cnun e\u011fitim programlar\u0131 i\u00e7in 60\u2019tan fazla \u00e7ocuk \u015fark\u0131s\u0131 yazd\u0131, bunlar\u0131\u201c Dereden Tepeden \u201c adl\u0131 \u015fark\u0131 kitab\u0131nda topland\u0131.1975\u2019te \u201cDr.Phil\u201d \u00fcnvan\u0131yla tekrar yurda d\u00f6nen Okyay, s\u0131ras\u0131yla GEE \u2013 M\u00fczik B\u00f6l\u00fcm\u00fc\u2019nde ( 1975 \u2013 1976 ), Ege \u00dcniversitesi ( \u0130zmir G\u00fczel Sanatlar Fak\u00fcltesi M\u00fczikbilim B\u00f6l\u00fcm\u00fc\u2019nde ( 1976 \u2013 1978 ), MEB \u2013Talim Terbiye Kurulu \u00dcyesi olarak Bakanl\u0131k Merkez \u00d6rg\u00fct\u00fcnde( 1978 \u20131979 ) g\u00f6rev yapt\u0131. 1980 y\u0131l\u0131nda siyasi nedenlerle nakledildi\u011fi yeni g\u00f6revinden ve devlet memurlu\u011fundan istifa ederek ayr\u0131ld\u0131. M\u00fczik e\u011fitimcisi, m\u00fczik etnolo\u011fu olarak Almanya\u2019n\u0131n H\u00fcr Berlin ve G\u00f6ttingen \u00fcniversitelerinde ( 1980 \u2013 1984 ) \u00e7al\u0131\u015ft\u0131.1985\u2019te Federal Alman H\u00fck\u00fcmetinin parasal deste\u011fi ile \u201cMeslek E\u011fitimi ve K\u00fc\u00e7\u00fck Sanayi \u0130\u015fletmelerini Destekleme Vakf\u0131 \u201c(MEKSA) n\u0131n kurucu \u00fcyesi olarak vakf\u0131n T\u00fcrkiye \u00e7ap\u0131ndaki \u00e7\u0131rakl\u0131k ve meslek e\u011fitimi uygulamalar\u0131n\u0131 y\u00f6netti.( 1984 \u2013 2002 ).2004 \u2013 2011 y\u0131llar\u0131 aras\u0131nda da Ankara \u2013 Ba\u015fkent \u00dcniversitesi Devlet Koservatuvar\u0131\u2019nda \u00f6\u011fretim \u00fcyesi olarak g\u00f6rev yapt\u0131.Dr.Okyay 1990 y\u0131l\u0131ndan beri SCAMV\u2019n\u0131n Y\u00f6netim Kurulu \u00dcyesi\u2019dir. Okyay\u2019\u0131n vak\u0131f yay\u0131nlar\u0131 aras\u0131nda 15 telif ve \u00e7eviri eseri vard\u0131r. Ayr\u0131ca Okyay, 80 dolay\u0131nda \u00e7ocuk \u015fark\u0131s\u0131n\u0131n da bestecisidir. Okyay, Vak\u0131f\u2019taki g\u00f6revini ve yaz\u0131 yazmay\u0131 bug\u00fcn de s\u00fcrd\u00fcr\u00fcyor. <\/p>\n","protected":false},"excerpt":{"rendered":"<p>1933\u2019te Buca\u2019da (\u0130zmir)do\u011fdu. \u0130lk ve orta okulu Buca\u2019da (1940-48 ) \u00d6\u011fretmen Okulunu paras\u0131z yat\u0131l\u0131 olarak Bolu Erkek \u00d6\u011fretmen Okulu\u2019nda (1948-51 ) okudu. Y\u00fcksek \u00f6\u011frenimini Gazi E\u011fitim<span class=\"excerpt-hellip\"> [\u2026]<\/span><\/p>\n","protected":false},"featured_media":0,"template":"","meta":{"_monsterinsights_skip_tracking":false,"_monsterinsights_sitenote_active":false,"_monsterinsights_sitenote_note":"","_monsterinsights_sitenote_category":0},"product_brand":[],"product_cat":[14591,14556],"product_tag":[],"class_list":{"0":"post-737728","1":"product","2":"type-product","3":"status-publish","5":"product_cat-genel-kavramlar-kuram-ve-tarihce","6":"product_cat-muzik","7":"pa_cilt-ciltsiz","8":"pa_tur-kitap","9":"pa_yayinevi-sevda-cenap-and-muzik-vakfi-yayinlari","10":"pa_yazar-erdogan-okyay","12":"first","13":"instock","14":"sale","15":"shipping-taxable","16":"purchasable","17":"product-type-simple"},"_links":{"self":[{"href":"https:\/\/roveyayinevi.com.tr\/index.php\/wp-json\/wp\/v2\/product\/737728","targetHints":{"allow":["GET"]}}],"collection":[{"href":"https:\/\/roveyayinevi.com.tr\/index.php\/wp-json\/wp\/v2\/product"}],"about":[{"href":"https:\/\/roveyayinevi.com.tr\/index.php\/wp-json\/wp\/v2\/types\/product"}],"wp:attachment":[{"href":"https:\/\/roveyayinevi.com.tr\/index.php\/wp-json\/wp\/v2\/media?parent=737728"}],"wp:term":[{"taxonomy":"product_brand","embeddable":true,"href":"https:\/\/roveyayinevi.com.tr\/index.php\/wp-json\/wp\/v2\/product_brand?post=737728"},{"taxonomy":"product_cat","embeddable":true,"href":"https:\/\/roveyayinevi.com.tr\/index.php\/wp-json\/wp\/v2\/product_cat?post=737728"},{"taxonomy":"product_tag","embeddable":true,"href":"https:\/\/roveyayinevi.com.tr\/index.php\/wp-json\/wp\/v2\/product_tag?post=737728"}],"curies":[{"name":"wp","href":"https:\/\/api.w.org\/{rel}","templated":true}]}}