{"id":737725,"date":"2025-08-27T23:34:40","date_gmt":"2025-08-27T20:34:40","guid":{"rendered":"https:\/\/roveyayinevi.com.tr\/index.php\/urun\/w-a-mozart-olusumunun-romani-1\/"},"modified":"2026-04-16T02:47:35","modified_gmt":"2026-04-15T23:47:35","slug":"w-a-mozart-olusumunun-romani-1","status":"publish","type":"product","link":"https:\/\/roveyayinevi.com.tr\/index.php\/urun\/w-a-mozart-olusumunun-romani-1\/","title":{"rendered":"W. A. Mozart &#8211; Olu\u015fumunun Roman\u0131 &#8211; 1"},"content":{"rendered":"<p>W.A.MOZART &#8211; OLU\u015eUMUNUN ROMANI &#8211; 1.Cilt Wolfgang Amadeus Mozart ( Salzburg, 1756 \u2013 Viyana, 1791 )Salzburg\u2019da do\u011fmu\u015f ve bu kent onun hep kaderi olmu\u015f. Ne kadar uzak kalsa da bir g\u00fcn geri d\u00f6nm\u00fc\u015f. Bir dahi olarak huzur i\u00e7inde \u00fcretece\u011fi, kendini \u00f6zg\u00fcrce ifade edece\u011fi, rahat bir ya\u015fam s\u00fcrece\u011fi yeri ve ko\u015fullar\u0131 aram\u0131\u015f. Adeta ilahi bir g\u00fc\u00e7le onun dima\u011f\u0131na s\u00fcz\u00fcl\u00fcp eliyle k\u00e2\u011f\u0131da d\u00f6k\u00fclen notalar, \u00e7ok alk\u0131\u015flanm\u0131\u015f, \u00e7ok k\u0131skan\u0131lm\u0131\u015f.Sanat\u00e7\u0131n\u0131n kab\u0131na s\u0131\u011fmayan aray\u0131\u015f\u0131 ve \u015fans\u0131zl\u0131klar\u0131n\u0131n s\u00fcr\u00fckleyici bir roman tad\u0131nda anlat\u0131ld\u0131\u011f\u0131 Mozart kitaplar\u0131n\u0131 okurken, m\u00fczik eserlerini hayranl\u0131kla dinledi\u011fimiz bu m\u00fczik dehas\u0131n\u0131n ya\u015fam\u0131n\u0131 s\u00fcrd\u00fcrmek i\u00e7in \u00e7ekti\u011fi sanc\u0131lara tan\u0131k olacaks\u0131n\u0131z.Bu ikiz kitab\u0131n yazar\u0131 Felix Huch Beethoven gibi Mozart\u2019\u0131n da ya\u015fam \u00f6yk\u00fcs\u00fcn\u00fc belgelere dayanarak bir edebi esere d\u00f6n\u00fc\u015ft\u00fcrm\u00fc\u015f. Yine bir benzerlikle iki kitap olarak okurlara sunmu\u015f.Erdo\u011fan Okyay, duru ve ak\u0131c\u0131 T\u00fcrk\u00e7esiyle; Mozart\u2019\u0131n ya\u015fam\u0131n\u0131 anlatan bu iki kitab\u0131, Almanca asl\u0131ndan dilimize kazand\u0131rd\u0131. Okyay, akademik \u00f6\u011frenimini Almanya\u2019da tamamlam\u0131\u015f bir m\u00fczik e\u011fitimcisi olup Ba\u015fkent \u00dcniversitesi Devlet Konservatuar\u0131\u2019nda dokuz y\u0131l g\u00f6rev yapt\u0131. Vakf\u0131m\u0131z\u0131n Y\u00f6netim Kurulu \u00fcyesi olan Okyay\u2019\u0131n Vak\u0131f yay\u0131nlar\u0131 aras\u0131nda \u00e7\u0131km\u0131\u015f ikisi \u00e7eviri olmak \u00fczere sekiz kitab\u0131 bulunuyor. <\/p>\n","protected":false},"excerpt":{"rendered":"<p>W.A.MOZART &#8211; OLU\u015eUMUNUN ROMANI &#8211; 1.Cilt Wolfgang Amadeus Mozart ( Salzburg, 1756 \u2013 Viyana, 1791 )Salzburg\u2019da do\u011fmu\u015f ve bu kent onun hep kaderi olmu\u015f. Ne kadar<span class=\"excerpt-hellip\"> [\u2026]<\/span><\/p>\n","protected":false},"featured_media":0,"template":"","meta":{"_monsterinsights_skip_tracking":false,"_monsterinsights_sitenote_active":false,"_monsterinsights_sitenote_note":"","_monsterinsights_sitenote_category":0},"product_brand":[],"product_cat":[14591,14556],"product_tag":[],"class_list":{"0":"post-737725","1":"product","2":"type-product","3":"status-publish","5":"product_cat-genel-kavramlar-kuram-ve-tarihce","6":"product_cat-muzik","7":"pa_cilt-ciltsiz","8":"pa_tur-kitap","9":"pa_yayinevi-sevda-cenap-and-muzik-vakfi-yayinlari","10":"pa_yazar-felix-huch","12":"first","13":"instock","14":"sale","15":"shipping-taxable","16":"purchasable","17":"product-type-simple"},"_links":{"self":[{"href":"https:\/\/roveyayinevi.com.tr\/index.php\/wp-json\/wp\/v2\/product\/737725","targetHints":{"allow":["GET"]}}],"collection":[{"href":"https:\/\/roveyayinevi.com.tr\/index.php\/wp-json\/wp\/v2\/product"}],"about":[{"href":"https:\/\/roveyayinevi.com.tr\/index.php\/wp-json\/wp\/v2\/types\/product"}],"wp:attachment":[{"href":"https:\/\/roveyayinevi.com.tr\/index.php\/wp-json\/wp\/v2\/media?parent=737725"}],"wp:term":[{"taxonomy":"product_brand","embeddable":true,"href":"https:\/\/roveyayinevi.com.tr\/index.php\/wp-json\/wp\/v2\/product_brand?post=737725"},{"taxonomy":"product_cat","embeddable":true,"href":"https:\/\/roveyayinevi.com.tr\/index.php\/wp-json\/wp\/v2\/product_cat?post=737725"},{"taxonomy":"product_tag","embeddable":true,"href":"https:\/\/roveyayinevi.com.tr\/index.php\/wp-json\/wp\/v2\/product_tag?post=737725"}],"curies":[{"name":"wp","href":"https:\/\/api.w.org\/{rel}","templated":true}]}}