{"id":737698,"date":"2025-08-27T23:34:17","date_gmt":"2025-08-27T20:34:17","guid":{"rendered":"https:\/\/roveyayinevi.com.tr\/index.php\/urun\/6-damla\/"},"modified":"2026-04-16T02:47:34","modified_gmt":"2026-04-15T23:47:34","slug":"6-damla","status":"publish","type":"product","link":"https:\/\/roveyayinevi.com.tr\/index.php\/urun\/6-damla\/","title":{"rendered":"6 Damla"},"content":{"rendered":"<p>AHMET SAM\u0130M B\u0130LGEN1910 \u0130stanbul do\u011fumludur. Haydarpa\u015fa Alman Okulu ile Kabata\u015f Lisesi\u2019nden sonra \u0130stanbul ve Harvard (ABD) \u00dcniversitelerinde hukuk \u00f6\u011frenimi g\u00f6rd\u00fc. K\u00fc\u00e7\u00fck ya\u015f\u0131nda annesinden piyano \u00f6\u011frenimine de ba\u015flayan Bilgen daha sonra kendi kendine piyano, armoni, kontrapunt ve f\u00fcg \u00e7al\u0131\u015fmalar\u0131na devam etmekle beraber \u0130stanbul Belediye Konservatuvar\u0131nda viyolonist Seyfettin Asal\u2019dan keman dersleri ald\u0131. \u0130stanbul Hukuk Fak\u00fcltesi\u2019ne devam ederken \u0130nk\u0131lap Lisesi\u2019nde m\u00fczik \u00f6\u011fretmenli\u011fi, 1932-1935 y\u0131llar\u0131 aras\u0131nda Cemal Re\u015fit Rey ve Ferit Alnar\u2019\u0131n y\u00f6nettikleri konservatuvar Orkestras\u0131 ile (Dar\u00fclbedayi) \u015eehir Opereti orkestras\u0131nda keman \u00fcyeli\u011fi, Kad\u0131k\u00f6y Halkevi\u2019nde M\u00fczik kolu ba\u015fkanl\u0131\u011f\u0131 ve piyano \u00f6\u011fretmenli\u011fi yapt\u0131.1936\u2019dan1985 y\u0131l\u0131na kadar Dan\u0131\u015ftay Raport\u00f6rl\u00fc\u011f\u00fc, Bay\u0131nd\u0131rl\u0131k, Maliye Bakanl\u0131klar\u0131, Hukuk ve Ba\u015f Hukuk M\u00fc\u015favirlikleri, Muhakemat Genel M\u00fcd\u00fcrl\u00fc\u011f\u00fc gibi kamu g\u00f6revleri ve serbest avukatl\u0131k yan\u0131nda m\u00fczik \u00e7al\u0131\u015fmalar\u0131n\u0131 s\u00fcrd\u00fcren Bilgen kompozisyon alan\u0131ndaki ilk eserlerini 1937-1940 y\u0131llar\u0131 aras\u0131nda yay\u0131nlam\u0131\u015f, Eski Okul ve Gen\u00e7lik M\u00fczikallerinden \u2019\u2019ANILAR\u2019\u2019 alb\u00fcmlerinde yer verilen alt\u0131 m\u00fczikli oyun 1931-1935 y\u0131llar\u0131 aras\u0131nda bir \u00e7ok \u0130stanbul ve Ankara okullar ile \u0130stanbul\u2019da Frans\u0131z tiyatrosunda temsil edilmi\u015ftir. Otello komedisinin 1933 y\u0131l\u0131nda Ankara Ziraat Enstit\u00fcs\u00fc \u00f6\u011frencileri taraf\u0131ndan halkevinde verilen temsilini Atat\u00fcrk\u2019de \u015fereflendirerek temsilden sonra oynayanlar\u0131 kutlam\u0131\u015f ve komedi Ankara <\/p>\n","protected":false},"excerpt":{"rendered":"<p>AHMET SAM\u0130M B\u0130LGEN1910 \u0130stanbul do\u011fumludur. Haydarpa\u015fa Alman Okulu ile Kabata\u015f Lisesi\u2019nden sonra \u0130stanbul ve Harvard (ABD) \u00dcniversitelerinde hukuk \u00f6\u011frenimi g\u00f6rd\u00fc. K\u00fc\u00e7\u00fck ya\u015f\u0131nda annesinden piyano \u00f6\u011frenimine de<span class=\"excerpt-hellip\"> [\u2026]<\/span><\/p>\n","protected":false},"featured_media":0,"template":"","meta":{"_monsterinsights_skip_tracking":false,"_monsterinsights_sitenote_active":false,"_monsterinsights_sitenote_note":"","_monsterinsights_sitenote_category":0},"product_brand":[],"product_cat":[14556,14557],"product_tag":[],"class_list":{"0":"post-737698","1":"product","2":"type-product","3":"status-publish","5":"product_cat-muzik","6":"product_cat-nota-kitaplari","7":"pa_cilt-ciltsiz","8":"pa_tur-kitap","9":"pa_yayinevi-sevda-cenap-and-muzik-vakfi-yayinlari","10":"pa_yazar-samim-bilgen","12":"first","13":"instock","14":"sale","15":"shipping-taxable","16":"purchasable","17":"product-type-simple"},"_links":{"self":[{"href":"https:\/\/roveyayinevi.com.tr\/index.php\/wp-json\/wp\/v2\/product\/737698","targetHints":{"allow":["GET"]}}],"collection":[{"href":"https:\/\/roveyayinevi.com.tr\/index.php\/wp-json\/wp\/v2\/product"}],"about":[{"href":"https:\/\/roveyayinevi.com.tr\/index.php\/wp-json\/wp\/v2\/types\/product"}],"wp:attachment":[{"href":"https:\/\/roveyayinevi.com.tr\/index.php\/wp-json\/wp\/v2\/media?parent=737698"}],"wp:term":[{"taxonomy":"product_brand","embeddable":true,"href":"https:\/\/roveyayinevi.com.tr\/index.php\/wp-json\/wp\/v2\/product_brand?post=737698"},{"taxonomy":"product_cat","embeddable":true,"href":"https:\/\/roveyayinevi.com.tr\/index.php\/wp-json\/wp\/v2\/product_cat?post=737698"},{"taxonomy":"product_tag","embeddable":true,"href":"https:\/\/roveyayinevi.com.tr\/index.php\/wp-json\/wp\/v2\/product_tag?post=737698"}],"curies":[{"name":"wp","href":"https:\/\/api.w.org\/{rel}","templated":true}]}}