{"id":737696,"date":"2025-08-27T23:34:16","date_gmt":"2025-08-27T20:34:16","guid":{"rendered":"https:\/\/roveyayinevi.com.tr\/index.php\/urun\/ulusal-muzik-ve-musorgski\/"},"modified":"2026-04-16T02:47:34","modified_gmt":"2026-04-15T23:47:34","slug":"ulusal-muzik-ve-musorgski","status":"publish","type":"product","link":"https:\/\/roveyayinevi.com.tr\/index.php\/urun\/ulusal-muzik-ve-musorgski\/","title":{"rendered":"Ulusal M\u00fczik Ve Musorgski"},"content":{"rendered":"<p>Yoksul toprak k\u00f6leleri, dilenciler, sakatlar ve budalalar m\u00fczik tarihinde ilk kez Musorgski\u2019 de ( 1839 \u2013 1881 ) sanat \u015fark\u0131s\u0131na konu olmu\u015f ve halk kitleleri operan\u0131n ger\u00e7ek ba\u015f akt\u00f6r\u00fc konumuna girmi\u015ftir.Musorgski, ezgilerini g\u00fcnl\u00fck konu\u015fmalar\u0131n dibinde gizli m\u00fcziksel \u00f6\u011felerden \u00e7\u0131karak s\u00f6z ve t\u0131n\u0131 uyumunu en ideal d\u00fczeye ula\u015ft\u0131r\u0131r. Her somut insan\u0131n kendi de\u011fer \u00f6l\u00e7\u00fct\u00fcn\u00fc yaln\u0131z kendisi i\u00e7inde ta\u015f\u0131d\u0131\u011f\u0131na inand\u0131\u011f\u0131 i\u00e7indir ki \u2013 b\u00fct\u00fcn genellemelerden uzakla\u015farak \u2013 her \u00f6z\u00fc, o \u00f6ze \u00f6zg\u00fc yepyeni bir bi\u00e7imle sunar. Yap\u0131tlar\u0131n en belirgin niteli\u011fi, bi\u00e7imsel zenginlik ve armoni diline getirdi\u011fi yeniliklerde yatar. Musorgski\u2019nin evrensel de\u011feri, ulusal duygular\u0131ndaki yo\u011funlukla do\u011fru orant\u0131l\u0131d\u0131r.   O b\u00fct\u00fcn y\u00f6resel dereleri ve \u0131rmak kollar\u0131n\u0131 i\u00e7inde toplay\u0131p Hazar Denizi\u2019ne d\u00f6k\u00fclen Volga gibidir. Yap\u0131tlar\u0131 Rusya\u2019n\u0131n m\u00fcziksel bir tarih\u00e7esi ve b\u00fct\u00fcn toplum katmanlar\u0131n\u0131n ses yank\u0131lar\u0131d\u0131r. Bir ya\u015fam g\u00f6zlemcisidir Musorgski. Yarat\u0131c\u0131 ki\u015fili\u011finde g\u00f6zlerindeki keskin bak\u0131\u015f ile kulaklar\u0131ndaki ince duyarl\u0131l\u0131k birbiri ile kayna\u015fm\u0131\u015ft\u0131r.   \u0130nsan ruhunun derinliklerine dal\u0131\u015f\u0131yla Dostoyevski\u2019ye, satir ve g\u00fcld\u00fcr\u00fc yetene\u011fiyle Gogol\u2019e, ezilen yoksul kitlelere yakla\u015f\u0131m\u0131 ile de Gorki\u2019ye benzer.   Esteti\u011fin ara\u015ft\u0131rma konusu olan g\u00fczellik kavram\u0131n\u0131n de\u011ferini, ya\u015fam insan ger\u00e7e\u011fine uygun olup olmamas\u0131yla \u00f6l\u00e7er. <\/p>\n","protected":false},"excerpt":{"rendered":"<p>Yoksul toprak k\u00f6leleri, dilenciler, sakatlar ve budalalar m\u00fczik tarihinde ilk kez Musorgski\u2019 de ( 1839 \u2013 1881 ) sanat \u015fark\u0131s\u0131na konu olmu\u015f ve halk kitleleri operan\u0131n<span class=\"excerpt-hellip\"> [\u2026]<\/span><\/p>\n","protected":false},"featured_media":0,"template":"","meta":{"_monsterinsights_skip_tracking":false,"_monsterinsights_sitenote_active":false,"_monsterinsights_sitenote_note":"","_monsterinsights_sitenote_category":0},"product_brand":[],"product_cat":[14591,14556],"product_tag":[],"class_list":{"0":"post-737696","1":"product","2":"type-product","3":"status-publish","5":"product_cat-genel-kavramlar-kuram-ve-tarihce","6":"product_cat-muzik","7":"pa_cilt-ciltsiz","8":"pa_tur-kitap","9":"pa_yayinevi-sevda-cenap-and-muzik-vakfi-yayinlari","10":"pa_yazar-dincer-yildiz","12":"first","13":"instock","14":"sale","15":"shipping-taxable","16":"purchasable","17":"product-type-simple"},"_links":{"self":[{"href":"https:\/\/roveyayinevi.com.tr\/index.php\/wp-json\/wp\/v2\/product\/737696","targetHints":{"allow":["GET"]}}],"collection":[{"href":"https:\/\/roveyayinevi.com.tr\/index.php\/wp-json\/wp\/v2\/product"}],"about":[{"href":"https:\/\/roveyayinevi.com.tr\/index.php\/wp-json\/wp\/v2\/types\/product"}],"wp:attachment":[{"href":"https:\/\/roveyayinevi.com.tr\/index.php\/wp-json\/wp\/v2\/media?parent=737696"}],"wp:term":[{"taxonomy":"product_brand","embeddable":true,"href":"https:\/\/roveyayinevi.com.tr\/index.php\/wp-json\/wp\/v2\/product_brand?post=737696"},{"taxonomy":"product_cat","embeddable":true,"href":"https:\/\/roveyayinevi.com.tr\/index.php\/wp-json\/wp\/v2\/product_cat?post=737696"},{"taxonomy":"product_tag","embeddable":true,"href":"https:\/\/roveyayinevi.com.tr\/index.php\/wp-json\/wp\/v2\/product_tag?post=737696"}],"curies":[{"name":"wp","href":"https:\/\/api.w.org\/{rel}","templated":true}]}}