{"id":737671,"date":"2025-08-27T23:33:47","date_gmt":"2025-08-27T20:33:47","guid":{"rendered":"https:\/\/roveyayinevi.com.tr\/index.php\/urun\/alman-idealizminde-askinlik-ve-tarihsellik\/"},"modified":"2026-04-16T02:47:33","modified_gmt":"2026-04-15T23:47:33","slug":"alman-idealizminde-askinlik-ve-tarihsellik","status":"publish","type":"product","link":"https:\/\/roveyayinevi.com.tr\/index.php\/urun\/alman-idealizminde-askinlik-ve-tarihsellik\/","title":{"rendered":"Alman \u0130dealizminde A\u015fk\u0131nl\u0131k Ve Tarihsellik"},"content":{"rendered":"<p>Kant\u2019\u0131n Saf Akl\u0131n Ele\u015ftirisi\u2019yle ba\u015flayan transendental felsefe, kendinden \u00f6nceki metafizi\u011fi tarihe g\u00f6merken onun en temel iki kabul\u00fcn\u00fc de ge\u00e7ersiz hale getirmi\u015fti: \u0130nsan\u0131n mutla\u011f\u0131 bilmeye muktedir \u2013hatta mecbur\u2013 olu\u015fu ve o mutla\u011f\u0131 deneyimleyebilir olu\u015fu. Deneyimin ve onun bilgisinin s\u0131n\u0131rlar\u0131n\u0131n d\u0131\u015f\u0131na at\u0131lan a\u015fk\u0131nl\u0131\u011f\u0131n Kant\u2019\u0131n pratik felsefesine geri d\u00f6n\u00fc\u015f\u00fcyse ahlaki bir Tanr\u0131\u2019n\u0131n post\u00fclat olarak al\u0131nmas\u0131 bi\u00e7iminde ger\u00e7ekle\u015fti. Kant\u2019\u0131n yol a\u00e7t\u0131\u011f\u0131 d\u00fc\u015f\u00fcnce okullar\u0131n\u0131n i\u00e7inde en merkez\u00ee \u00f6nem ta\u015f\u0131yanlardan biri olan Alman \u0130dealizmi, Kant\u2019\u0131n \u00e7izdi\u011fi s\u0131n\u0131rlar\u0131n hepsini \u00e7i\u011fneyerek ve onun d\u00fc\u015f\u00fcncesini kendilerince varabilece\u011fi en u\u00e7 noktalara g\u00f6t\u00fcrerek farkl\u0131 sistemler ortaya koydu. Bu hareketleriyle, Kant\u2019a kar\u015f\u0131 yine Kant\u2019\u0131 kullanarak a\u015fk\u0131nl\u0131\u011f\u0131 ve sonsuzlu\u011fu yeniden felsefi d\u00fc\u015f\u00fcncenin i\u00e7ine geri getirdiler ve a\u015fk\u0131nl\u0131\u011f\u0131n modern insan\u0131n varolu\u015fu a\u00e7\u0131s\u0131ndan h\u00e2l\u00e2 anlaml\u0131 ve \u00f6nemli oldu\u011funu g\u00f6stermeye \u00e7al\u0131\u015ft\u0131lar. \u0130dealist felsefenin hareketini izleyip Hegel\u2019e geldi\u011fimizde bunun, a\u015fk\u0131nl\u0131\u011f\u0131n ve mutla\u011f\u0131n tarihselle\u015ftirilmesi pahas\u0131na ba\u015far\u0131ld\u0131\u011f\u0131n\u0131 g\u00f6r\u00fcyoruz. Elinizdeki kitap, a\u015fk\u0131nl\u0131\u011f\u0131n Alman \u0130dealizminde nas\u0131l tarihselle\u015ftirildi\u011fini ve bunun g\u00fcn\u00fcm\u00fcz a\u00e7\u0131s\u0131ndan neden \u00f6nemli oldu\u011funu tart\u0131\u015fmaya a\u00e7\u0131yor. <\/p>\n","protected":false},"excerpt":{"rendered":"<p>Kant\u2019\u0131n Saf Akl\u0131n Ele\u015ftirisi\u2019yle ba\u015flayan transendental felsefe, kendinden \u00f6nceki metafizi\u011fi tarihe g\u00f6merken onun en temel iki kabul\u00fcn\u00fc de ge\u00e7ersiz hale getirmi\u015fti: \u0130nsan\u0131n mutla\u011f\u0131 bilmeye muktedir \u2013hatta<span class=\"excerpt-hellip\"> [\u2026]<\/span><\/p>\n","protected":false},"featured_media":0,"template":"","meta":{"_monsterinsights_skip_tracking":false,"_monsterinsights_sitenote_active":false,"_monsterinsights_sitenote_note":"","_monsterinsights_sitenote_category":0},"product_brand":[],"product_cat":[12389,12388],"product_tag":[],"class_list":{"0":"post-737671","1":"product","2":"type-product","3":"status-publish","5":"product_cat-diger-felsefe","6":"product_cat-felsefe","7":"pa_cilt-ciltsiz","8":"pa_tur-kitap","9":"pa_yayinevi-ayrinti-yayinlari","10":"pa_yazar-omer-b-albayrak","12":"first","13":"instock","14":"sale","15":"shipping-taxable","16":"purchasable","17":"product-type-simple"},"_links":{"self":[{"href":"https:\/\/roveyayinevi.com.tr\/index.php\/wp-json\/wp\/v2\/product\/737671","targetHints":{"allow":["GET"]}}],"collection":[{"href":"https:\/\/roveyayinevi.com.tr\/index.php\/wp-json\/wp\/v2\/product"}],"about":[{"href":"https:\/\/roveyayinevi.com.tr\/index.php\/wp-json\/wp\/v2\/types\/product"}],"wp:attachment":[{"href":"https:\/\/roveyayinevi.com.tr\/index.php\/wp-json\/wp\/v2\/media?parent=737671"}],"wp:term":[{"taxonomy":"product_brand","embeddable":true,"href":"https:\/\/roveyayinevi.com.tr\/index.php\/wp-json\/wp\/v2\/product_brand?post=737671"},{"taxonomy":"product_cat","embeddable":true,"href":"https:\/\/roveyayinevi.com.tr\/index.php\/wp-json\/wp\/v2\/product_cat?post=737671"},{"taxonomy":"product_tag","embeddable":true,"href":"https:\/\/roveyayinevi.com.tr\/index.php\/wp-json\/wp\/v2\/product_tag?post=737671"}],"curies":[{"name":"wp","href":"https:\/\/api.w.org\/{rel}","templated":true}]}}