{"id":737667,"date":"2025-08-27T23:33:43","date_gmt":"2025-08-27T20:33:43","guid":{"rendered":"https:\/\/roveyayinevi.com.tr\/index.php\/urun\/metoo\/"},"modified":"2026-04-16T02:47:33","modified_gmt":"2026-04-15T23:47:33","slug":"metoo","status":"publish","type":"product","link":"https:\/\/roveyayinevi.com.tr\/index.php\/urun\/metoo\/","title":{"rendered":"MeToo"},"content":{"rendered":"<p>K\u00fcresel y\u00fckseli\u015finin yo\u011funlu\u011fu \u00e7arp\u0131c\u0131 bir toplumsal de\u011fi\u015fime i\u015faret eden MeToo hareketinin kapsam\u0131 ve yayg\u0131nl\u0131\u011f\u0131 daha \u00f6nce cinsel \u015fiddet etraf\u0131nda \u00e7evrimi\u00e7i \u00f6rg\u00fctlenen herhangi bir giri\u015fiminkini a\u015fm\u0131\u015f durumda. MeToo hareketinin ortaya \u00e7\u0131k\u0131\u015f\u0131 ve #MeToo etiketiyle yay\u0131lan art\u00e7\u0131 aktivizmin ard\u0131ndan, cinsel sald\u0131r\u0131 ve taciz if\u015falar\u0131 d\u00fcnya genelinde yay\u0131lmaya; etiketle s\u00fcregiden bu aktivizm sosyal medya kullan\u0131m\u0131n\u0131 a\u015farak ger\u00e7ek d\u00fcnya aktivizmine d\u00f6n\u00fc\u015fen feminist bir direni\u015fi yayg\u0131nla\u015ft\u0131rmaya; ara\u015ft\u0131rmac\u0131 gazeteciler, hayatta kalanlara ataerkil iktidara kar\u015f\u0131 hakikati konu\u015fabilmeleri i\u00e7in platform sunarak cinsel \u015fiddet hik\u00e2yelerini yay\u0131mlamaya devam ediyor. Meenakshi Gigi Durham de MeToo: Medyadaki Tecav\u00fcz K\u00fclt\u00fcr\u00fcn\u00fcn Etkisi ad\u0131n\u0131 verdi\u011fi bu kitab\u0131nda, bir yandan tecav\u00fcz k\u00fclt\u00fcr\u00fcn\u00fcn medyada nas\u0131l yayg\u0131nla\u015ft\u0131\u011f\u0131n\u0131; tecav\u00fcz k\u00fclt\u00fcr\u00fcn\u00fcn kol gezdi\u011fi ancak kas\u0131tl\u0131 olarak g\u00f6zlerden saklamak ve hayatta kalanlar\u0131 sessizle\u015ftirmek amac\u0131yla kemikle\u015fmi\u015f stratejilerin uyguland\u0131\u011f\u0131 medya kurumlar\u0131n\u0131n varl\u0131\u011f\u0131n\u0131; tecav\u00fcz k\u00fclt\u00fcr\u00fcn\u00fcn medya \u00fcretimi, kullan\u0131lan g\u00f6rseller, verilen mesajlar, medya sosyal a\u011flar\u0131, pornografi ve tecav\u00fcz pornosu gibi siber cinsel su\u00e7lardan haber muhabirli\u011fine kadar temsiller yoluyla sistematik olarak nas\u0131l cisimlendirildi\u011fini anlat\u0131yor. Bunu yaparken de medyan\u0131n cinsel \u015fiddet kar\u015f\u0131t\u0131 hareketi g\u00fc\u00e7lendiren ve tecav\u00fcz k\u00fclt\u00fcr\u00fcne meydan okuyan rol\u00fcnden bahsetmeyi ihmal etmiyor. MeToo: Medyadaki Tecav\u00fcz K\u00fclt\u00fcr\u00fcn\u00fcn Etkisi sadece medya, ileti\u015fim, toplumsal cinsiyet \u00e7al\u0131\u015fmalar\u0131 ve sosyoloji \u00f6\u011frencilerinin ve akademisyenlerin de\u011fil, cinsel politikan\u0131n mevcut durumuyla ilgilenen her bireyin ilgisini \u00e7ekecek g\u00fcncel ve ufuk a\u00e7\u0131c\u0131 bir kitap. <\/p>\n","protected":false},"excerpt":{"rendered":"<p>K\u00fcresel y\u00fckseli\u015finin yo\u011funlu\u011fu \u00e7arp\u0131c\u0131 bir toplumsal de\u011fi\u015fime i\u015faret eden MeToo hareketinin kapsam\u0131 ve yayg\u0131nl\u0131\u011f\u0131 daha \u00f6nce cinsel \u015fiddet etraf\u0131nda \u00e7evrimi\u00e7i \u00f6rg\u00fctlenen herhangi bir giri\u015fiminkini a\u015fm\u0131\u015f durumda.<span class=\"excerpt-hellip\"> [\u2026]<\/span><\/p>\n","protected":false},"featured_media":0,"template":"","meta":{"_monsterinsights_skip_tracking":false,"_monsterinsights_sitenote_active":false,"_monsterinsights_sitenote_note":"","_monsterinsights_sitenote_category":0},"product_brand":[],"product_cat":[14787,13488],"product_tag":[],"class_list":{"0":"post-737667","1":"product","2":"type-product","3":"status-publish","5":"product_cat-diger-toplum-ve-insan","6":"product_cat-toplum-ve-insan","7":"pa_cilt-ciltsiz","8":"pa_tur-kitap","9":"pa_yayinevi-dusbaz-kitaplar","10":"pa_yazar-meenakshi-gigi-durham","12":"first","13":"instock","14":"sale","15":"shipping-taxable","16":"purchasable","17":"product-type-simple"},"_links":{"self":[{"href":"https:\/\/roveyayinevi.com.tr\/index.php\/wp-json\/wp\/v2\/product\/737667","targetHints":{"allow":["GET"]}}],"collection":[{"href":"https:\/\/roveyayinevi.com.tr\/index.php\/wp-json\/wp\/v2\/product"}],"about":[{"href":"https:\/\/roveyayinevi.com.tr\/index.php\/wp-json\/wp\/v2\/types\/product"}],"wp:attachment":[{"href":"https:\/\/roveyayinevi.com.tr\/index.php\/wp-json\/wp\/v2\/media?parent=737667"}],"wp:term":[{"taxonomy":"product_brand","embeddable":true,"href":"https:\/\/roveyayinevi.com.tr\/index.php\/wp-json\/wp\/v2\/product_brand?post=737667"},{"taxonomy":"product_cat","embeddable":true,"href":"https:\/\/roveyayinevi.com.tr\/index.php\/wp-json\/wp\/v2\/product_cat?post=737667"},{"taxonomy":"product_tag","embeddable":true,"href":"https:\/\/roveyayinevi.com.tr\/index.php\/wp-json\/wp\/v2\/product_tag?post=737667"}],"curies":[{"name":"wp","href":"https:\/\/api.w.org\/{rel}","templated":true}]}}