{"id":737663,"date":"2025-08-27T23:33:38","date_gmt":"2025-08-27T20:33:38","guid":{"rendered":"https:\/\/roveyayinevi.com.tr\/index.php\/urun\/kayip-dev\/"},"modified":"2026-04-16T02:47:33","modified_gmt":"2026-04-15T23:47:33","slug":"kayip-dev","status":"publish","type":"product","link":"https:\/\/roveyayinevi.com.tr\/index.php\/urun\/kayip-dev\/","title":{"rendered":"Kay\u0131p Dev"},"content":{"rendered":"<p>Sincap ve bayku\u015f, ormanda kalbine ok saplanm\u0131\u015f bir devle kar\u015f\u0131la\u015f\u0131rlar. Dev, kendisiyle ilgili hi\u00e7bir \u015fey hat\u0131rlamamaktad\u0131r. Bu b\u00fcy\u00fck adam\u0131n kim oldu\u011funu ve nereden geldi\u011fini bulmak i\u00e7in gizemli bir yolculu\u011fa \u00e7\u0131karlar. \u00dc\u00e7 arkada\u015f bu tehlikeli yolculukta k\u00f6t\u00fcl\u00fcklere kar\u015f\u0131 yanlar\u0131nda yaln\u0131zca iyilik, dostluk, yard\u0131mla\u015fma ve birbirlerine duyduklar\u0131 g\u00fcveni ta\u015f\u0131rlar.<\/p>\n","protected":false},"excerpt":{"rendered":"<p>Sincap ve bayku\u015f, ormanda kalbine ok saplanm\u0131\u015f bir devle kar\u015f\u0131la\u015f\u0131rlar. Dev, kendisiyle ilgili hi\u00e7bir \u015fey hat\u0131rlamamaktad\u0131r. Bu b\u00fcy\u00fck adam\u0131n kim oldu\u011funu ve nereden geldi\u011fini bulmak i\u00e7in<span class=\"excerpt-hellip\"> [\u2026]<\/span><\/p>\n","protected":false},"featured_media":0,"template":"","meta":{"_monsterinsights_skip_tracking":false,"_monsterinsights_sitenote_active":false,"_monsterinsights_sitenote_note":"","_monsterinsights_sitenote_category":0},"product_brand":[],"product_cat":[12275,12274],"product_tag":[],"class_list":{"0":"post-737663","1":"product","2":"type-product","3":"status-publish","5":"product_cat-6-12-yas-kitaplari","6":"product_cat-cocuk-ve-genclik-kitaplari","7":"pa_cilt-ciltsiz","8":"pa_tur-kitap","9":"pa_yayinevi-epsilon-ozel-urun","10":"pa_yazar-rifat-batur","12":"first","13":"instock","14":"sale","15":"shipping-taxable","16":"purchasable","17":"product-type-simple"},"_links":{"self":[{"href":"https:\/\/roveyayinevi.com.tr\/index.php\/wp-json\/wp\/v2\/product\/737663","targetHints":{"allow":["GET"]}}],"collection":[{"href":"https:\/\/roveyayinevi.com.tr\/index.php\/wp-json\/wp\/v2\/product"}],"about":[{"href":"https:\/\/roveyayinevi.com.tr\/index.php\/wp-json\/wp\/v2\/types\/product"}],"wp:attachment":[{"href":"https:\/\/roveyayinevi.com.tr\/index.php\/wp-json\/wp\/v2\/media?parent=737663"}],"wp:term":[{"taxonomy":"product_brand","embeddable":true,"href":"https:\/\/roveyayinevi.com.tr\/index.php\/wp-json\/wp\/v2\/product_brand?post=737663"},{"taxonomy":"product_cat","embeddable":true,"href":"https:\/\/roveyayinevi.com.tr\/index.php\/wp-json\/wp\/v2\/product_cat?post=737663"},{"taxonomy":"product_tag","embeddable":true,"href":"https:\/\/roveyayinevi.com.tr\/index.php\/wp-json\/wp\/v2\/product_tag?post=737663"}],"curies":[{"name":"wp","href":"https:\/\/api.w.org\/{rel}","templated":true}]}}