{"id":737662,"date":"2025-08-27T23:33:36","date_gmt":"2025-08-27T20:33:36","guid":{"rendered":"https:\/\/roveyayinevi.com.tr\/index.php\/urun\/kirik-beyaz\/"},"modified":"2026-04-16T02:47:33","modified_gmt":"2026-04-15T23:47:33","slug":"kirik-beyaz","status":"publish","type":"product","link":"https:\/\/roveyayinevi.com.tr\/index.php\/urun\/kirik-beyaz\/","title":{"rendered":"K\u0131r\u0131k Beyaz"},"content":{"rendered":"<p>\u201cben insan\u0131n al\u0131nyaz\u0131s\u0131 kadar karayken sen Tanr\u0131\u2019n\u0131n el yaz\u0131s\u0131 kadar beyazs\u0131n nas\u0131l olsa zaman\u0131m\u0131z bir, b\u0131rak, v\u00fccutlar\u0131m\u0131z iki kals\u0131n\u201d Can G\u00fcrses, En G\u00fczel G\u00fcnlerini Demek Bensiz Ya\u015fad\u0131n\u2019\u0131n ard\u0131ndan kaleme ald\u0131\u011f\u0131 ikinci roman\u0131 K\u0131r\u0131k Beyaz\u2019da Kuzgun\u2019un masal\u0131n\u0131 anlat\u0131r. Can al\u0131c\u0131 bir karar almak \u00fczere olan Kuzgun, kar\u015f\u0131s\u0131na \u00e7\u0131k\u0131veren g\u00f6kku\u015fa\u011f\u0131n\u0131n her bir renginde hayat\u0131n\u0131n bir d\u00f6n\u00fcm\u00fcn\u00fc g\u00f6r\u00fcr. Okur da Kuzgun\u2019la beraber kendisini ger\u00e7ek\u00e7i bir masal diyar\u0131nda bulur. Bu diyar okuru en \u00e7ok da \u201cson Beyo\u011flu\u201dna \u00e7\u0131kar\u0131r. Anlat\u0131lan tarih 1990\u2019lar olsa da Beyo\u011flu\u2019nun son g\u00fczel demlerinde ge\u00e7en roman, uzak bir hayal hissi yarat\u0131r. Can G\u00fcrses\u2019in b\u00fct\u00fcn romanlar\u0131nda oldu\u011fu gibi K\u0131r\u0131k Beyaz\u2019da da \u00fcslup en az hik\u00e2yenin kendisi kadar hayatidir; cesur, bamba\u015fka ve \u00e7okseslidir.Renklerden ge\u00e7tik\u00e7e siyaha s\u00fcr\u00fcklendi\u011fimiz bu d\u00fcnyada beyaz kalman\u0131n, iyili\u011fin, safl\u0131\u011f\u0131n m\u00fcmk\u00fcn olup olmad\u0131\u011f\u0131n\u0131 sorgulayan K\u0131r\u0131k Beyaz\u2019a Ekin Urcan, metinlerle ruhda\u015f tondaki \u00e7izimleriyle yolda\u015fl\u0131k ediyor.   CAN G\u00dcRSES: 6 Temmuz 1989\u2019da \u0130stanbul\u2019da do\u011fdu. Yat\u0131l\u0131 okudu\u011fu VKV Ko\u00e7 \u00d6zel Lisesi\u2019nden Cervantes\u2019in Don Ki\u015fot\u2019u, O\u011fuz Atay\u2019\u0131n Tutunamayanlar\u2019\u0131 ve Bulgakov\u2019un Usta ile Margarita\u2019s\u0131 \u00fczerinden ironi-yazar-toplum ili\u015fkisini tart\u0131\u015ft\u0131\u011f\u0131 tezinden tam not alarak, International Baccalaureate (Uluslararas\u0131 Diploma) ile 2007\u2019de mezun oldu.  \u0130ngiltere\u2019de The University of Kent\u2019te Kar\u015f\u0131la\u015ft\u0131rmal\u0131 Edebiyat ve Film b\u00f6l\u00fcmlerini Krzysztof Kieslowski\u2019nin A\u015fk \u00dczerine K\u0131sa Bir Film, Mavi ve Veroniqu\u00e9\u2019in \u0130kili Ya\u015fam\u0131 filmleri \u00fczerinden ger\u00e7ekli\u011fin kurmacal\u0131\u011f\u0131n\u0131 tart\u0131\u015ft\u0131\u011f\u0131 tezi ile en y\u00fcksek ikinci dereceyle 2010\u2019da bitirdi. \u0130sko\u00e7ya\u2019da The University of Edinburgh\u2019ta Kar\u015f\u0131la\u015ft\u0131rmal\u0131 Edebiyat dal\u0131ndaki y\u00fcksek lisans e\u011fitimini, Orhan Pamuk\u2019un Beyaz Kale ve Amin Maalouf\u2019un Afrikal\u0131 Leo romanlar\u0131 \u00fczerinden kimli\u011fin Do\u011fu-Bat\u0131 ve ben-\u00f6teki par\u00e7alanmas\u0131n\u0131 \u00e7\u00f6z\u00fcmledi\u011fi teziyle 2011\u2019de tamamlad\u0131. \u00dcniversite y\u0131llar\u0131nda ilk roman\u0131 En G\u00fczel G\u00fcnlerini Demek Bensiz Ya\u015fad\u0131n ile k\u00fc\u00e7\u00fck ve b\u00fcy\u00fck \u00e7ocuklar i\u00e7in kaleme ald\u0131\u011f\u0131 \u0130nce ile Uzun adl\u0131 serinin \u00fc\u00e7 kitab\u0131n\u0131 yazd\u0131. Bilgi \u00dcniversitesi\u2019nde \u201cEle\u015ftirel D\u00fc\u015f\u00fcnce\u201d ile \u201c\u0130ngiliz Dili ve Edebiyat\u0131\u201d derslerini verdi\u011fi, Bir+Bir dergisindeki \u201cEdebiyat Gard\u0131robu\u201d adl\u0131 k\u00f6\u015fesinde yazd\u0131\u011f\u0131 2012-13 y\u0131llar\u0131nda ikinci roman\u0131 K\u0131r\u0131k Beyaz\u2019\u0131 tamamlad\u0131. 2013-2017 y\u0131llar\u0131 aras\u0131nda \u00d6l\u00fcyordum, Ge\u00e7erken U\u011frad\u0131m adl\u0131 \u00fc\u00e7\u00fcnc\u00fc roman\u0131n\u0131 kaleme ald\u0131. \u00d6l\u00fcyordum, Ge\u00e7erken U\u011frad\u0131m, Fikir Kul\u00fcpleri Federasyonu taraf\u0131ndan 2019\u2019da roman \u00f6d\u00fcl\u00fcne l\u00e2y\u0131k g\u00f6r\u00fcld\u00fc.10 Ekim 2015 an\u0131s\u0131na yay\u0131nlanan Bar\u0131\u015f Portreleri kitab\u0131nda Veysel At\u0131lgan\u2019\u0131 \u201cKendime Kanat Yapsam U\u00e7abilir miyim Anne?\u201d hik\u00e2yesiyle anlatt\u0131. 2017\u2019de Ursula K. Le Guin\u2019in \u015fiir kitab\u0131 Late in The Day\u2019i G\u00fcn\u00fcn Ge\u00e7 Vakitleri ismiyle T\u00fcrk\u00e7ele\u015ftiren Can G\u00fcrses, 2018-2019 y\u0131llar\u0131 aras\u0131nda James Joyce\u2019un A Portrait of the Artist as a Young Man roman\u0131n\u0131 Sanat\u00e7\u0131n\u0131n Yeniyetme Halleri ismiyle dilimize \u00e7evirdi.2019\u2019da \u201cZaman\u0131n \u00d6tesindeki Diyar\u201d ad\u0131n\u0131 verdi\u011fi sinema senaryosunu yazd\u0131. Temmuz 2019-Ocak 2022 y\u0131llar\u0131 aras\u0131nda Bir \u00d6mr\u00fcn Takvimi adl\u0131 d\u00f6rd\u00fcnc\u00fc roman\u0131n\u0131 yazd\u0131. Aral\u0131k 2020-May\u0131s 2021 aras\u0131nda Andre Gide&#8217;in roman\u0131 Pastoral Senfoni&#8217;yi ayn\u0131 isimle sinemaya uyarlad\u0131.Romanlar\u0131: En G\u00fczel G\u00fcnlerini Demek Bensiz Ya\u015fad\u0131n (2014), K\u0131r\u0131k Beyaz (2105), \u00d6l\u00fcyordum, Ge\u00e7erken U\u011frad\u0131m (2017)K\u00fc\u00e7\u00fck ve B\u00fcy\u00fck \u00c7ocuk Romanlar\u0131: \u0130nce ile Uzun I- Ac\u0131badem Kurabiyesi, \u0130nce ile Uzun II- B\u00fcy\u00fcm\u00fc\u015f de K\u00fc\u00e7\u00fclm\u00fc\u015f Deniz K\u0131z\u0131, \u0130nce ile Uzun III- Kazablanka (2015) \u00c7evirileri: G\u00fcn\u00fcn Ge\u00e7 Vakitleri -Ursula K. Le Guin (2019), Sanat\u00e7\u0131n\u0131n Yeniyetme Halleri- James Joyce (2020). <\/p>\n","protected":false},"excerpt":{"rendered":"<p>\u201cben insan\u0131n al\u0131nyaz\u0131s\u0131 kadar karayken sen Tanr\u0131\u2019n\u0131n el yaz\u0131s\u0131 kadar beyazs\u0131n nas\u0131l olsa zaman\u0131m\u0131z bir, b\u0131rak, v\u00fccutlar\u0131m\u0131z iki kals\u0131n\u201d Can G\u00fcrses, En G\u00fczel G\u00fcnlerini Demek Bensiz<span class=\"excerpt-hellip\"> [\u2026]<\/span><\/p>\n","protected":false},"featured_media":0,"template":"","meta":{"_monsterinsights_skip_tracking":false,"_monsterinsights_sitenote_active":false,"_monsterinsights_sitenote_note":"","_monsterinsights_sitenote_category":0},"product_brand":[],"product_cat":[12291,12711],"product_tag":[],"class_list":{"0":"post-737662","1":"product","2":"type-product","3":"status-publish","5":"product_cat-edebiyat","6":"product_cat-roman-oyku","7":"pa_cilt-ciltsiz","8":"pa_tur-kitap","9":"pa_yayinevi-ayrinti-yayinlari","10":"pa_yazar-can-gurses","12":"first","13":"instock","14":"sale","15":"shipping-taxable","16":"purchasable","17":"product-type-simple"},"_links":{"self":[{"href":"https:\/\/roveyayinevi.com.tr\/index.php\/wp-json\/wp\/v2\/product\/737662","targetHints":{"allow":["GET"]}}],"collection":[{"href":"https:\/\/roveyayinevi.com.tr\/index.php\/wp-json\/wp\/v2\/product"}],"about":[{"href":"https:\/\/roveyayinevi.com.tr\/index.php\/wp-json\/wp\/v2\/types\/product"}],"wp:attachment":[{"href":"https:\/\/roveyayinevi.com.tr\/index.php\/wp-json\/wp\/v2\/media?parent=737662"}],"wp:term":[{"taxonomy":"product_brand","embeddable":true,"href":"https:\/\/roveyayinevi.com.tr\/index.php\/wp-json\/wp\/v2\/product_brand?post=737662"},{"taxonomy":"product_cat","embeddable":true,"href":"https:\/\/roveyayinevi.com.tr\/index.php\/wp-json\/wp\/v2\/product_cat?post=737662"},{"taxonomy":"product_tag","embeddable":true,"href":"https:\/\/roveyayinevi.com.tr\/index.php\/wp-json\/wp\/v2\/product_tag?post=737662"}],"curies":[{"name":"wp","href":"https:\/\/api.w.org\/{rel}","templated":true}]}}