{"id":737660,"date":"2025-08-27T23:33:34","date_gmt":"2025-08-27T20:33:34","guid":{"rendered":"https:\/\/roveyayinevi.com.tr\/index.php\/urun\/intihar-ve-bilimkurgu\/"},"modified":"2026-04-16T02:47:33","modified_gmt":"2026-04-15T23:47:33","slug":"intihar-ve-bilimkurgu","status":"publish","type":"product","link":"https:\/\/roveyayinevi.com.tr\/index.php\/urun\/intihar-ve-bilimkurgu\/","title":{"rendered":"\u0130ntihar Ve Bilimkurgu"},"content":{"rendered":"<p>Carlos Guti\u00e9rrez-Jones, \u00e7a\u011fda\u015f bilimkurgu yap\u0131tlar\u0131ndan olu\u015fan malzemesinde, psikolojinin karanl\u0131k taraf\u0131ndaki intihar krizlerinin nas\u0131l yorumland\u0131\u011f\u0131n\u0131 inceliyor.   Sadece kriz anlar\u0131ndaki intihar e\u011filimleri de\u011fil, dibe vurmalar, kendine zarar verme \u00f6ru\u0308ntu\u0308leri, yeniden ba\u015flatma imk\u00e2nlar\u0131 gibi geni\u015f \u00e7apl\u0131 olas\u0131l\u0131klar\u0131 bilimkurgu edebiyat\u0131n\u0131n baz\u0131 ba\u015fyap\u0131tlar\u0131 ve yak\u0131n d\u00f6nem sineman\u0131n ses getirmi\u015f iki filmi u\u0308zerinden ele al\u0131yor. B\u00f6ylece Viktorya d\u00f6neminde Darwin\u2019in yaratt\u0131\u011f\u0131 kayg\u0131lardan uzay \u00e7a\u011f\u0131ndaki nu\u0308kleer imha tehdidine, yapay zek\u00e2n\u0131n geli\u015fiminden bilin\u00e7alt\u0131n\u0131n sibernetik istilas\u0131na ve oyunla\u015fan du\u0308nyada \u015firketlerin egemenli\u011finden ufuktaki ekolojik felakete ve biyoter\u00f6rizmin yu\u0308kseli\u015fine \u00e7ok farkl\u0131 kriz halleri hakk\u0131nda du\u0308\u015fu\u0308nme imk\u00e2n\u0131 veriyor.   \u201c\u0130lk B\u00f6lu\u0308mu\u0308n odakland\u0131\u011f\u0131 Dr. Moreau\u2019nun Adas\u0131\u2019nda, H.G. Wells Darwin\u2019in evrim kuram\u0131n\u0131n do\u011furdu\u011fu krize ve insan \u00f6zgu\u0308cu\u0308lu\u0308\u011fe meydan okumas\u0131na yan\u0131t veriyor.   Stanislaw Lem\u2019in Solaris\u2019ine ayr\u0131lan \u0130kinci B\u00f6lu\u0308m yazar\u0131n bilimin geli\u015fmesine dair, ka\u00e7\u0131n\u0131lmaz gibi g\u00f6ru\u0308nen ve yabanc\u0131 ya\u015famla temas\u0131 son derece sorunlu bir hale getirebilecek bir \u00f6nyarg\u0131, bir insanbi\u00e7imcilik olarak ifadesini bulan, derin ku\u015fkuculu\u011funu ele al\u0131yor.   \u00dc\u00e7u\u0308ncu\u0308 B\u00f6lu\u0308m yapay zek\u00e2larla payla\u015f\u0131lan bir du\u0308nyada insanl\u0131\u011f\u0131n statu\u0308su\u0308ne dair kayg\u0131lar\u0131 i\u015fleyen bir roman\u0131, William Gibson\u2019\u0131n Neuromancer\u2019\u0131n\u0131 inceliyor; burada Gibson \u00f6zellikle bu tu\u0308r zek\u00e2lar\u0131n yarat\u0131c\u0131lar\u0131ndan ne tu\u0308r du\u0308\u015fu\u0308nce al\u0131\u015fkanl\u0131klar\u0131n\u0131 alm\u0131\u015f olabileceklerini soruyor.   D\u00f6rdu\u0308ncu\u0308 B\u00f6lu\u0308m yak\u0131n tarihli iki filmi, Christopher Nolan\u2019\u0131n Ba\u015flang\u0131\u00e7\u2019\u0131n\u0131 (Inception) ve Rian Johnson\u2019un Tetik\u00e7iler\u2019ini (Looper) analize tabi tutuyor.   Margaret Atwood\u2019un Delli\u00c2ddem u\u0308\u00e7lemesini inceleyen Be\u015finci B\u00f6lu\u0308m, yazar\u0131n k\u0131yamet sonras\u0131 tahayyu\u0308lu\u0308nu\u0308n modern \u00e7evreci hareketin geli\u015fmesinde \u00f6nemli bir rol oynayan Malthus\u00e7u dinamiklerin kapsaml\u0131 bir ele\u015ftirisini ortaya koydu\u011funu savunuyor.\u201d <\/p>\n","protected":false},"excerpt":{"rendered":"<p>Carlos Guti\u00e9rrez-Jones, \u00e7a\u011fda\u015f bilimkurgu yap\u0131tlar\u0131ndan olu\u015fan malzemesinde, psikolojinin karanl\u0131k taraf\u0131ndaki intihar krizlerinin nas\u0131l yorumland\u0131\u011f\u0131n\u0131 inceliyor. Sadece kriz anlar\u0131ndaki intihar e\u011filimleri de\u011fil, dibe vurmalar, kendine zarar verme<span class=\"excerpt-hellip\"> [\u2026]<\/span><\/p>\n","protected":false},"featured_media":0,"template":"","meta":{"_monsterinsights_skip_tracking":false,"_monsterinsights_sitenote_active":false,"_monsterinsights_sitenote_note":"","_monsterinsights_sitenote_category":0},"product_brand":[],"product_cat":[12358,12357],"product_tag":[],"class_list":{"0":"post-737660","1":"product","2":"type-product","3":"status-publish","5":"product_cat-genel-psikoloji","6":"product_cat-psikoloji","7":"pa_cilt-ciltsiz","8":"pa_tur-kitap","9":"pa_yayinevi-koc-universitesi-yayinlari","10":"pa_yazar-carlos-gutierrez-jones","12":"first","13":"instock","14":"sale","15":"shipping-taxable","16":"purchasable","17":"product-type-simple"},"_links":{"self":[{"href":"https:\/\/roveyayinevi.com.tr\/index.php\/wp-json\/wp\/v2\/product\/737660","targetHints":{"allow":["GET"]}}],"collection":[{"href":"https:\/\/roveyayinevi.com.tr\/index.php\/wp-json\/wp\/v2\/product"}],"about":[{"href":"https:\/\/roveyayinevi.com.tr\/index.php\/wp-json\/wp\/v2\/types\/product"}],"wp:attachment":[{"href":"https:\/\/roveyayinevi.com.tr\/index.php\/wp-json\/wp\/v2\/media?parent=737660"}],"wp:term":[{"taxonomy":"product_brand","embeddable":true,"href":"https:\/\/roveyayinevi.com.tr\/index.php\/wp-json\/wp\/v2\/product_brand?post=737660"},{"taxonomy":"product_cat","embeddable":true,"href":"https:\/\/roveyayinevi.com.tr\/index.php\/wp-json\/wp\/v2\/product_cat?post=737660"},{"taxonomy":"product_tag","embeddable":true,"href":"https:\/\/roveyayinevi.com.tr\/index.php\/wp-json\/wp\/v2\/product_tag?post=737660"}],"curies":[{"name":"wp","href":"https:\/\/api.w.org\/{rel}","templated":true}]}}