{"id":737655,"date":"2025-08-27T23:33:29","date_gmt":"2025-08-27T20:33:29","guid":{"rendered":"https:\/\/roveyayinevi.com.tr\/index.php\/urun\/kaptan-kurbagayla-deniz-macerasi\/"},"modified":"2026-04-16T02:47:33","modified_gmt":"2026-04-15T23:47:33","slug":"kaptan-kurbagayla-deniz-macerasi","status":"publish","type":"product","link":"https:\/\/roveyayinevi.com.tr\/index.php\/urun\/kaptan-kurbagayla-deniz-macerasi\/","title":{"rendered":"Kaptan Kurba\u011fa\u2019yla Deniz Maceras\u0131"},"content":{"rendered":"<p>B\u00fcy\u00fck Orman\u2019da ya\u015fayan yak\u0131n arkada\u015flar:Y\u0131ld\u0131z Benekli Minik Z\u00fcrafa, Kirpi Mirpi, K\u0131rkayak K\u0131rm\u0131z\u0131ayak, Sivri Kulakl\u0131 Kara Yarasa ve K\u00fcc\u0327\u00fck Koyu Ye\u015fil Kurba\u011fa yeni maceralar\u0131nda sizlerle&#8230; Yasemin Temizarabac\u0131 Y\u0131ld\u0131rmaz\u2019\u0131n yazd\u0131\u011f\u0131, Ece Zeber\u2019in resimledi\u011fi bu sevimli dizinin yeni kitab\u0131: Kaptan Kurba\u011fa\u2019yla Deniz Maceras\u0131. Kaptan Kurba\u011fa\u2019nin arkada\u015flar\u0131n\u0131 nehirde tekne gezisine davet etti\u011fi o g\u00fcn acaba nas\u0131l ge\u00e7ecek?<\/p>\n","protected":false},"excerpt":{"rendered":"<p>B\u00fcy\u00fck Orman\u2019da ya\u015fayan yak\u0131n arkada\u015flar:Y\u0131ld\u0131z Benekli Minik Z\u00fcrafa, Kirpi Mirpi, K\u0131rkayak K\u0131rm\u0131z\u0131ayak, Sivri Kulakl\u0131 Kara Yarasa ve K\u00fcc\u0327\u00fck Koyu Ye\u015fil Kurba\u011fa yeni maceralar\u0131nda sizlerle&#8230; Yasemin Temizarabac\u0131<span class=\"excerpt-hellip\"> [\u2026]<\/span><\/p>\n","protected":false},"featured_media":0,"template":"","meta":{"_monsterinsights_skip_tracking":false,"_monsterinsights_sitenote_active":false,"_monsterinsights_sitenote_note":"","_monsterinsights_sitenote_category":0},"product_brand":[],"product_cat":[12275,12274],"product_tag":[],"class_list":{"0":"post-737655","1":"product","2":"type-product","3":"status-publish","5":"product_cat-6-12-yas-kitaplari","6":"product_cat-cocuk-ve-genclik-kitaplari","7":"pa_cilt-ciltsiz","8":"pa_tur-kitap","9":"pa_yayinevi-yapi-kredi-yayinlari","10":"pa_yazar-yasemin-temizarabaci-yildirmaz","12":"first","13":"instock","14":"sale","15":"shipping-taxable","16":"purchasable","17":"product-type-simple"},"_links":{"self":[{"href":"https:\/\/roveyayinevi.com.tr\/index.php\/wp-json\/wp\/v2\/product\/737655","targetHints":{"allow":["GET"]}}],"collection":[{"href":"https:\/\/roveyayinevi.com.tr\/index.php\/wp-json\/wp\/v2\/product"}],"about":[{"href":"https:\/\/roveyayinevi.com.tr\/index.php\/wp-json\/wp\/v2\/types\/product"}],"wp:attachment":[{"href":"https:\/\/roveyayinevi.com.tr\/index.php\/wp-json\/wp\/v2\/media?parent=737655"}],"wp:term":[{"taxonomy":"product_brand","embeddable":true,"href":"https:\/\/roveyayinevi.com.tr\/index.php\/wp-json\/wp\/v2\/product_brand?post=737655"},{"taxonomy":"product_cat","embeddable":true,"href":"https:\/\/roveyayinevi.com.tr\/index.php\/wp-json\/wp\/v2\/product_cat?post=737655"},{"taxonomy":"product_tag","embeddable":true,"href":"https:\/\/roveyayinevi.com.tr\/index.php\/wp-json\/wp\/v2\/product_tag?post=737655"}],"curies":[{"name":"wp","href":"https:\/\/api.w.org\/{rel}","templated":true}]}}