{"id":737652,"date":"2025-08-27T23:33:27","date_gmt":"2025-08-27T20:33:27","guid":{"rendered":"https:\/\/roveyayinevi.com.tr\/index.php\/urun\/meydan-ve-modernlesme\/"},"modified":"2026-04-16T02:47:32","modified_gmt":"2026-04-15T23:47:32","slug":"meydan-ve-modernlesme","status":"publish","type":"product","link":"https:\/\/roveyayinevi.com.tr\/index.php\/urun\/meydan-ve-modernlesme\/","title":{"rendered":"Meydan ve Modernle\u015fme"},"content":{"rendered":"<p>Meydanlar, \u015fehirlerin tarih, k\u00fclt\u00fcr ve kimli\u011fini en iyi yans\u0131tan kamusal a\u00e7\u0131k alanlard\u0131r. Meydanlar\u0131n \u015fehir i\u00e7indeki konumu, fiziki g\u00f6r\u00fcn\u00fcm ve i\u015flevleri k\u00fclt\u00fcr \u00e7evrelerine g\u00f6re farkl\u0131l\u0131k g\u00f6sterir. Bat\u0131 \u015fehirlerinin meydanlar\u0131, \u00e7evreleri d\u00f6nemin mimarl\u0131k ve sanat anlay\u0131\u015f\u0131n\u0131 yans\u0131tan eserlerle belirlenmi\u015f kentsel mek\u00e2nlard\u0131r.   Geleneksel T\u00fcrk \u015fehirlerinde, Pazar yeri, \u00e7ar\u015f\u0131 \u00f6n\u00fc, \u00e7e\u015fme ba\u015f\u0131, cami ve medrese avlusu gibi a\u00e7\u0131k alanlar meydan i\u015flevi g\u00f6r\u00fcyordu. \u015eehir d\u0131\u015f\u0131nda \u2018\u2019meydan\u2019\u2019 ad\u0131 verilen alanlarda ise, at yar\u0131\u015f\u0131, spor g\u00f6sterisi, askeri talim, bayram \u015fenli\u011fi gibi etkinlikler yap\u0131l\u0131yordu. Bat\u0131l\u0131la\u015fma d\u00f6neminde, Avrupa ba\u015fkentleri \u00f6rnek al\u0131narak d\u00fczenlenen T\u00fcrk \u015fehirlerinin merkezlerinde, kamusal a\u00e7\u0131k alan olarak meydanlar planlanmaya ba\u015fland\u0131.   \u015e\u00fckr\u00fc Karatepe bu kitapta farkl\u0131 k\u00fclt\u00fcrlerin meydan anlay\u0131\u015flar\u0131n\u0131 ve T\u00fcrkiye\u2019deki \u015fehir meydanlar\u0131n\u0131n mek\u00e2nsal d\u00f6n\u00fc\u015f\u00fcm\u00fcn\u00fc Kayseri \u00f6rne\u011fi \u00fczerinden incelemektedir. \u0130ncelenen konular\u0131n bol miktarda g\u00f6rsel kaynakla belgelenmesi, alan\u0131nda ilk olan kitab\u0131 daha da ilgi \u00e7ekici hale getirmektedir. <\/p>\n","protected":false},"excerpt":{"rendered":"<p>Meydanlar, \u015fehirlerin tarih, k\u00fclt\u00fcr ve kimli\u011fini en iyi yans\u0131tan kamusal a\u00e7\u0131k alanlard\u0131r. Meydanlar\u0131n \u015fehir i\u00e7indeki konumu, fiziki g\u00f6r\u00fcn\u00fcm ve i\u015flevleri k\u00fclt\u00fcr \u00e7evrelerine g\u00f6re farkl\u0131l\u0131k g\u00f6sterir. Bat\u0131<span class=\"excerpt-hellip\"> [\u2026]<\/span><\/p>\n","protected":false},"featured_media":0,"template":"","meta":{"_monsterinsights_skip_tracking":false,"_monsterinsights_sitenote_active":false,"_monsterinsights_sitenote_note":"","_monsterinsights_sitenote_category":0},"product_brand":[],"product_cat":[12767,12324],"product_tag":[],"class_list":{"0":"post-737652","1":"product","2":"type-product","3":"status-publish","5":"product_cat-kentlesme-modernlesme","6":"product_cat-sosyoloji","7":"pa_cilt-ciltsiz","8":"pa_tur-kitap","9":"pa_yayinevi-idealkent-yayincilik","10":"pa_yazar-sukru-karatepe","12":"first","13":"instock","14":"sale","15":"shipping-taxable","16":"purchasable","17":"product-type-simple"},"_links":{"self":[{"href":"https:\/\/roveyayinevi.com.tr\/index.php\/wp-json\/wp\/v2\/product\/737652","targetHints":{"allow":["GET"]}}],"collection":[{"href":"https:\/\/roveyayinevi.com.tr\/index.php\/wp-json\/wp\/v2\/product"}],"about":[{"href":"https:\/\/roveyayinevi.com.tr\/index.php\/wp-json\/wp\/v2\/types\/product"}],"wp:attachment":[{"href":"https:\/\/roveyayinevi.com.tr\/index.php\/wp-json\/wp\/v2\/media?parent=737652"}],"wp:term":[{"taxonomy":"product_brand","embeddable":true,"href":"https:\/\/roveyayinevi.com.tr\/index.php\/wp-json\/wp\/v2\/product_brand?post=737652"},{"taxonomy":"product_cat","embeddable":true,"href":"https:\/\/roveyayinevi.com.tr\/index.php\/wp-json\/wp\/v2\/product_cat?post=737652"},{"taxonomy":"product_tag","embeddable":true,"href":"https:\/\/roveyayinevi.com.tr\/index.php\/wp-json\/wp\/v2\/product_tag?post=737652"}],"curies":[{"name":"wp","href":"https:\/\/api.w.org\/{rel}","templated":true}]}}