{"id":737639,"date":"2025-08-27T23:33:13","date_gmt":"2025-08-27T20:33:13","guid":{"rendered":"https:\/\/roveyayinevi.com.tr\/index.php\/urun\/zindandan-goklere-acilan-kapi-mevlana\/"},"modified":"2026-04-16T02:47:32","modified_gmt":"2026-04-15T23:47:32","slug":"zindandan-goklere-acilan-kapi-mevlana","status":"publish","type":"product","link":"https:\/\/roveyayinevi.com.tr\/index.php\/urun\/zindandan-goklere-acilan-kapi-mevlana\/","title":{"rendered":"Zindandan G\u00f6klere A\u00e7\u0131lan Kap\u0131 Mevlana"},"content":{"rendered":"<p>Kitap sanki nefes al\u0131p veriyordu. Sanki diyecekti ama sanki de\u011fildi ger\u00e7ekti. Kitab\u0131n kal\u0131\u015flar\u0131n\u0131 i\u015fitiyor, soluklar\u0131n\u0131n esintisini y\u00fcz\u00fcnde hissediyordu. Zindan Medrese Yusufiye Hocas\u0131 Mevlana dersin a\u015fk imtihan\u0131 ise ate\u015fte pi\u015fmekti. Ate\u015f, ate\u015f, ate\u015f\u2026    Ey \u00e2\u015f\u0131klar\u0131n Piri ate\u015f deyip durmadas\u0131n bunun ba\u015fka bir yolu yok mu? \u0130lla ate\u015fe mi girmem laz\u0131m! <\/p>\n","protected":false},"excerpt":{"rendered":"<p>Kitap sanki nefes al\u0131p veriyordu. Sanki diyecekti ama sanki de\u011fildi ger\u00e7ekti. Kitab\u0131n kal\u0131\u015flar\u0131n\u0131 i\u015fitiyor, soluklar\u0131n\u0131n esintisini y\u00fcz\u00fcnde hissediyordu. Zindan Medrese Yusufiye Hocas\u0131 Mevlana dersin a\u015fk imtihan\u0131<span class=\"excerpt-hellip\"> [\u2026]<\/span><\/p>\n","protected":false},"featured_media":0,"template":"","meta":{"_monsterinsights_skip_tracking":false,"_monsterinsights_sitenote_active":false,"_monsterinsights_sitenote_note":"","_monsterinsights_sitenote_category":0},"product_brand":[],"product_cat":[12718,12719],"product_tag":[],"class_list":{"0":"post-737639","1":"product","2":"type-product","3":"status-publish","5":"product_cat-din","6":"product_cat-islam","7":"pa_cilt-ciltsiz","8":"pa_tur-kitap","9":"pa_yayinevi-altinordu-yayinlari","10":"pa_yazar-hasim-akten","12":"first","13":"instock","14":"sale","15":"shipping-taxable","16":"purchasable","17":"product-type-simple"},"_links":{"self":[{"href":"https:\/\/roveyayinevi.com.tr\/index.php\/wp-json\/wp\/v2\/product\/737639","targetHints":{"allow":["GET"]}}],"collection":[{"href":"https:\/\/roveyayinevi.com.tr\/index.php\/wp-json\/wp\/v2\/product"}],"about":[{"href":"https:\/\/roveyayinevi.com.tr\/index.php\/wp-json\/wp\/v2\/types\/product"}],"wp:attachment":[{"href":"https:\/\/roveyayinevi.com.tr\/index.php\/wp-json\/wp\/v2\/media?parent=737639"}],"wp:term":[{"taxonomy":"product_brand","embeddable":true,"href":"https:\/\/roveyayinevi.com.tr\/index.php\/wp-json\/wp\/v2\/product_brand?post=737639"},{"taxonomy":"product_cat","embeddable":true,"href":"https:\/\/roveyayinevi.com.tr\/index.php\/wp-json\/wp\/v2\/product_cat?post=737639"},{"taxonomy":"product_tag","embeddable":true,"href":"https:\/\/roveyayinevi.com.tr\/index.php\/wp-json\/wp\/v2\/product_tag?post=737639"}],"curies":[{"name":"wp","href":"https:\/\/api.w.org\/{rel}","templated":true}]}}