{"id":737637,"date":"2025-08-27T23:33:11","date_gmt":"2025-08-27T20:33:11","guid":{"rendered":"https:\/\/roveyayinevi.com.tr\/index.php\/urun\/koko-korkunc-komik\/"},"modified":"2026-04-16T02:47:32","modified_gmt":"2026-04-15T23:47:32","slug":"koko-korkunc-komik","status":"publish","type":"product","link":"https:\/\/roveyayinevi.com.tr\/index.php\/urun\/koko-korkunc-komik\/","title":{"rendered":"Koko Korkun\u00e7 Komik"},"content":{"rendered":"<p>Korkular anlat\u0131ld\u0131k\u00e7a komikle\u015fir. KORKULARIMIZDAN NASIL KURTULURUZ?\u201cSaklanarak.\u201d\u201cD\u00fc\u015f\u00fcnmeyerek.\u201d\u201cAntibiyotik kullanarak.\u201d\u201cBol bol su i\u00e7erek.\u201d\u201cKonu\u015farak.\u201d\u201cKurtulamay\u0131z.\u201d\u201cHerkese anlatarak.\u201d\u201cResmini \u00e7izerek.\u201d\u201cKorkular\u0131m\u0131zla y\u00fczle\u015ferek.\u201d \u201cYaln\u0131zken, kendimizi e\u011flendirmek yerine korkutmay\u0131 tercih ediyoruz. Hayal g\u00fcc\u00fcm\u00fcz bizi korkutmak i\u00e7in elinden gelen \u00e7abay\u0131 sarf ediyor. B\u00f6yle zamanlarda bizi korkutan \u015feyin kendimiz oldu\u011funun fark\u0131na var\u0131rsak korkuyla m\u00fccadele etmek daha basit olur.\u201d<\/p>\n","protected":false},"excerpt":{"rendered":"<p>Korkular anlat\u0131ld\u0131k\u00e7a komikle\u015fir. KORKULARIMIZDAN NASIL KURTULURUZ?\u201cSaklanarak.\u201d\u201cD\u00fc\u015f\u00fcnmeyerek.\u201d\u201cAntibiyotik kullanarak.\u201d\u201cBol bol su i\u00e7erek.\u201d\u201cKonu\u015farak.\u201d\u201cKurtulamay\u0131z.\u201d\u201cHerkese anlatarak.\u201d\u201cResmini \u00e7izerek.\u201d\u201cKorkular\u0131m\u0131zla y\u00fczle\u015ferek.\u201d \u201cYaln\u0131zken, kendimizi e\u011flendirmek yerine korkutmay\u0131 tercih ediyoruz. Hayal g\u00fcc\u00fcm\u00fcz bizi korkutmak i\u00e7in elinden<span class=\"excerpt-hellip\"> [\u2026]<\/span><\/p>\n","protected":false},"featured_media":0,"template":"","meta":{"_monsterinsights_skip_tracking":false,"_monsterinsights_sitenote_active":false,"_monsterinsights_sitenote_note":"","_monsterinsights_sitenote_category":0},"product_brand":[],"product_cat":[12275,12274],"product_tag":[],"class_list":{"0":"post-737637","1":"product","2":"type-product","3":"status-publish","5":"product_cat-6-12-yas-kitaplari","6":"product_cat-cocuk-ve-genclik-kitaplari","7":"pa_cilt-ciltsiz","8":"pa_tur-kitap","9":"pa_yayinevi-epsilon-ozel-urun","10":"pa_yazar-rifat-batur","12":"first","13":"instock","14":"sale","15":"shipping-taxable","16":"purchasable","17":"product-type-simple"},"_links":{"self":[{"href":"https:\/\/roveyayinevi.com.tr\/index.php\/wp-json\/wp\/v2\/product\/737637","targetHints":{"allow":["GET"]}}],"collection":[{"href":"https:\/\/roveyayinevi.com.tr\/index.php\/wp-json\/wp\/v2\/product"}],"about":[{"href":"https:\/\/roveyayinevi.com.tr\/index.php\/wp-json\/wp\/v2\/types\/product"}],"wp:attachment":[{"href":"https:\/\/roveyayinevi.com.tr\/index.php\/wp-json\/wp\/v2\/media?parent=737637"}],"wp:term":[{"taxonomy":"product_brand","embeddable":true,"href":"https:\/\/roveyayinevi.com.tr\/index.php\/wp-json\/wp\/v2\/product_brand?post=737637"},{"taxonomy":"product_cat","embeddable":true,"href":"https:\/\/roveyayinevi.com.tr\/index.php\/wp-json\/wp\/v2\/product_cat?post=737637"},{"taxonomy":"product_tag","embeddable":true,"href":"https:\/\/roveyayinevi.com.tr\/index.php\/wp-json\/wp\/v2\/product_tag?post=737637"}],"curies":[{"name":"wp","href":"https:\/\/api.w.org\/{rel}","templated":true}]}}