{"id":737627,"date":"2025-08-27T23:32:25","date_gmt":"2025-08-27T20:32:25","guid":{"rendered":"https:\/\/roveyayinevi.com.tr\/index.php\/urun\/tarihte-ve-gunumuzde-mehdilik\/"},"modified":"2026-04-16T02:47:00","modified_gmt":"2026-04-15T23:47:00","slug":"tarihte-ve-gunumuzde-mehdilik","status":"publish","type":"product","link":"https:\/\/roveyayinevi.com.tr\/index.php\/urun\/tarihte-ve-gunumuzde-mehdilik\/","title":{"rendered":"Tarihte ve G\u00fcn\u00fcm\u00fczde Mehdilik"},"content":{"rendered":"<p>Mehd\u00eeli\u011fin bir inan\u00e7 olarak kabul edilmesi ve aksinin d\u00fc\u015f\u00fcn\u00fclmemesi i\u00e7in, Kur&#8217;\u00e2n ya da M\u00fctev\u00e2tir S\u00fcnnette, yoruma yer b\u0131rakmayacak derecede a\u00e7\u0131k bir ifadenin bulunmas\u0131 gerkmektedir. Mehd\u00eelik hakk\u0131nda ileri s\u00fcr\u00fclen delillerin bu \u015fartlar\u0131 ta\u015f\u0131mad\u0131\u011f\u0131ndan ku\u015fku yoktur. S\u00f6z konusu delillerin del\u00e2leti zaten problemli oldu\u011fu gibi, s\u00fcb\u00fbtu da kesin de\u011fildir. Bu nedenle Mehd\u00eeli\u011fin bir inan\u00e7 olarak dayat\u0131lmas\u0131, hi\u00e7bir \u015fekilde do\u011fru de\u011fildir. Birbirlerini ilz\u00e2m etmemek kayd\u0131yla m\u00fcminlerden dileyen inan\u0131r, dileyen inanmaz; her ikisinin itik\u00e2d\u00ee a\u00e7\u0131dan durumu e\u015fittir.   Bu kadar \u00f6nemli ve belirgin bir beklenti olarak ortaya konulan bir hususun, Kur&#8217;\u00e2n ve S\u00fcnnette hi\u00e7bir tevil ve tefsire yer b\u0131rakmayacak derecede a\u00e7\u0131k bir \u015fekilde yer almam\u0131\u015f olmas\u0131 manidard\u0131r. Sadece bu husus mehd\u00eelik hakk\u0131nda ileri s\u00fcr\u00fclecek \u015f\u00fcpheleri hakl\u0131 \u00e7\u0131karmak i\u00e7in yeterlidir. Ancak her \u015feye ra\u011fmen mehd\u00eelik ve benzeri bir kurtar\u0131c\u0131 fikrine dair inan\u00e7lar, insanl\u0131k tarihi boyunca hep var olmu\u015f, bundan sonra da var olacakt\u0131r. \u0130nsanlarda iyilik duygusu ve bu duygunun besledi\u011fi iyili\u011fe erme ideali, bunu s\u00fcrekli canl\u0131 tutacakt\u0131r. Bu bir problem olmad\u0131\u011f\u0131 gibi, bunda \u015fa\u015f\u0131lacak bir durum da yoktur.   Mehdi inanc\u0131n\u0131n, bu inanca sahip olanlar\u0131 k\u0131smen de olsa rahatlatarak hayata ba\u011flad\u0131\u011f\u0131 do\u011fru olmakla beraber, bu inanc\u0131n bir tak\u0131m sak\u0131ncal\u0131 sonu\u00e7lar\u0131 meydana getirdi\u011fi de bir ger\u00e7ektir. Bu sonu\u00e7lardan biri de ilah\u00ee birtak\u0131m g\u00fc\u00e7lerle desteklenen bir lider olmaks\u0131z\u0131n \u0130sl\u00e2m&#8217;\u0131n tam olarak uygulanamayaca\u011f\u0131 ve be\u015fer\u00ee gayretlerin ad\u00e2let ve hakkaniyetin ikamesi i\u00e7in yetersiz oldu\u011fu d\u00fc\u015f\u00fcncesidir. Buna g\u00f6re M\u00fcsl\u00fcmanlar ne kadar gayret ederlerse etsinler, onlar\u0131n zul\u00fcm ve fesad\u0131 yery\u00fcz\u00fcnden silmeleri, mazlumlar\u0131 zalimlerin zulm\u00fcnden kurtarmalar\u0131 m\u00fcmk\u00fcn g\u00f6r\u00fclmemektedir. <\/p>\n","protected":false},"excerpt":{"rendered":"<p>Mehd\u00eeli\u011fin bir inan\u00e7 olarak kabul edilmesi ve aksinin d\u00fc\u015f\u00fcn\u00fclmemesi i\u00e7in, Kur&#8217;\u00e2n ya da M\u00fctev\u00e2tir S\u00fcnnette, yoruma yer b\u0131rakmayacak derecede a\u00e7\u0131k bir ifadenin bulunmas\u0131 gerkmektedir. Mehd\u00eelik hakk\u0131nda<span class=\"excerpt-hellip\"> [\u2026]<\/span><\/p>\n","protected":false},"featured_media":0,"template":"","meta":{"_monsterinsights_skip_tracking":false,"_monsterinsights_sitenote_active":false,"_monsterinsights_sitenote_note":"","_monsterinsights_sitenote_category":0},"product_brand":[],"product_cat":[13036,12718,12719],"product_tag":[],"class_list":{"0":"post-737627","1":"product","2":"type-product","3":"status-publish","5":"product_cat-arastirma-inceleme-islam","6":"product_cat-din","7":"product_cat-islam","8":"pa_cilt-ciltsiz","9":"pa_tur-kitap","10":"pa_yayinevi-ragbet-yayinlari","11":"pa_yazar-mahmut-cinar","13":"first","14":"instock","15":"sale","16":"shipping-taxable","17":"purchasable","18":"product-type-simple"},"_links":{"self":[{"href":"https:\/\/roveyayinevi.com.tr\/index.php\/wp-json\/wp\/v2\/product\/737627","targetHints":{"allow":["GET"]}}],"collection":[{"href":"https:\/\/roveyayinevi.com.tr\/index.php\/wp-json\/wp\/v2\/product"}],"about":[{"href":"https:\/\/roveyayinevi.com.tr\/index.php\/wp-json\/wp\/v2\/types\/product"}],"wp:attachment":[{"href":"https:\/\/roveyayinevi.com.tr\/index.php\/wp-json\/wp\/v2\/media?parent=737627"}],"wp:term":[{"taxonomy":"product_brand","embeddable":true,"href":"https:\/\/roveyayinevi.com.tr\/index.php\/wp-json\/wp\/v2\/product_brand?post=737627"},{"taxonomy":"product_cat","embeddable":true,"href":"https:\/\/roveyayinevi.com.tr\/index.php\/wp-json\/wp\/v2\/product_cat?post=737627"},{"taxonomy":"product_tag","embeddable":true,"href":"https:\/\/roveyayinevi.com.tr\/index.php\/wp-json\/wp\/v2\/product_tag?post=737627"}],"curies":[{"name":"wp","href":"https:\/\/api.w.org\/{rel}","templated":true}]}}