{"id":737614,"date":"2025-08-27T23:32:11","date_gmt":"2025-08-27T20:32:11","guid":{"rendered":"https:\/\/roveyayinevi.com.tr\/index.php\/urun\/marvellous-waysin-bir-yili-ciltli\/"},"modified":"2026-04-16T02:46:59","modified_gmt":"2026-04-15T23:46:59","slug":"marvellous-waysin-bir-yili-ciltli","status":"publish","type":"product","link":"https:\/\/roveyayinevi.com.tr\/index.php\/urun\/marvellous-waysin-bir-yili-ciltli\/","title":{"rendered":"Marvellous Ways&#8217;in Bir Y\u0131l\u0131 (Ciltli)"},"content":{"rendered":"<p>G\u00fcnleri t\u00fckenmeden \u00f6nce kalbinde h\u00e2l\u00e2 ye\u015ferecek yeni sevgiler vard\u0131.   Seksen dokuz ya\u015f\u0131ndaki Marvellous Ways, neredeyse b\u00fct\u00fcn hayat\u0131n\u0131 \u00fccra bir koyda tek ba\u015f\u0131na ge\u00e7irmi\u015fti. Son zamanlardaysa karavan\u0131n\u0131n \u00f6n\u00fcnde oturuyor, teleskopuyla nehrin kenar\u0131nda sanki bir \u015fey ar\u0131yor, birini bekliyordu \u2013 ne oldu\u011fundan tam olarak emin de\u011fildi ama g\u00f6r\u00fcnce tan\u0131yaca\u011f\u0131n\u0131 biliyordu.   \u0130kinci D\u00fcnya Sava\u015f\u0131\u2019ndan kafas\u0131 karmakar\u0131\u015f\u0131k \u00e7\u0131km\u0131\u015f gen\u00e7 bir asker olan Drake\u2019i deniz, anlat\u0131lmam\u0131\u015f hik\u00e2yeler ve yar\u0131m kalan bir a\u015fk\u0131n silik g\u00f6lgesi \u00e7a\u011f\u0131r\u0131yordu. \u00d6lmek \u00fczere olan bir adam\u0131n son dile\u011fini ger\u00e7ekle\u015ftirmek i\u00e7in verdi\u011fi s\u00f6z onu Marvellous Ways\u2019in koyuna s\u00fcr\u00fckledi\u011finde, her ikisi de i\u00e7lerine \u00e7\u00f6reklenmi\u015f kederi beklenmedik bir dostlukla sa\u011faltmaya \u00e7al\u0131\u015facakt\u0131.   \u201cBu s\u0131cak, \u015fefkatli romanda deniz hem sihirli hem de \u015fifal\u0131.&#8221; \u2014Times   \u201c\u0130nsan\u0131 ger\u00e7ekten b\u00fcy\u00fcl\u00fcyor.\u201d \u2015Irish Times   \u201cD\u00fcnyan\u0131n \u00e7irkinli\u011fini g\u00f6zler \u00f6n\u00fcne sermekten korkmayan bir roman.&#8221; \u2014Toronto Star   \u201cSarah Winman, co\u015fkulu anlat\u0131m\u0131 ve sevginin her bi\u00e7imini ele ald\u0131\u011f\u0131 sars\u0131lmaz temas\u0131yla g\u00f6z kama\u015ft\u0131r\u0131yor.&#8221; \u2014Stylist   \u201cZaman\u0131n s\u0131nav\u0131n\u0131 ge\u00e7ip gelece\u011fe kalacak zarif ve zengin bir \u00fcslup.&#8221; \u2014Irish Examiner   \u201cO g\u00fczelim c\u00fcmlelerin tad\u0131na varabilmek i\u00e7in a\u011f\u0131r a\u011f\u0131r okuman\u0131z gereken bir kitap.\u201d \u2014Good Housekeeping   \u201cWinman, mek\u00e2nlar\u0131n kokusunu, sesini ve renklerini okura aktarmakta m\u00fcthi\u015f ba\u015far\u0131l\u0131.\u201d \u2014Metro   \u201c\u0130nsan\u0131n y\u00fcre\u011fine dokunan ve bir tutam b\u00fcy\u00fcl\u00fc ger\u00e7ek\u00e7ilik i\u00e7eren hik\u00e2yeler, romana ne\u015feli, masals\u0131 bir hava kat\u0131yor.\u201d \u2014Daily Record   \u201cMarvellous Ways\u2019in Bir Y\u0131l\u0131, ister biyolojik olsun ister sonradan edinilen, ya\u015famlar\u0131m\u0131z\u0131 tam m\u00e2n\u00e2s\u0131yla ya\u015fayabilmek i\u00e7in bizi sar\u0131p sarmalayacak bir aileye duydu\u011fumuz ihtiyac\u0131 t\u00fcm canl\u0131l\u0131\u011f\u0131yla g\u00f6zler \u00f6n\u00fcne seriyor.\u201d \u2014Sunday Express   \u201cMarvellous Ways\u2019in Bir Y\u0131l\u0131 sizi \u00f6yle hipnotize edecek, \u00f6yle cezbedecek ki kitab\u0131 elinize al\u0131p tekrar tekrar okumaktan ba\u015fka bir \u015fey yapamayacaks\u0131n\u0131z.\u201d \u2014Tiffany Murray   \u201cRoman boyunca hissedilen o b\u00fcy\u00fcl\u00fc his, okurun kitab\u0131 son sayfaya dek elinden b\u0131rakamamas\u0131na neden oluyor.\u201d \u2014Hannah Beckerman   \u201cBitter \u00e7ikolata gibi k\u00fc\u00e7\u00fcc\u00fck ama leziz lokmalar h\u00e2linde, tad\u0131n\u0131 \u00e7\u0131kara \u00e7\u0131kara okunacak bir kitap. Winman\u2019\u0131n kendine has bir ahengi ve ritmi olan \u00fcslubu, t\u0131pk\u0131 m\u00fczik gibi sizi bamba\u015fka diyarlara g\u00f6t\u00fcren \u015fiirsellikte.\u201d \u2014Emma Hooper   \u201cWinman\u2019da beni en \u00e7ok \u00e7arpan \u015feyler, muazzam tasvirler, g\u00fczel paragraflar ve yarat\u0131c\u0131 hik\u00e2ye anlat\u0131c\u0131l\u0131\u011f\u0131. Acayip ve biraz da u\u00e7ar\u0131 bir kitap Marvellous Ways\u2019in Bir Y\u0131l\u0131. Kesinlikle unutulmayacak.\u201d \u2014Mitford Society Summer Reads <\/p>\n","protected":false},"excerpt":{"rendered":"<p>G\u00fcnleri t\u00fckenmeden \u00f6nce kalbinde h\u00e2l\u00e2 ye\u015ferecek yeni sevgiler vard\u0131. Seksen dokuz ya\u015f\u0131ndaki Marvellous Ways, neredeyse b\u00fct\u00fcn hayat\u0131n\u0131 \u00fccra bir koyda tek ba\u015f\u0131na ge\u00e7irmi\u015fti. Son zamanlardaysa karavan\u0131n\u0131n<span class=\"excerpt-hellip\"> [\u2026]<\/span><\/p>\n","protected":false},"featured_media":0,"template":"","meta":{"_monsterinsights_skip_tracking":false,"_monsterinsights_sitenote_active":false,"_monsterinsights_sitenote_note":"","_monsterinsights_sitenote_category":0},"product_brand":[],"product_cat":[12291,12711],"product_tag":[],"class_list":{"0":"post-737614","1":"product","2":"type-product","3":"status-publish","5":"product_cat-edebiyat","6":"product_cat-roman-oyku","7":"pa_cilt-ciltli","8":"pa_tur-kitap","9":"pa_yayinevi-yabanci-yayinevi","10":"pa_yazar-sarah-winman","12":"first","13":"instock","14":"sale","15":"shipping-taxable","16":"purchasable","17":"product-type-simple"},"_links":{"self":[{"href":"https:\/\/roveyayinevi.com.tr\/index.php\/wp-json\/wp\/v2\/product\/737614","targetHints":{"allow":["GET"]}}],"collection":[{"href":"https:\/\/roveyayinevi.com.tr\/index.php\/wp-json\/wp\/v2\/product"}],"about":[{"href":"https:\/\/roveyayinevi.com.tr\/index.php\/wp-json\/wp\/v2\/types\/product"}],"wp:attachment":[{"href":"https:\/\/roveyayinevi.com.tr\/index.php\/wp-json\/wp\/v2\/media?parent=737614"}],"wp:term":[{"taxonomy":"product_brand","embeddable":true,"href":"https:\/\/roveyayinevi.com.tr\/index.php\/wp-json\/wp\/v2\/product_brand?post=737614"},{"taxonomy":"product_cat","embeddable":true,"href":"https:\/\/roveyayinevi.com.tr\/index.php\/wp-json\/wp\/v2\/product_cat?post=737614"},{"taxonomy":"product_tag","embeddable":true,"href":"https:\/\/roveyayinevi.com.tr\/index.php\/wp-json\/wp\/v2\/product_tag?post=737614"}],"curies":[{"name":"wp","href":"https:\/\/api.w.org\/{rel}","templated":true}]}}