{"id":737602,"date":"2025-08-27T23:31:58","date_gmt":"2025-08-27T20:31:58","guid":{"rendered":"https:\/\/roveyayinevi.com.tr\/index.php\/urun\/yeni-dunya-duzeni-emperyalizmin-ust-asamasidir\/"},"modified":"2026-04-16T02:46:59","modified_gmt":"2026-04-15T23:46:59","slug":"yeni-dunya-duzeni-emperyalizmin-ust-asamasidir","status":"publish","type":"product","link":"https:\/\/roveyayinevi.com.tr\/index.php\/urun\/yeni-dunya-duzeni-emperyalizmin-ust-asamasidir\/","title":{"rendered":"Yeni D\u00fcnya D\u00fczeni Emperyalizmin \u00dcst A\u015famas\u0131d\u0131r"},"content":{"rendered":"<p>D\u00fcnyada insanlar kendi s\u0131n\u0131f sava\u015flar\u0131n\u0131 \u00f6yle bir a\u015famaya getirdi ki \u00f6rg\u00fctl\u00fc m\u00fccadelelerin de g\u00fcn\u00fcm\u00fczde oldu\u011fu kadar hi\u00e7bir a\u015famas\u0131nda bug\u00fcnk\u00fc kadar s\u0131n\u0131f uzla\u015fmac\u0131s\u0131 bir d\u00f6neme rastlanmam\u0131\u015ft\u0131r. Yery\u00fcz\u00fcnde toplumlar\u0131n sava\u015flar\u0131 tarihinde, proletaryan\u0131n kendi s\u0131n\u0131f sava\u015f\u0131nda \u00f6ndersiz, \u00f6nc\u00fcs\u00fcz ve \u00f6rg\u00fcts\u00fcz oldu\u011fu b\u00f6yle bir d\u00f6nem hi\u00e7 g\u00f6r\u00fclmedi\u011fi gibi hi\u00e7bir a\u015famas\u0131nda bu kadar ihanete de rastlanmam\u0131\u015ft\u0131r. \u0130hanet kendi boyutunda bazen oport\u00fcnizm bazen k\u00fc\u00e7\u00fck burjuva \u00f6nderli\u011finde bazen anar\u015fizm ya da ter\u00f6rizm boyutunda bu geli\u015fmeler bazen kuyruk\u00e7uluk bazen \u00e7\u00fcr\u00fcm\u00fc\u015fl\u00fck bazen de asalakl\u0131k bi\u00e7iminde boy g\u00f6stermektedir. Yap\u0131lan bu t\u00fcr m\u00fccadelenin de s\u0131n\u0131f m\u00fccadelesi ad\u0131na yap\u0131ld\u0131\u011f\u0131n\u0131 s\u00f6ylemekte idiler. Asl\u0131nda bu t\u00fcr m\u00fccadelelerin hi\u00e7biri, hi\u00e7bir \u015fekilde s\u0131n\u0131f m\u00fccadelesi olmad\u0131\u011f\u0131 gibi, bu t\u00fcr sava\u015flar aksine s\u0131n\u0131f sava\u015flar\u0131n\u0131 da ortadan kald\u0131rm\u0131\u015ft\u0131r ve ayn\u0131 zamanda s\u0131n\u0131f sava\u015flar\u0131na da \u00e7ok b\u00fcy\u00fck boyutlarda zarar vermi\u015ftir <\/p>\n","protected":false},"excerpt":{"rendered":"<p>D\u00fcnyada insanlar kendi s\u0131n\u0131f sava\u015flar\u0131n\u0131 \u00f6yle bir a\u015famaya getirdi ki \u00f6rg\u00fctl\u00fc m\u00fccadelelerin de g\u00fcn\u00fcm\u00fczde oldu\u011fu kadar hi\u00e7bir a\u015famas\u0131nda bug\u00fcnk\u00fc kadar s\u0131n\u0131f uzla\u015fmac\u0131s\u0131 bir d\u00f6neme rastlanmam\u0131\u015ft\u0131r. Yery\u00fcz\u00fcnde<span class=\"excerpt-hellip\"> [\u2026]<\/span><\/p>\n","protected":false},"featured_media":0,"template":"","meta":{"_monsterinsights_skip_tracking":false,"_monsterinsights_sitenote_active":false,"_monsterinsights_sitenote_note":"","_monsterinsights_sitenote_category":0},"product_brand":[],"product_cat":[16038,12388],"product_tag":[],"class_list":{"0":"post-737602","1":"product","2":"type-product","3":"status-publish","5":"product_cat-arastirma-inceleme-referans-felsefe","6":"product_cat-felsefe","7":"pa_cilt-ciltsiz","8":"pa_tur-kitap","9":"pa_yayinevi-karina-yayinevi","10":"pa_yazar-ali-tortumlu","12":"first","13":"instock","14":"sale","15":"shipping-taxable","16":"purchasable","17":"product-type-simple"},"_links":{"self":[{"href":"https:\/\/roveyayinevi.com.tr\/index.php\/wp-json\/wp\/v2\/product\/737602","targetHints":{"allow":["GET"]}}],"collection":[{"href":"https:\/\/roveyayinevi.com.tr\/index.php\/wp-json\/wp\/v2\/product"}],"about":[{"href":"https:\/\/roveyayinevi.com.tr\/index.php\/wp-json\/wp\/v2\/types\/product"}],"wp:attachment":[{"href":"https:\/\/roveyayinevi.com.tr\/index.php\/wp-json\/wp\/v2\/media?parent=737602"}],"wp:term":[{"taxonomy":"product_brand","embeddable":true,"href":"https:\/\/roveyayinevi.com.tr\/index.php\/wp-json\/wp\/v2\/product_brand?post=737602"},{"taxonomy":"product_cat","embeddable":true,"href":"https:\/\/roveyayinevi.com.tr\/index.php\/wp-json\/wp\/v2\/product_cat?post=737602"},{"taxonomy":"product_tag","embeddable":true,"href":"https:\/\/roveyayinevi.com.tr\/index.php\/wp-json\/wp\/v2\/product_tag?post=737602"}],"curies":[{"name":"wp","href":"https:\/\/api.w.org\/{rel}","templated":true}]}}

Yeni Dünya Düzeni Emperyalizmin Üst Aşamasıdır

<p>Dünyada insanlar kendi sınıf savaşlarını öyle bir aşamaya getirdi ki örgütlü mücadelelerin de günümüzde olduğu kadar hiçbir aşamasında bugünkü kadar sınıf uzlaşmacısı bir döneme rastlanmamıştır. Yeryüzünde toplumların savaşları tarihinde, proletaryanın kendi sınıf savaşında öndersiz, öncüsüz ve örgütsüz olduğu böyle bir dönem hiç görülmediği gibi hiçbir aşamasında bu kadar ihanete de rastlanmamıştır. İhanet kendi boyutunda bazen oportünizm bazen küçük burjuva önderliğinde bazen anarşizm ya da terörizm boyutunda bu gelişmeler bazen kuyrukçuluk bazen çürümüşlük bazen de asalaklık biçiminde boy göstermektedir. Yapılan bu tür mücadelenin de sınıf mücadelesi adına yapıldığını söylemekte idiler. Aslında bu tür mücadelelerin hiçbiri, hiçbir şekilde sınıf mücadelesi olmadığı gibi, bu tür savaşlar aksine sınıf savaşlarını da ortadan kaldırmıştır ve aynı zamanda sınıf savaşlarına da çok büyük boyutlarda zarar vermiştir </p>

<p>Dünyada insanlar kendi sınıf savaşlarını öyle bir aşamaya getirdi ki örgütlü mücadelelerin de günümüzde olduğu kadar hiçbir aşamasında bugünkü kadar sınıf uzlaşmacısı bir döneme rastlanmamıştır. Yeryüzünde<span class="excerpt-hellip"> […]</span></p>
