{"id":737600,"date":"2025-08-27T23:31:56","date_gmt":"2025-08-27T20:31:56","guid":{"rendered":"https:\/\/roveyayinevi.com.tr\/index.php\/urun\/bir-sevda\/"},"modified":"2026-04-16T02:46:59","modified_gmt":"2026-04-15T23:46:59","slug":"bir-sevda","status":"publish","type":"product","link":"https:\/\/roveyayinevi.com.tr\/index.php\/urun\/bir-sevda\/","title":{"rendered":"Bir Sevda"},"content":{"rendered":"<p>\u00d6\u011fretmen; En hay\u0131rl\u0131 varisini kendi elleriyle yeti\u015ftiren ki\u015fidir. Bir insan\u0131n hayat\u0131na dokunur ve o hayat\u0131n geri kalan\u0131n\u0131 tamamen de\u011fi\u015ftirir. Bir tohum eker ve y\u0131llar sonra o tohumun meyvesini g\u0131ptayla seyreder. Bu y\u00f6n\u00fcyle \u00f6\u011fretmenlik, nasibi en bol meslek&#8230; Meslekten \u00f6te, B\u0130R SEVDA&#8230; Mesle\u011fine sevdal\u0131 \u00f6\u011fretmen her dersi verimli ve kal\u0131c\u0131 hale getirmenin yollar\u0131n\u0131 iyi bilir. Ha\u015far\u0131 ya da \u00e7ekingen \u00f6\u011frencilerde sakl\u0131 potansiyelleri ortaya \u00e7\u0131kar\u0131r. E\u011fitimin \u00f6n\u00fcnde b\u00fcy\u00fck engelmi\u015f gibi g\u00f6r\u00fcnen baz\u0131 konular\u0131 k\u00fc\u00e7\u00fck dokunu\u015flarla b\u00fcy\u00fck iyiliklere d\u00f6n\u00fc\u015ft\u00fcr\u00fcr. Peki b\u00fct\u00fcn bunlar nas\u0131l m\u00fcmk\u00fcn olur?.. E\u011fitimci yazar Vehbi Vakkaso\u011flu, yar\u0131m asra dayanan \u015fahsi tecr\u00fcbelerini, e\u011fitimine katk\u0131da bulunmu\u015f \u00e7arp\u0131c\u0131 \u00f6rneklerle harmanlad\u0131. B\u00f6ylece, \u00f6\u011fretmenli\u011fi B\u0130R SEVDA gibi ya\u015faman\u0131n yol haritas\u0131n\u0131 evrensel ger\u00e7ekler \u0131\u015f\u0131\u011f\u0131nda ortaya koydu. Umuyoruz ki okuyanlar, \u201c\u0130\u015fte \u00f6\u011fretmen budur!\u201d diyeceklerdir.<\/p>\n","protected":false},"excerpt":{"rendered":"<p>\u00d6\u011fretmen; En hay\u0131rl\u0131 varisini kendi elleriyle yeti\u015ftiren ki\u015fidir. Bir insan\u0131n hayat\u0131na dokunur ve o hayat\u0131n geri kalan\u0131n\u0131 tamamen de\u011fi\u015ftirir. Bir tohum eker ve y\u0131llar sonra o<span class=\"excerpt-hellip\"> [\u2026]<\/span><\/p>\n","protected":false},"featured_media":0,"template":"","meta":{"_monsterinsights_skip_tracking":false,"_monsterinsights_sitenote_active":false,"_monsterinsights_sitenote_note":"","_monsterinsights_sitenote_category":0},"product_brand":[],"product_cat":[14787,13488],"product_tag":[],"class_list":{"0":"post-737600","1":"product","2":"type-product","3":"status-publish","5":"product_cat-diger-toplum-ve-insan","6":"product_cat-toplum-ve-insan","7":"pa_cilt-ciltsiz","8":"pa_tur-kitap","9":"pa_yayinevi-foliant-yayinlari","10":"pa_yazar-vehbi-vakkasoglu","12":"first","13":"instock","14":"sale","15":"shipping-taxable","16":"purchasable","17":"product-type-simple"},"_links":{"self":[{"href":"https:\/\/roveyayinevi.com.tr\/index.php\/wp-json\/wp\/v2\/product\/737600","targetHints":{"allow":["GET"]}}],"collection":[{"href":"https:\/\/roveyayinevi.com.tr\/index.php\/wp-json\/wp\/v2\/product"}],"about":[{"href":"https:\/\/roveyayinevi.com.tr\/index.php\/wp-json\/wp\/v2\/types\/product"}],"wp:attachment":[{"href":"https:\/\/roveyayinevi.com.tr\/index.php\/wp-json\/wp\/v2\/media?parent=737600"}],"wp:term":[{"taxonomy":"product_brand","embeddable":true,"href":"https:\/\/roveyayinevi.com.tr\/index.php\/wp-json\/wp\/v2\/product_brand?post=737600"},{"taxonomy":"product_cat","embeddable":true,"href":"https:\/\/roveyayinevi.com.tr\/index.php\/wp-json\/wp\/v2\/product_cat?post=737600"},{"taxonomy":"product_tag","embeddable":true,"href":"https:\/\/roveyayinevi.com.tr\/index.php\/wp-json\/wp\/v2\/product_tag?post=737600"}],"curies":[{"name":"wp","href":"https:\/\/api.w.org\/{rel}","templated":true}]}}