{"id":737598,"date":"2025-08-27T23:31:53","date_gmt":"2025-08-27T20:31:53","guid":{"rendered":"https:\/\/roveyayinevi.com.tr\/index.php\/urun\/kontrpiye\/"},"modified":"2026-04-16T02:46:59","modified_gmt":"2026-04-15T23:46:59","slug":"kontrpiye","status":"publish","type":"product","link":"https:\/\/roveyayinevi.com.tr\/index.php\/urun\/kontrpiye\/","title":{"rendered":"Kontrpiye"},"content":{"rendered":"<p>Kontrpiye, k\u00fc\u00e7\u00fckken hep d\u00fcnyan\u0131n en iyi forveti olarak tan\u0131nmay\u0131 ve ailesini mahcup etmeyen bir evlat olmay\u0131 hayal eden Giray\u2019in hik\u00e2yesidir. Ya\u015f\u0131 26\u2019ya geldi\u011finde arkas\u0131na \u015f\u00f6yle bir d\u00f6n\u00fcp bakt\u0131\u011f\u0131nda hayallerinin b\u00fcy\u00fck bir k\u0131sm\u0131na ula\u015ft\u0131\u011f\u0131n\u0131 g\u00f6r\u00fcr. Yani en az\u0131ndan amat\u00f6r\u00fcn dibinde yer alan bir kul\u00fcb\u00fcn forvetidir ve babas\u0131 h\u00e2l\u00e2 onu evlatl\u0131ktan reddetmemi\u015ftir. Fakat arkada\u015flar\u0131 \u0130shal ve Toner\u2019le birlikte bir elektrik dire\u011finin dibinde \u00e7ekirdek \u00e7itleyerek ge\u00e7irdi\u011fi g\u00fcnlerin birinde Sara\u2019ya rastlay\u0131nca, sadece hayalleri de\u011fil, b\u00fct\u00fcn hayat\u0131 de\u011fi\u015fir. \u0130\u015fte, Giray\u2019\u0131n as\u0131l hik\u00e2yesi de bundan sonra ba\u015flar. Platonik bir sevda m\u0131d\u0131r onunkisi? Yoksa sonu, ayn\u0131 elektrik faturas\u0131na bakarak \u201cOha! Bu evde Pikachu mu ya\u015f\u0131yor?\u201d diye serzeni\u015fte bulunacaklar\u0131 bir evlilik mi? Giray ile Sara\u2019n\u0131n hik\u00e2yesi; Kerem ile Asl\u0131, Leyla ile Mecnun, Ciguli ile Binnaz\u2019\u0131 solda s\u0131f\u0131r b\u0131rakacak bir a\u015fk hik\u00e2yesidir. Yan\u0131 s\u0131ra macera, a\u015fk, futbol, komedi ve daha pek \u00e7ok konu bu kitapta&#8230; Kontrpiyede kalmamak i\u00e7in Kontrpiye\u2019ye ba\u015flaman\u0131n tam zaman\u0131&#8230;<\/p>\n","protected":false},"excerpt":{"rendered":"<p>Kontrpiye, k\u00fc\u00e7\u00fckken hep d\u00fcnyan\u0131n en iyi forveti olarak tan\u0131nmay\u0131 ve ailesini mahcup etmeyen bir evlat olmay\u0131 hayal eden Giray\u2019in hik\u00e2yesidir. Ya\u015f\u0131 26\u2019ya geldi\u011finde arkas\u0131na \u015f\u00f6yle bir<span class=\"excerpt-hellip\"> [\u2026]<\/span><\/p>\n","protected":false},"featured_media":0,"template":"","meta":{"_monsterinsights_skip_tracking":false,"_monsterinsights_sitenote_active":false,"_monsterinsights_sitenote_note":"","_monsterinsights_sitenote_category":0},"product_brand":[],"product_cat":[12291,12711],"product_tag":[],"class_list":{"0":"post-737598","1":"product","2":"type-product","3":"status-publish","5":"product_cat-edebiyat","6":"product_cat-roman-oyku","7":"pa_cilt-ciltsiz","8":"pa_tur-kitap","9":"pa_yayinevi-selen-yayinevi","10":"pa_yazar-ercan-ertan","12":"first","13":"instock","14":"sale","15":"shipping-taxable","16":"purchasable","17":"product-type-simple"},"_links":{"self":[{"href":"https:\/\/roveyayinevi.com.tr\/index.php\/wp-json\/wp\/v2\/product\/737598","targetHints":{"allow":["GET"]}}],"collection":[{"href":"https:\/\/roveyayinevi.com.tr\/index.php\/wp-json\/wp\/v2\/product"}],"about":[{"href":"https:\/\/roveyayinevi.com.tr\/index.php\/wp-json\/wp\/v2\/types\/product"}],"wp:attachment":[{"href":"https:\/\/roveyayinevi.com.tr\/index.php\/wp-json\/wp\/v2\/media?parent=737598"}],"wp:term":[{"taxonomy":"product_brand","embeddable":true,"href":"https:\/\/roveyayinevi.com.tr\/index.php\/wp-json\/wp\/v2\/product_brand?post=737598"},{"taxonomy":"product_cat","embeddable":true,"href":"https:\/\/roveyayinevi.com.tr\/index.php\/wp-json\/wp\/v2\/product_cat?post=737598"},{"taxonomy":"product_tag","embeddable":true,"href":"https:\/\/roveyayinevi.com.tr\/index.php\/wp-json\/wp\/v2\/product_tag?post=737598"}],"curies":[{"name":"wp","href":"https:\/\/api.w.org\/{rel}","templated":true}]}}