{"id":737597,"date":"2025-08-27T23:31:52","date_gmt":"2025-08-27T20:31:52","guid":{"rendered":"https:\/\/roveyayinevi.com.tr\/index.php\/urun\/kimsesizler-matemi\/"},"modified":"2026-04-16T02:46:59","modified_gmt":"2026-04-15T23:46:59","slug":"kimsesizler-matemi","status":"publish","type":"product","link":"https:\/\/roveyayinevi.com.tr\/index.php\/urun\/kimsesizler-matemi\/","title":{"rendered":"Kimsesizler Matemi"},"content":{"rendered":"<p>\u201cGece Yar\u0131s\u0131 G\u00fcne\u015fi, bu da\u011f\u0131n \u00fczerindeki t\u00fcm kar\u0131 eritiyorsun.\u201d   Safir Mila Safkan, hen\u00fcz \u00e7ok k\u00fc\u00e7\u00fckken hayat\u0131n\u0131n ta\u015flar\u0131n\u0131 yerinden oynatan bir olay ya\u015far ve kendini ans\u0131z\u0131n bir yetimhanenin so\u011fuk duvarlar\u0131 aras\u0131nda kimsesiz bulur. Sahip oldu\u011fu \u015feyler, her ne ya\u015farsa ya\u015fas\u0131n iyi kalan kalbi ve tutkuyla ba\u011fl\u0131 oldu\u011fu dans\u0131d\u0131r.    Kalbi yaln\u0131zca bir tek \u015fey i\u00e7in, bale i\u00e7in \u00e7arpar.  Ta ki ikincisini bulana kadar: Hazer Han&#8217;\u0131.   Kat\u0131laca\u011f\u0131 m\u00fczikali kazanma hedefiyle, kendisini se\u00e7en bu adam\u0131n g\u00f6zetimi alt\u0131nda dans etmeye, bir kelebek gibi kanat \u00e7\u0131rpmaya ba\u015flar. Fakat elde etti\u011fi t\u00fcm bu ba\u015far\u0131lar\u0131n yan\u0131nda ona ba\u015fka bir hediye k\u0131l\u0131nm\u0131\u015ft\u0131r: a\u015fk. Kendi kalbi kadar hassas ve nazik bir kalp Mila&#8217;ya yakla\u015ft\u0131\u011f\u0131nda, bu zamana kadarki t\u00fcm \u00f6nyarg\u0131lar\u0131 yava\u015f\u00e7a yerle bir olur ve t\u00fcy kadar nahif bir a\u015fk bedeninde dans eder.     K\u0131\u015f\u0131n so\u011fu\u011funda y\u00fcre\u011finizi s\u0131cac\u0131k k\u0131lacak, romantik bir a\u015fk hik\u00e2yesi.<\/p>\n","protected":false},"excerpt":{"rendered":"<p>\u201cGece Yar\u0131s\u0131 G\u00fcne\u015fi, bu da\u011f\u0131n \u00fczerindeki t\u00fcm kar\u0131 eritiyorsun.\u201d Safir Mila Safkan, hen\u00fcz \u00e7ok k\u00fc\u00e7\u00fckken hayat\u0131n\u0131n ta\u015flar\u0131n\u0131 yerinden oynatan bir olay ya\u015far ve kendini ans\u0131z\u0131n bir<span class=\"excerpt-hellip\"> [\u2026]<\/span><\/p>\n","protected":false},"featured_media":0,"template":"","meta":{"_monsterinsights_skip_tracking":false,"_monsterinsights_sitenote_active":false,"_monsterinsights_sitenote_note":"","_monsterinsights_sitenote_category":0},"product_brand":[],"product_cat":[12291,12711],"product_tag":[],"class_list":{"0":"post-737597","1":"product","2":"type-product","3":"status-publish","5":"product_cat-edebiyat","6":"product_cat-roman-oyku","7":"pa_cilt-ciltsiz","8":"pa_tur-kitap","9":"pa_yayinevi-indigo-kitap","10":"pa_yazar-emine-tavuz","12":"first","13":"instock","14":"sale","15":"shipping-taxable","16":"purchasable","17":"product-type-simple"},"_links":{"self":[{"href":"https:\/\/roveyayinevi.com.tr\/index.php\/wp-json\/wp\/v2\/product\/737597","targetHints":{"allow":["GET"]}}],"collection":[{"href":"https:\/\/roveyayinevi.com.tr\/index.php\/wp-json\/wp\/v2\/product"}],"about":[{"href":"https:\/\/roveyayinevi.com.tr\/index.php\/wp-json\/wp\/v2\/types\/product"}],"wp:attachment":[{"href":"https:\/\/roveyayinevi.com.tr\/index.php\/wp-json\/wp\/v2\/media?parent=737597"}],"wp:term":[{"taxonomy":"product_brand","embeddable":true,"href":"https:\/\/roveyayinevi.com.tr\/index.php\/wp-json\/wp\/v2\/product_brand?post=737597"},{"taxonomy":"product_cat","embeddable":true,"href":"https:\/\/roveyayinevi.com.tr\/index.php\/wp-json\/wp\/v2\/product_cat?post=737597"},{"taxonomy":"product_tag","embeddable":true,"href":"https:\/\/roveyayinevi.com.tr\/index.php\/wp-json\/wp\/v2\/product_tag?post=737597"}],"curies":[{"name":"wp","href":"https:\/\/api.w.org\/{rel}","templated":true}]}}