{"id":737591,"date":"2025-08-27T23:31:45","date_gmt":"2025-08-27T20:31:45","guid":{"rendered":"https:\/\/roveyayinevi.com.tr\/index.php\/urun\/bizim-memleket-gudul\/"},"modified":"2026-04-16T02:46:58","modified_gmt":"2026-04-15T23:46:58","slug":"bizim-memleket-gudul","status":"publish","type":"product","link":"https:\/\/roveyayinevi.com.tr\/index.php\/urun\/bizim-memleket-gudul\/","title":{"rendered":"Bizim Memleket G\u00fcd\u00fcl"},"content":{"rendered":"<p>Bizim memleket G\u00fcd\u00fcl\u2019\u00fc bir vefa borcu olarak, sat\u0131rlara d\u00f6kmeye baslad\u0131g\u0131mda, \u00e7ocuklugumda yasad\u0131klar\u0131m\u0131, hat\u0131rlad\u0131g\u0131m kadar\u0131yla yazd\u0131m. O g\u00fcnleri g\u00fczel anmam\u0131 saglayan en basta Ballisinlerin \u00dcmm\u00fchan Ebemi anmak isterim. Ebem en ac\u0131mas\u0131z olumsuzluklar\u0131, g\u00fczele indirerek sunard\u0131. Onun duygusuz gibi g\u00f6r\u00fcnen tavr\u0131n\u0131, imgelerindeki zenginlik oldu\u011funu kavrad\u0131m. Okuman\u0131z\u0131 isterim, \u00f6zellikle benim yas grubundakiler ve ge\u00e7misini \u00f6\u011frenmek isteyenler, kendinizi an\u0131lar i\u00e7inde bulacaks\u0131n\u0131z. G\u00fcd\u00fcl, bir sekilde hepimizin hayat\u0131nda dokunmus. Kah\u0131rl\u0131 bir bak\u0131s\u0131 var. Hep ayr\u0131l\u0131rken burukluk hissetmemiz bundan\u2026 G\u00fcd\u00fcl yanardag k\u00fcllerinden beslenen bir g\u00fcl, karanl\u0131k viranelerde \u00f6ten b\u00fclb\u00fcl\u2026 G\u00fcn\u00fcn birinde, belki de s\u0131r\u00e7a k\u00f6skler gibi degerini bulur. G\u00fcd\u00fcl benim i\u00e7in, yaln\u0131zl\u0131k, hasret, kah\u0131r, vefa demek. Her seye ragmen, masumiyetini ve kararl\u0131l\u0131g\u0131n\u0131 yitirmemistir. Yesil G\u00fcd\u00fcl\u2019e hos geldiniz. Bu kitab\u0131 Ballisinlerin \u00dcmm\u00fchan Ebeme na\u00e7izane armagan ediyorum. Aziz hat\u0131ras\u0131na sayg\u0131yla\u2026 <\/p>\n","protected":false},"excerpt":{"rendered":"<p>Bizim memleket G\u00fcd\u00fcl\u2019\u00fc bir vefa borcu olarak, sat\u0131rlara d\u00f6kmeye baslad\u0131g\u0131mda, \u00e7ocuklugumda yasad\u0131klar\u0131m\u0131, hat\u0131rlad\u0131g\u0131m kadar\u0131yla yazd\u0131m. O g\u00fcnleri g\u00fczel anmam\u0131 saglayan en basta Ballisinlerin \u00dcmm\u00fchan Ebemi anmak<span class=\"excerpt-hellip\"> [\u2026]<\/span><\/p>\n","protected":false},"featured_media":0,"template":"","meta":{"_monsterinsights_skip_tracking":false,"_monsterinsights_sitenote_active":false,"_monsterinsights_sitenote_note":"","_monsterinsights_sitenote_category":0},"product_brand":[],"product_cat":[12291,12509],"product_tag":[],"class_list":{"0":"post-737591","1":"product","2":"type-product","3":"status-publish","5":"product_cat-edebiyat","6":"product_cat-siir","7":"pa_cilt-ciltsiz","8":"pa_tur-kitap","9":"pa_yayinevi-nar-agaci-yayinlari","10":"pa_yazar-zafer-celebi","12":"first","13":"instock","14":"sale","15":"shipping-taxable","16":"purchasable","17":"product-type-simple"},"_links":{"self":[{"href":"https:\/\/roveyayinevi.com.tr\/index.php\/wp-json\/wp\/v2\/product\/737591","targetHints":{"allow":["GET"]}}],"collection":[{"href":"https:\/\/roveyayinevi.com.tr\/index.php\/wp-json\/wp\/v2\/product"}],"about":[{"href":"https:\/\/roveyayinevi.com.tr\/index.php\/wp-json\/wp\/v2\/types\/product"}],"wp:attachment":[{"href":"https:\/\/roveyayinevi.com.tr\/index.php\/wp-json\/wp\/v2\/media?parent=737591"}],"wp:term":[{"taxonomy":"product_brand","embeddable":true,"href":"https:\/\/roveyayinevi.com.tr\/index.php\/wp-json\/wp\/v2\/product_brand?post=737591"},{"taxonomy":"product_cat","embeddable":true,"href":"https:\/\/roveyayinevi.com.tr\/index.php\/wp-json\/wp\/v2\/product_cat?post=737591"},{"taxonomy":"product_tag","embeddable":true,"href":"https:\/\/roveyayinevi.com.tr\/index.php\/wp-json\/wp\/v2\/product_tag?post=737591"}],"curies":[{"name":"wp","href":"https:\/\/api.w.org\/{rel}","templated":true}]}}