{"id":737587,"date":"2025-08-27T23:31:41","date_gmt":"2025-08-27T20:31:41","guid":{"rendered":"https:\/\/roveyayinevi.com.tr\/index.php\/urun\/tedarik-zinciri-entegrasyonu-ve-yeni-urun-gelistirme\/"},"modified":"2026-04-16T02:46:58","modified_gmt":"2026-04-15T23:46:58","slug":"tedarik-zinciri-entegrasyonu-ve-yeni-urun-gelistirme","status":"publish","type":"product","link":"https:\/\/roveyayinevi.com.tr\/index.php\/urun\/tedarik-zinciri-entegrasyonu-ve-yeni-urun-gelistirme\/","title":{"rendered":"Tedarik Zinciri Entegrasyonu ve Yeni \u00dcr\u00fcn Geli\u015ftirme"},"content":{"rendered":"<p>\u0130\u00e7indekiler   B\u0130R\u0130NC\u0130 B\u00d6L\u00dcM: TEDAR\u0130K Z\u0130NC\u0130R\u0130 ENTEGRASYONU   \u0130K\u0130NC\u0130 B\u00d6L\u00dcM: YEN\u0130 \u00dcR\u00dcN GEL\u0130\u015eT\u0130RME   \u00dc\u00c7\u00dcNC\u00dc B\u00d6L\u00dcM: TEDAR\u0130K Z\u0130NC\u0130R\u0130 ENTEGRASYONUN YEN\u0130 \u00dcR\u00dcN GEL\u0130\u015eT\u0130RME \u00dcZER\u0130NE ETK\u0130S\u0130N\u0130 DE\u011eERLEND\u0130REN B\u0130R ARA\u015eTIRMA<\/p>\n","protected":false},"excerpt":{"rendered":"<p>\u0130\u00e7indekiler B\u0130R\u0130NC\u0130 B\u00d6L\u00dcM: TEDAR\u0130K Z\u0130NC\u0130R\u0130 ENTEGRASYONU \u0130K\u0130NC\u0130 B\u00d6L\u00dcM: YEN\u0130 \u00dcR\u00dcN GEL\u0130\u015eT\u0130RME \u00dc\u00c7\u00dcNC\u00dc B\u00d6L\u00dcM: TEDAR\u0130K Z\u0130NC\u0130R\u0130 ENTEGRASYONUN YEN\u0130 \u00dcR\u00dcN GEL\u0130\u015eT\u0130RME \u00dcZER\u0130NE ETK\u0130S\u0130N\u0130 DE\u011eERLEND\u0130REN B\u0130R ARA\u015eTIRMA<\/p>\n","protected":false},"featured_media":0,"template":"","meta":{"_monsterinsights_skip_tracking":false,"_monsterinsights_sitenote_active":false,"_monsterinsights_sitenote_note":"","_monsterinsights_sitenote_category":0},"product_brand":[],"product_cat":[20333,13043],"product_tag":[],"class_list":{"0":"post-737587","1":"product","2":"type-product","3":"status-publish","5":"product_cat-diger-ekonomi","6":"product_cat-ekonomi","7":"pa_cilt-ciltsiz","8":"pa_tur-kitap","9":"pa_yayinevi-gazi-kitabevi","10":"pa_yazar-erdinc-koc","12":"first","13":"instock","14":"sale","15":"shipping-taxable","16":"purchasable","17":"product-type-simple"},"_links":{"self":[{"href":"https:\/\/roveyayinevi.com.tr\/index.php\/wp-json\/wp\/v2\/product\/737587","targetHints":{"allow":["GET"]}}],"collection":[{"href":"https:\/\/roveyayinevi.com.tr\/index.php\/wp-json\/wp\/v2\/product"}],"about":[{"href":"https:\/\/roveyayinevi.com.tr\/index.php\/wp-json\/wp\/v2\/types\/product"}],"wp:attachment":[{"href":"https:\/\/roveyayinevi.com.tr\/index.php\/wp-json\/wp\/v2\/media?parent=737587"}],"wp:term":[{"taxonomy":"product_brand","embeddable":true,"href":"https:\/\/roveyayinevi.com.tr\/index.php\/wp-json\/wp\/v2\/product_brand?post=737587"},{"taxonomy":"product_cat","embeddable":true,"href":"https:\/\/roveyayinevi.com.tr\/index.php\/wp-json\/wp\/v2\/product_cat?post=737587"},{"taxonomy":"product_tag","embeddable":true,"href":"https:\/\/roveyayinevi.com.tr\/index.php\/wp-json\/wp\/v2\/product_tag?post=737587"}],"curies":[{"name":"wp","href":"https:\/\/api.w.org\/{rel}","templated":true}]}}