{"id":737584,"date":"2025-08-27T23:31:39","date_gmt":"2025-08-27T20:31:39","guid":{"rendered":"https:\/\/roveyayinevi.com.tr\/index.php\/urun\/gunumuzde-sanat-ve-deneyim\/"},"modified":"2026-03-12T02:56:58","modified_gmt":"2026-03-11T23:56:58","slug":"gunumuzde-sanat-ve-deneyim","status":"publish","type":"product","link":"https:\/\/roveyayinevi.com.tr\/index.php\/urun\/gunumuzde-sanat-ve-deneyim\/","title":{"rendered":"G\u00fcn\u00fcm\u00fczde Sanat ve Deneyim"},"content":{"rendered":"<p>G\u00fcn\u00fcm\u00fczde Sanat ve Deneyim, S\u00fcreyyya Evren\u2019in g\u00fcn\u00fcm\u00fczde sanat deneyiminin sahici bir sorgulamadan nas\u0131l ge\u00e7irilebilece\u011fi sorusunun pe\u015finden giderek kaleme ald\u0131\u011f\u0131 bir yaz\u0131 dizisini, \u00e7e\u015fitli mecralarda yer verilen makalelerini ve sanatla birebir deneyimine dayanan yorumlar\u0131n\u0131 bir araya getiriyor. Semiyosferi her ge\u00e7en g\u00fcn daha h\u0131zl\u0131 evrim ge\u00e7iren sanat evreninde \u2018sanat\u2019 deneyiminin m\u00fcmk\u00fcn olup olmad\u0131\u011f\u0131n\u0131 sorgulamakla yola \u00e7\u0131kan Evren, onun ve g\u00fcn\u00fcm\u00fcz sanat\u0131 izleyicisinin akl\u0131ndaki sorular\u0131n olas\u0131 yan\u0131tlar\u0131n\u0131 sergileri so\u011fuk so\u011fuk gezerek, deneyim \u015fapkalar\u0131n\u0131 tek tek deneyerek ara\u015ft\u0131r\u0131yor.G\u00fcn\u00fcm\u00fcz sanat\u0131 evrenini ku\u015fatan yorumlar\u0131n, teorilerin, bilginin, hatta metaveri alan\u0131n\u0131n varl\u0131\u011f\u0131 \u00fczerine de d\u00fc\u015f\u00fcnen S\u00fcreyyya Evren, sanatta \u2018a\u00e7\u0131klama\u2019 ile \u2018tarihyaz\u0131m\u0131\u2019na dair tart\u0131\u015fmalar \u0131\u015f\u0131\u011f\u0131nda kendi yorumunu \u2018a\u00e7\u0131kl\u0131yor\u2019. G\u00fcn\u00fcm\u00fczde Sanat ve Deneyim ile Evren, okuru, pandemi g\u00fcnlerinde sanat, ger\u00e7ekli\u011fin ikamesi olarak dijital sanat, sanat\u0131n fiziksel-dijital deneyimlenmesi, b\u00fct\u00fcn bunlar\u0131n aras\u0131nda sanat\u0131n konumu ve g\u00fcn\u00fcm\u00fcz sanat\u0131 izleyicisinin zihnini me\u015fgul eden daha pek \u00e7ok mesele \u00fczerinde birlikte d\u00fc\u015f\u00fcnmeye davet ediyor.<\/p>\n","protected":false},"excerpt":{"rendered":"<p>G\u00fcn\u00fcm\u00fczde Sanat ve Deneyim, S\u00fcreyyya Evren\u2019in g\u00fcn\u00fcm\u00fczde sanat deneyiminin sahici bir sorgulamadan nas\u0131l ge\u00e7irilebilece\u011fi sorusunun pe\u015finden giderek kaleme ald\u0131\u011f\u0131 bir yaz\u0131 dizisini, \u00e7e\u015fitli mecralarda yer verilen<span class=\"excerpt-hellip\"> [\u2026]<\/span><\/p>\n","protected":false},"featured_media":0,"template":"","meta":{"_monsterinsights_skip_tracking":false,"_monsterinsights_sitenote_active":false,"_monsterinsights_sitenote_note":"","_monsterinsights_sitenote_category":0},"product_brand":[],"product_cat":[44608,12408],"product_tag":[],"class_list":{"0":"post-737584","1":"product","2":"type-product","3":"status-publish","5":"product_cat-diger-sanat","6":"product_cat-sanat","7":"pa_cilt-ciltsiz","8":"pa_tur-kitap","9":"pa_yayinevi-hayalperest-yayinlari","10":"pa_yazar-sureyya-evren","12":"first","13":"instock","14":"sale","15":"shipping-taxable","16":"purchasable","17":"product-type-simple"},"_links":{"self":[{"href":"https:\/\/roveyayinevi.com.tr\/index.php\/wp-json\/wp\/v2\/product\/737584","targetHints":{"allow":["GET"]}}],"collection":[{"href":"https:\/\/roveyayinevi.com.tr\/index.php\/wp-json\/wp\/v2\/product"}],"about":[{"href":"https:\/\/roveyayinevi.com.tr\/index.php\/wp-json\/wp\/v2\/types\/product"}],"wp:attachment":[{"href":"https:\/\/roveyayinevi.com.tr\/index.php\/wp-json\/wp\/v2\/media?parent=737584"}],"wp:term":[{"taxonomy":"product_brand","embeddable":true,"href":"https:\/\/roveyayinevi.com.tr\/index.php\/wp-json\/wp\/v2\/product_brand?post=737584"},{"taxonomy":"product_cat","embeddable":true,"href":"https:\/\/roveyayinevi.com.tr\/index.php\/wp-json\/wp\/v2\/product_cat?post=737584"},{"taxonomy":"product_tag","embeddable":true,"href":"https:\/\/roveyayinevi.com.tr\/index.php\/wp-json\/wp\/v2\/product_tag?post=737584"}],"curies":[{"name":"wp","href":"https:\/\/api.w.org\/{rel}","templated":true}]}}