{"id":737556,"date":"2025-08-27T23:31:14","date_gmt":"2025-08-27T20:31:14","guid":{"rendered":"https:\/\/roveyayinevi.com.tr\/index.php\/urun\/mevlana-ve-hunkar\/"},"modified":"2026-04-16T02:46:57","modified_gmt":"2026-04-15T23:46:57","slug":"mevlana-ve-hunkar","status":"publish","type":"product","link":"https:\/\/roveyayinevi.com.tr\/index.php\/urun\/mevlana-ve-hunkar\/","title":{"rendered":"Mevlana ve H\u00fcnkar"},"content":{"rendered":"<p>Mevlana ve H\u00fcnkar, Hz. Mevlana&#8217;y\u0131 mutasavv\u0131f ki\u015fili\u011finin yan\u0131nda Sel\u00e7uklu H\u00fcnkarlar\u0131 ile olan ili\u015fkisi ba\u011flam\u0131nda da incelemekte ve kendisine yap\u0131lan Mo\u011fol casusu tezlerini \u00e7\u00fcr\u00fctmektedir. Konuyu hem tarih perspektifiyle hem de akademik bir disiplinle ele alan bu eser, Hz. Mevlana&#8217;n\u0131n mesaj\u0131n\u0131 ve ki\u015fili\u011fini anlamada da \u00f6nemli katk\u0131 sa\u011flayacakt\u0131r. Ayr\u0131ca 15 Temmuz sonras\u0131 ya\u015fanan s\u00fcrecin anla\u015f\u0131lmas\u0131 i\u00e7in de \u00f6nemli bir eserdir&#8230; Casus, her yere gizlice s\u0131zabilen ki\u015fidir. Mevlana da hi\u00e7 \u015f\u00fcphesiz bir casustur. Ancak o, insan\u0131n en gizli y\u00f6n\u00fcne s\u0131z\u0131p oraya girmi\u015ftir. Evet o, g\u00f6n\u00fcllerin casusudur. O, g\u00f6n\u00fcllere girip, insan\u0131n \u015fifresini k\u0131r\u0131p ondaki de\u011ferli hazineyi ortaya \u00e7\u0131karm\u0131\u015ft\u0131r. K\u0131saca g\u00f6n\u00fcl casusudur o. -Prof. Dr. Ethem Cebecio\u011flu- Konya&#8217;y\u0131 ku\u015fatan Mo\u011follar\u0131n lideri Baycu ve adamlar\u0131, Mevlana&#8217;n\u0131n sohbetine kat\u0131l\u0131rlar. \u00c7\u0131k\u0131\u015fta Baycu &#8220;Her \u015fehirde b\u00f6yle bir adam olsayd\u0131 halklar\u0131 asla bize ma\u011flup olmazd\u0131.&#8221; der ve Konya&#8217;y\u0131 yak\u0131p y\u0131kmaktan vazge\u00e7er. Mevlana &#8220;Sen Tatarlardan korkuyorsan Allah&#8217;\u0131 tan\u0131m\u0131yor demeksin; ben ise onlara iki y\u00fcz iman sancag?\u0131yla h\u00fccum ediyorum.&#8221; beytiyle, yapt\u0131\u011f\u0131n\u0131n bir strateji oldu\u011funu ifade eder. Bu y\u00fcksek stratejiyi anlamayan ve tasavvufa her f\u0131rsatta sald\u0131rmak i\u00e7in bahane arayan kimileri buradan dedikodular \u00fcretir. Bu indi m\u00fclahazalara gerekli cevaplar\u0131 de\u011ferli karde\u015fim Prof. Dr. Osman Nuri K\u00fc\u00e7\u00fck elinizde tuttu\u011funuz bu g\u00fczel \u00e7al\u0131\u015fmada vermektedir. -Prof. Dr. Mahmud Erol K\u0131l\u0131\u00e7- Soyadlar\u0131m\u0131z\u0131n ayn\u0131l\u0131\u011f\u0131ndan &#8220;biyolojik&#8221; karde\u015fim zannedilen, dinde ve ilimde karde\u015fim Prof. Dr. Osman Nuri K\u00fc\u00e7\u00fck&#8217;\u00fcn yazd\u0131klar\u0131n\u0131 okuduk ve kaynaklar\u0131 nas\u0131l bir ustal\u0131kla kulland\u0131\u011f\u0131n\u0131 g\u00f6rd\u00fck. Hem tasavvuf us\u00fbl\u00fcne hem de tarih us\u00fbl\u00fcne v\u00e2k\u0131f bir \u015fekilde men\u00e2k\u0131bn\u00e2melerden aktard\u0131\u011f\u0131 herhangi bir olay\u0131n &#8220;tasavvuf kaynaklar\u0131n\u0131n hemen hepsinde rastlanabilecek olan bir ker\u00e2met&#8221; mi, yoksa &#8220;tarih\u00ee bir vak&#8217;a&#8221; m\u0131 oldu\u011funu belirtmi\u015f ve anlat\u0131lanla ilgili gerekli analizleri yapm\u0131\u015ft\u0131r. Eser, tasavvuf tarihi metodolojisi bak\u0131m\u0131ndan dikkatlice okunmas\u0131 gereken de\u011ferlendirmeler i\u00e7ermektedir. Kendilerini tebrik ediyoruz. -Prof. Dr. H\u00fclya K\u00fc\u00e7\u00fck- Kur&#8217;\u00e2n-\u0131 Kerim&#8217;in dikkatimizi \u00e7ekti\u011fi hususlardan biri de tarihtir. Fakat tarihi okumak, anlamak, yorumlamak kolay de\u011fildir. \u00c7\u00fcnk\u00fc bu; do\u011fru bilgiye, tarafs\u0131z bir zihne, so\u011fukkanl\u0131 bir bak\u0131\u015fa ve iyi niyete ihtiya\u00e7 duyar. Aksi halde hakikat ortadan kaybolur, tarihten ibret alma da ger\u00e7ekle\u015fmez. \u0130nsanlar\u0131n davran\u0131\u015flar\u0131n\u0131 pe\u015fin h\u00fck\u00fcmle g\u00f6klere \u00e7\u0131karmak veya yerin dibine bat\u0131rmak bize fazla bir \u015fey kazand\u0131rmaz. -Prof. Dr. Mustafa Kara- <\/p>\n","protected":false},"excerpt":{"rendered":"<p>Mevlana ve H\u00fcnkar, Hz. Mevlana&#8217;y\u0131 mutasavv\u0131f ki\u015fili\u011finin yan\u0131nda Sel\u00e7uklu H\u00fcnkarlar\u0131 ile olan ili\u015fkisi ba\u011flam\u0131nda da incelemekte ve kendisine yap\u0131lan Mo\u011fol casusu tezlerini \u00e7\u00fcr\u00fctmektedir. Konuyu hem tarih<span class=\"excerpt-hellip\"> [\u2026]<\/span><\/p>\n","protected":false},"featured_media":0,"template":"","meta":{"_monsterinsights_skip_tracking":false,"_monsterinsights_sitenote_active":false,"_monsterinsights_sitenote_note":"","_monsterinsights_sitenote_category":0},"product_brand":[],"product_cat":[12718,12719,15238],"product_tag":[],"class_list":{"0":"post-737556","1":"product","2":"type-product","3":"status-publish","5":"product_cat-din","6":"product_cat-islam","7":"product_cat-tasavvuf","8":"pa_cilt-ciltsiz","9":"pa_tur-kitap","10":"pa_yayinevi-nefes-yayincilik","11":"pa_yazar-osman-nuri-kucuk","13":"first","14":"instock","15":"sale","16":"shipping-taxable","17":"purchasable","18":"product-type-simple"},"_links":{"self":[{"href":"https:\/\/roveyayinevi.com.tr\/index.php\/wp-json\/wp\/v2\/product\/737556","targetHints":{"allow":["GET"]}}],"collection":[{"href":"https:\/\/roveyayinevi.com.tr\/index.php\/wp-json\/wp\/v2\/product"}],"about":[{"href":"https:\/\/roveyayinevi.com.tr\/index.php\/wp-json\/wp\/v2\/types\/product"}],"wp:attachment":[{"href":"https:\/\/roveyayinevi.com.tr\/index.php\/wp-json\/wp\/v2\/media?parent=737556"}],"wp:term":[{"taxonomy":"product_brand","embeddable":true,"href":"https:\/\/roveyayinevi.com.tr\/index.php\/wp-json\/wp\/v2\/product_brand?post=737556"},{"taxonomy":"product_cat","embeddable":true,"href":"https:\/\/roveyayinevi.com.tr\/index.php\/wp-json\/wp\/v2\/product_cat?post=737556"},{"taxonomy":"product_tag","embeddable":true,"href":"https:\/\/roveyayinevi.com.tr\/index.php\/wp-json\/wp\/v2\/product_tag?post=737556"}],"curies":[{"name":"wp","href":"https:\/\/api.w.org\/{rel}","templated":true}]}}