{"id":737553,"date":"2025-08-27T23:31:11","date_gmt":"2025-08-27T20:31:11","guid":{"rendered":"https:\/\/roveyayinevi.com.tr\/index.php\/urun\/bakara-4-putlarin-kirilmasi\/"},"modified":"2026-04-16T02:46:57","modified_gmt":"2026-04-15T23:46:57","slug":"bakara-4-putlarin-kirilmasi","status":"publish","type":"product","link":"https:\/\/roveyayinevi.com.tr\/index.php\/urun\/bakara-4-putlarin-kirilmasi\/","title":{"rendered":"Bakara 4- Putlar\u0131n K\u0131r\u0131lmas\u0131"},"content":{"rendered":"<p>Bu eser, Bakara S\u00fbresi 40-66 ayetlerini kapsamaktad\u0131r. Cem\u00e2lnur Sargut taraf\u0131ndan b\u00fcy\u00fck mutasavv\u0131flar\u0131n bu ayetlerle ilgili yorumlar\u0131ndan derlenmi\u015ftir. Bakara S\u00fbresi, Allah\u2019\u0131n kullar\u0131na nefsi ve v\u00fcc\u00fbdu terbiye etmenin yollar\u0131n\u0131 \u00f6\u011fretti\u011fi \u00e7ok b\u00fcy\u00fck l\u00fctuf olan bir s\u00fbredir. B\u00fct\u00fcn insanl\u0131\u011f\u0131n ortak sorusu olan \u201cBen bu nefsi, egoyu nas\u0131l adam edece\u011fim?\u201d sorusunun cevaplar\u0131n\u0131 Bakara S\u00fbresi\u2019nde bulabiliriz. Bu b\u00f6l\u00fcmde hakla b\u00e2t\u0131l\u0131 ay\u0131rmay\u0131, ib\u00e2detin hak\u00eekatini, sabr\u0131n \u00f6nemini, nefsi terbiye etmedeki yollar\u0131, Allah\u2019\u0131n verdi\u011finden memnun olmay\u0131, ac\u0131lara ve s\u0131k\u0131nt\u0131lara katlanmay\u0131 \u00f6\u011freten bir s\u00fcr\u00fc re\u00e7ete var. Bakara\u2019y\u0131 okumak insan\u0131n ruhunu yeniler, v\u00fcc\u00fbdunu tamamlar ve insan bir\u00e7ok sorusunun cevab\u0131n\u0131 al\u0131r. Bu b\u00f6l\u00fcm, ger\u00e7ekten putlar\u0131 k\u0131rmak ve egomuzu yenmek i\u00e7in neler yapmam\u0131z gerekti\u011fini \u00f6\u011freten bir b\u00f6l\u00fcm olarak bizi terbiye ediyor. Allah anlamay\u0131 nasip etsin.<\/p>\n","protected":false},"excerpt":{"rendered":"<p>Bu eser, Bakara S\u00fbresi 40-66 ayetlerini kapsamaktad\u0131r. Cem\u00e2lnur Sargut taraf\u0131ndan b\u00fcy\u00fck mutasavv\u0131flar\u0131n bu ayetlerle ilgili yorumlar\u0131ndan derlenmi\u015ftir. Bakara S\u00fbresi, Allah\u2019\u0131n kullar\u0131na nefsi ve v\u00fcc\u00fbdu terbiye etmenin<span class=\"excerpt-hellip\"> [\u2026]<\/span><\/p>\n","protected":false},"featured_media":0,"template":"","meta":{"_monsterinsights_skip_tracking":false,"_monsterinsights_sitenote_active":false,"_monsterinsights_sitenote_note":"","_monsterinsights_sitenote_category":0},"product_brand":[],"product_cat":[13036,12718,12719],"product_tag":[],"class_list":{"0":"post-737553","1":"product","2":"type-product","3":"status-publish","5":"product_cat-arastirma-inceleme-islam","6":"product_cat-din","7":"product_cat-islam","8":"pa_cilt-ciltsiz","9":"pa_tur-kitap","10":"pa_yayinevi-nefes-yayincilik","11":"pa_yazar-cemalnur-sargut","13":"first","14":"instock","15":"sale","16":"shipping-taxable","17":"purchasable","18":"product-type-simple"},"_links":{"self":[{"href":"https:\/\/roveyayinevi.com.tr\/index.php\/wp-json\/wp\/v2\/product\/737553","targetHints":{"allow":["GET"]}}],"collection":[{"href":"https:\/\/roveyayinevi.com.tr\/index.php\/wp-json\/wp\/v2\/product"}],"about":[{"href":"https:\/\/roveyayinevi.com.tr\/index.php\/wp-json\/wp\/v2\/types\/product"}],"wp:attachment":[{"href":"https:\/\/roveyayinevi.com.tr\/index.php\/wp-json\/wp\/v2\/media?parent=737553"}],"wp:term":[{"taxonomy":"product_brand","embeddable":true,"href":"https:\/\/roveyayinevi.com.tr\/index.php\/wp-json\/wp\/v2\/product_brand?post=737553"},{"taxonomy":"product_cat","embeddable":true,"href":"https:\/\/roveyayinevi.com.tr\/index.php\/wp-json\/wp\/v2\/product_cat?post=737553"},{"taxonomy":"product_tag","embeddable":true,"href":"https:\/\/roveyayinevi.com.tr\/index.php\/wp-json\/wp\/v2\/product_tag?post=737553"}],"curies":[{"name":"wp","href":"https:\/\/api.w.org\/{rel}","templated":true}]}}