{"id":737551,"date":"2025-08-27T23:31:09","date_gmt":"2025-08-27T20:31:09","guid":{"rendered":"https:\/\/roveyayinevi.com.tr\/index.php\/urun\/en-kisa-dunya-tarihi\/"},"modified":"2026-04-16T02:46:56","modified_gmt":"2026-04-15T23:46:56","slug":"en-kisa-dunya-tarihi","status":"publish","type":"product","link":"https:\/\/roveyayinevi.com.tr\/index.php\/urun\/en-kisa-dunya-tarihi\/","title":{"rendered":"En K\u0131sa D\u00fcnya Tarihi"},"content":{"rendered":"<p>En eski zamanlardan modern zamana d\u00fcnyan\u0131n hikayesi bir kitapta \u00f6zetlenebilir mi?En K\u0131sa D\u00fcnya Tarihi, kilit olaylar hakk\u0131nda ayd\u0131nlat\u0131c\u0131, k\u0131sa ve yeterli bilgiler sunarak bunu ba\u015far\u0131yor ve \u015fimdiye kadar \u00f6n\u00fcn\u00fczde y\u0131\u011f\u0131l\u0131 duran tarih y\u0131\u011f\u0131n\u0131n\u0131 ortadan kald\u0131r\u0131yor.Tarihsel olaylar\u0131n, asl\u0131nda birbirine ba\u011fl\u0131 ve benzer oldu\u011funu fark etmenizi sa\u011flayarak d\u00fcnya \u00fczerindeki ser\u00fcvene \u0131\u015f\u0131k tutuyor. Verdi\u011fi haritalarla da olaylar\u0131n ya\u015fand\u0131\u011f\u0131 co\u011frafyalar\u0131 g\u00f6z\u00fcn\u00fczde canland\u0131r\u0131yor.D\u00fcnyan\u0131n Ke\u015ffi, Ha\u00e7l\u0131 Seferleri, En Kanl\u0131 Y\u00fczy\u0131l, Dijital Devrim, B\u00fcy\u00fck \u0130skender, Cengiz Han, 1. Elizabeth gibi anahtar olaylar\u0131 ve ki\u015fileri merak ediyorsan\u0131z daha fazlas\u0131n\u0131 bu kitapta bulacaks\u0131n\u0131z.En K\u0131sa D\u00fcnya Tarihi, tarih tutkunlar\u0131n\u0131n raflar\u0131nda yer almas\u0131 gereken rehber kitaplardan\u2026<\/p>\n","protected":false},"excerpt":{"rendered":"<p>En eski zamanlardan modern zamana d\u00fcnyan\u0131n hikayesi bir kitapta \u00f6zetlenebilir mi?En K\u0131sa D\u00fcnya Tarihi, kilit olaylar hakk\u0131nda ayd\u0131nlat\u0131c\u0131, k\u0131sa ve yeterli bilgiler sunarak bunu ba\u015far\u0131yor ve<span class=\"excerpt-hellip\"> [\u2026]<\/span><\/p>\n","protected":false},"featured_media":0,"template":"","meta":{"_monsterinsights_skip_tracking":false,"_monsterinsights_sitenote_active":false,"_monsterinsights_sitenote_note":"","_monsterinsights_sitenote_category":0},"product_brand":[],"product_cat":[12305,12304],"product_tag":[],"class_list":{"0":"post-737551","1":"product","2":"type-product","3":"status-publish","5":"product_cat-dunya-tarihi","6":"product_cat-tarih","7":"pa_cilt-ciltsiz","8":"pa_tur-kitap","9":"pa_yayinevi-tuti-kitap","10":"pa_yazar-christopher-lascelles","12":"first","13":"instock","14":"sale","15":"shipping-taxable","16":"purchasable","17":"product-type-simple"},"_links":{"self":[{"href":"https:\/\/roveyayinevi.com.tr\/index.php\/wp-json\/wp\/v2\/product\/737551","targetHints":{"allow":["GET"]}}],"collection":[{"href":"https:\/\/roveyayinevi.com.tr\/index.php\/wp-json\/wp\/v2\/product"}],"about":[{"href":"https:\/\/roveyayinevi.com.tr\/index.php\/wp-json\/wp\/v2\/types\/product"}],"wp:attachment":[{"href":"https:\/\/roveyayinevi.com.tr\/index.php\/wp-json\/wp\/v2\/media?parent=737551"}],"wp:term":[{"taxonomy":"product_brand","embeddable":true,"href":"https:\/\/roveyayinevi.com.tr\/index.php\/wp-json\/wp\/v2\/product_brand?post=737551"},{"taxonomy":"product_cat","embeddable":true,"href":"https:\/\/roveyayinevi.com.tr\/index.php\/wp-json\/wp\/v2\/product_cat?post=737551"},{"taxonomy":"product_tag","embeddable":true,"href":"https:\/\/roveyayinevi.com.tr\/index.php\/wp-json\/wp\/v2\/product_tag?post=737551"}],"curies":[{"name":"wp","href":"https:\/\/api.w.org\/{rel}","templated":true}]}}