{"id":737548,"date":"2025-08-27T23:31:06","date_gmt":"2025-08-27T20:31:06","guid":{"rendered":"https:\/\/roveyayinevi.com.tr\/index.php\/urun\/dedektif-dna\/"},"modified":"2026-04-16T02:46:56","modified_gmt":"2026-04-15T23:46:56","slug":"dedektif-dna","status":"publish","type":"product","link":"https:\/\/roveyayinevi.com.tr\/index.php\/urun\/dedektif-dna\/","title":{"rendered":"Dedektif DNA"},"content":{"rendered":"<p>\u201cHi\u00e7bir kurgu ger\u00e7ekler kadar okurun dikkatini \u00e7ekmez. Hele konu adli bilimlerle ilgili olursa. Cerrahpa\u015fa T\u0131p Fak\u00fcltesi \u00f6\u011frencilerimden T\u0131bbi Genetik uzman\u0131 Do\u00e7. Dr. Kadir Demircan da bizi d\u00fcnyan\u0131n bir ucundan di\u011ferine, on y\u0131llar \u00f6ncesinden bug\u00fcne kadar s\u00fcren bir tarih yolculu\u011funa \u00e7\u0131kart\u0131yor ve kimi \u00e7\u00f6z\u00fclm\u00fc\u015f kimi h\u00e2l\u00e2 yan\u0131t bekleyen s\u0131rlarla tan\u0131\u015ft\u0131r\u0131yor. Bu yolculuk s\u0131ras\u0131nda bilimin \u0131\u015f\u0131\u011f\u0131 yolunuzu ayd\u0131nlatacak. Parktaki kral, adadaki imparator, ormandaki prenses sizi kar\u015f\u0131layacak ve tablodaki g\u00fczelin, so\u011fuk sulardaki k\u00fc\u00e7\u00fcklerin kimler oldu\u011funu \u00f6\u011freneceksiniz. Kimi zaman kemikler kimi zaman sa\u00e7lar konu\u015facak ve bilimin, tarihi yeniden nas\u0131l yazd\u0131\u011f\u0131na tan\u0131k olacaks\u0131n\u0131z.\u201d- Sevil Atasoy, Prof. Dr. (Kusursuz Cinayet Yoktur\u2019un Yazar\u0131)Do\u00e7. Dr. Kadir Demircan, kendi ki\u015fisel akademik kariyerinin yan\u0131 s\u0131ra, bilgilerini herkesin anlayabilece\u011fi bir \u015fekilde insanlara ula\u015ft\u0131rmay\u0131 dert edinen az say\u0131da akademisyenimizden birisi. Verdi\u011fi konferanslar ve yazd\u0131\u011f\u0131 yaz\u0131larla \u00f6zellikle gen\u00e7lerin bilimi anlamas\u0131 ve hayat\u0131na uygulamas\u0131 konusunda b\u00fcy\u00fck katk\u0131lar yapmaya devam ediyor. Detektif DNA da bu g\u00fczel birikimin ilk \u00fcr\u00fcnlerinden. Bilimin d\u00fcnyay\u0131 anlamada nas\u0131l kullan\u0131labilece\u011fini merak ediyor ve \u015fa\u015f\u0131rt\u0131c\u0131 \u00f6yk\u00fclerden ho\u015flan\u0131yorsan\u0131z sayfalar\u0131 \u00e7evirmeye ba\u015flay\u0131n. \u015ea\u015f\u0131racaks\u0131n\u0131z!- Sinan Canan, Prof. Dr.(Kimsenin Bilemeyece\u011fi \u015eeyler\u2019in Yazar\u0131)<\/p>\n","protected":false},"excerpt":{"rendered":"<p>\u201cHi\u00e7bir kurgu ger\u00e7ekler kadar okurun dikkatini \u00e7ekmez. Hele konu adli bilimlerle ilgili olursa. Cerrahpa\u015fa T\u0131p Fak\u00fcltesi \u00f6\u011frencilerimden T\u0131bbi Genetik uzman\u0131 Do\u00e7. Dr. Kadir Demircan da bizi<span class=\"excerpt-hellip\"> [\u2026]<\/span><\/p>\n","protected":false},"featured_media":0,"template":"","meta":{"_monsterinsights_skip_tracking":false,"_monsterinsights_sitenote_active":false,"_monsterinsights_sitenote_note":"","_monsterinsights_sitenote_category":0},"product_brand":[],"product_cat":[13005,13006],"product_tag":[],"class_list":{"0":"post-737548","1":"product","2":"type-product","3":"status-publish","5":"product_cat-bilim-muhendislik","6":"product_cat-populer-bilim","7":"pa_cilt-ciltsiz","8":"pa_tur-kitap","9":"pa_yayinevi-tuti-kitap","10":"pa_yazar-kadir-demircan","12":"first","13":"instock","14":"sale","15":"shipping-taxable","16":"purchasable","17":"product-type-simple"},"_links":{"self":[{"href":"https:\/\/roveyayinevi.com.tr\/index.php\/wp-json\/wp\/v2\/product\/737548","targetHints":{"allow":["GET"]}}],"collection":[{"href":"https:\/\/roveyayinevi.com.tr\/index.php\/wp-json\/wp\/v2\/product"}],"about":[{"href":"https:\/\/roveyayinevi.com.tr\/index.php\/wp-json\/wp\/v2\/types\/product"}],"wp:attachment":[{"href":"https:\/\/roveyayinevi.com.tr\/index.php\/wp-json\/wp\/v2\/media?parent=737548"}],"wp:term":[{"taxonomy":"product_brand","embeddable":true,"href":"https:\/\/roveyayinevi.com.tr\/index.php\/wp-json\/wp\/v2\/product_brand?post=737548"},{"taxonomy":"product_cat","embeddable":true,"href":"https:\/\/roveyayinevi.com.tr\/index.php\/wp-json\/wp\/v2\/product_cat?post=737548"},{"taxonomy":"product_tag","embeddable":true,"href":"https:\/\/roveyayinevi.com.tr\/index.php\/wp-json\/wp\/v2\/product_tag?post=737548"}],"curies":[{"name":"wp","href":"https:\/\/api.w.org\/{rel}","templated":true}]}}