{"id":737546,"date":"2025-08-27T23:31:04","date_gmt":"2025-08-27T20:31:04","guid":{"rendered":"https:\/\/roveyayinevi.com.tr\/index.php\/urun\/sufi-geleneginde-dostluk-ve-ahlak\/"},"modified":"2026-04-16T02:46:56","modified_gmt":"2026-04-15T23:46:56","slug":"sufi-geleneginde-dostluk-ve-ahlak","status":"publish","type":"product","link":"https:\/\/roveyayinevi.com.tr\/index.php\/urun\/sufi-geleneginde-dostluk-ve-ahlak\/","title":{"rendered":"Sufi Gelene\u011finde Dostluk ve Ahlak"},"content":{"rendered":"<p>\u0130lim ehline g\u00f6re dostluk kurmak v\u00e2ciptir. Allah &#8220;Ey iman edenler! Allah&#8217;tan korkun ve do\u011frularla beraber olun.&#8221; (Tevbe, 119) buyurur. Bu bak\u0131mdan \u0130sl\u00e2m&#8217;da dostlu\u011fun ayr\u0131 bir yeri vard\u0131r.Dostluk; nefsi k\u00f6t\u00fcl\u00fcklerden ar\u0131nd\u0131rmaya yard\u0131mc\u0131 olan, s\u00e2lihlerin ahl\u00e2k\u0131yla ahl\u00e2klanmaya vesile olan ili\u015fkiler tesis etmenin ad\u0131d\u0131r. Sa\u011flam dostluklar sayesinde inananlar\u0131n kalbi g\u00fc\u00e7 kazan\u0131r, Allah&#8217;a imanlar\u0131 artar. &#8220;\u0130man\u0131 en k\u00e2mil m\u00fcminler, ahl\u00e2k\u0131 en g\u00fczel olanlard\u0131r. O kimseler ki dostluklar\u0131 incitmez; severler, sevilirler. Sevmeyen, sevilmeyen kimsede hay\u0131r yoktur.&#8221; (Taber\u00e2n\u00ee, 1\/362)\u00dc\u00e7 b\u00f6l\u00fcmden olu\u015fan bu kitapta \u0130mam \u015ea\u2018r\u00e2n\u00ee, Allah i\u00e7in dostluklar kurmaya dair hadislere ve hikmetli s\u00f6zlere yer vermi\u015f, s\u00fbf\u00eelerin dostluk anlay\u0131\u015f\u0131ndan ve sergiledikleri \u00fcst\u00fcn ahl\u00e2ktan s\u00f6z etmi\u015ftir.<\/p>\n","protected":false},"excerpt":{"rendered":"<p>\u0130lim ehline g\u00f6re dostluk kurmak v\u00e2ciptir. Allah &#8220;Ey iman edenler! Allah&#8217;tan korkun ve do\u011frularla beraber olun.&#8221; (Tevbe, 119) buyurur. Bu bak\u0131mdan \u0130sl\u00e2m&#8217;da dostlu\u011fun ayr\u0131 bir yeri<span class=\"excerpt-hellip\"> [\u2026]<\/span><\/p>\n","protected":false},"featured_media":0,"template":"","meta":{"_monsterinsights_skip_tracking":false,"_monsterinsights_sitenote_active":false,"_monsterinsights_sitenote_note":"","_monsterinsights_sitenote_category":0},"product_brand":[],"product_cat":[12718,12719,15238],"product_tag":[],"class_list":{"0":"post-737546","1":"product","2":"type-product","3":"status-publish","5":"product_cat-din","6":"product_cat-islam","7":"product_cat-tasavvuf","8":"pa_cilt-ciltsiz","9":"pa_tur-kitap","10":"pa_yayinevi-nefes-yayincilik","11":"pa_yazar-abdulvehhab-es-sarani","13":"first","14":"instock","15":"sale","16":"shipping-taxable","17":"purchasable","18":"product-type-simple"},"_links":{"self":[{"href":"https:\/\/roveyayinevi.com.tr\/index.php\/wp-json\/wp\/v2\/product\/737546","targetHints":{"allow":["GET"]}}],"collection":[{"href":"https:\/\/roveyayinevi.com.tr\/index.php\/wp-json\/wp\/v2\/product"}],"about":[{"href":"https:\/\/roveyayinevi.com.tr\/index.php\/wp-json\/wp\/v2\/types\/product"}],"wp:attachment":[{"href":"https:\/\/roveyayinevi.com.tr\/index.php\/wp-json\/wp\/v2\/media?parent=737546"}],"wp:term":[{"taxonomy":"product_brand","embeddable":true,"href":"https:\/\/roveyayinevi.com.tr\/index.php\/wp-json\/wp\/v2\/product_brand?post=737546"},{"taxonomy":"product_cat","embeddable":true,"href":"https:\/\/roveyayinevi.com.tr\/index.php\/wp-json\/wp\/v2\/product_cat?post=737546"},{"taxonomy":"product_tag","embeddable":true,"href":"https:\/\/roveyayinevi.com.tr\/index.php\/wp-json\/wp\/v2\/product_tag?post=737546"}],"curies":[{"name":"wp","href":"https:\/\/api.w.org\/{rel}","templated":true}]}}