{"id":737539,"date":"2025-08-27T23:30:58","date_gmt":"2025-08-27T20:30:58","guid":{"rendered":"https:\/\/roveyayinevi.com.tr\/index.php\/urun\/y-kusagi-anneyim-ben\/"},"modified":"2026-04-16T02:46:56","modified_gmt":"2026-04-15T23:46:56","slug":"y-kusagi-anneyim-ben","status":"publish","type":"product","link":"https:\/\/roveyayinevi.com.tr\/index.php\/urun\/y-kusagi-anneyim-ben\/","title":{"rendered":"Y Ku\u015fa\u011f\u0131 Anneyim Ben"},"content":{"rendered":"<p>Ben bu kitab\u0131 &#8216;do\u011fal do\u011fum&#8217;la d\u00fcnyaya getirdim. Sadece &#8216;anne s\u00fct\u00fc&#8217;yle besledim. &#8216;D\u00fc\u015fe kalka b\u00fcy\u00fctt\u00fcm.&#8217; Yaralar\u0131n\u0131 &#8216;\u00f6pt\u00fcm, ge\u00e7ti&#8217;. \u0130nceli kal\u0131nl\u0131 motor kaslar\u0131 yan\u0131 s\u0131ra &#8216;kalp kas\u0131&#8217; da geli\u015fsin diye &#8216;A\u015eK&#8217;a d\u00fc\u015f\u00fcrd\u00fcm s\u0131k s\u0131k. Sonra &#8216;g\u00f6z yakmayan&#8217; \u015fampuanla y\u0131kad\u0131m, temizledim. Mis gibi koksun diye &#8216;i\u00e7imin ya\u011f\u0131&#8217;ndan s\u00fcrd\u00fcm. &#8216;Organik&#8217; k\u0131yafetler bulamad\u0131\u011f\u0131mda ten elbiseme sard\u0131m, sarmalad\u0131m. Hormonsuz, GDO&#8217;suz co\u011frafyalarda b\u00fcy\u00fctemesem de kalp iklimimde filizlensin diye &#8216;g\u00f6n\u00fcl ba\u011f\u0131&#8217;, s\u00fcper kahraman giysimden seralar kurdum. Paketli g\u0131dalardan uzak tuttu\u011fum kadar paketli insanlardan da uzak tutmaya \u00e7al\u0131\u015ft\u0131m. Tinime, tenime, kalbime iyi gelsin diye bin ya\u015fad\u0131ysam bir yazd\u0131m, gerisini &#8216;imtihan k\u00e2\u011f\u0131d\u0131m&#8217;a saklad\u0131m. T\u00fcm &#8216;o&#8217;ndan \u00f6nceki hayat\u0131m\u0131n y\u00fck\u00fcn\u00fc s\u0131rt\u0131mdan indirip bu kitaba y\u00fckledim. Oku bakal\u0131m, &#8216;\u00e7ocuklu\u011fun&#8217; kokacak m\u0131? Bana oldu\u011fu gibi sana da &#8216;ila\u00e7&#8217; olacak m\u0131? <\/p>\n","protected":false},"excerpt":{"rendered":"<p>Ben bu kitab\u0131 &#8216;do\u011fal do\u011fum&#8217;la d\u00fcnyaya getirdim. Sadece &#8216;anne s\u00fct\u00fc&#8217;yle besledim. &#8216;D\u00fc\u015fe kalka b\u00fcy\u00fctt\u00fcm.&#8217; Yaralar\u0131n\u0131 &#8216;\u00f6pt\u00fcm, ge\u00e7ti&#8217;. \u0130nceli kal\u0131nl\u0131 motor kaslar\u0131 yan\u0131 s\u0131ra &#8216;kalp kas\u0131&#8217; da<span class=\"excerpt-hellip\"> [\u2026]<\/span><\/p>\n","protected":false},"featured_media":0,"template":"","meta":{"_monsterinsights_skip_tracking":false,"_monsterinsights_sitenote_active":false,"_monsterinsights_sitenote_note":"","_monsterinsights_sitenote_category":0},"product_brand":[],"product_cat":[12831,12324],"product_tag":[],"class_list":{"0":"post-737539","1":"product","2":"type-product","3":"status-publish","5":"product_cat-aile-ve-cocuk","6":"product_cat-sosyoloji","7":"pa_cilt-ciltsiz","8":"pa_tur-kitap","9":"pa_yayinevi-tuti-kitap","10":"pa_yazar-sabiha-gurkaynak","12":"first","13":"instock","14":"sale","15":"shipping-taxable","16":"purchasable","17":"product-type-simple"},"_links":{"self":[{"href":"https:\/\/roveyayinevi.com.tr\/index.php\/wp-json\/wp\/v2\/product\/737539","targetHints":{"allow":["GET"]}}],"collection":[{"href":"https:\/\/roveyayinevi.com.tr\/index.php\/wp-json\/wp\/v2\/product"}],"about":[{"href":"https:\/\/roveyayinevi.com.tr\/index.php\/wp-json\/wp\/v2\/types\/product"}],"wp:attachment":[{"href":"https:\/\/roveyayinevi.com.tr\/index.php\/wp-json\/wp\/v2\/media?parent=737539"}],"wp:term":[{"taxonomy":"product_brand","embeddable":true,"href":"https:\/\/roveyayinevi.com.tr\/index.php\/wp-json\/wp\/v2\/product_brand?post=737539"},{"taxonomy":"product_cat","embeddable":true,"href":"https:\/\/roveyayinevi.com.tr\/index.php\/wp-json\/wp\/v2\/product_cat?post=737539"},{"taxonomy":"product_tag","embeddable":true,"href":"https:\/\/roveyayinevi.com.tr\/index.php\/wp-json\/wp\/v2\/product_tag?post=737539"}],"curies":[{"name":"wp","href":"https:\/\/api.w.org\/{rel}","templated":true}]}}