{"id":737530,"date":"2025-08-27T23:30:49","date_gmt":"2025-08-27T20:30:49","guid":{"rendered":"https:\/\/roveyayinevi.com.tr\/index.php\/urun\/amak-i-hayal-birinci-kitap\/"},"modified":"2026-04-16T02:46:56","modified_gmt":"2026-04-15T23:46:56","slug":"amak-i-hayal-birinci-kitap","status":"publish","type":"product","link":"https:\/\/roveyayinevi.com.tr\/index.php\/urun\/amak-i-hayal-birinci-kitap\/","title":{"rendered":"A&#8217;mak-\u0131 Hayal &#8211; Birinci Kitap"},"content":{"rendered":"<p>\u0130yi yeti\u015ftirilmi\u015f ve inan\u00e7l\u0131 bir gen\u00e7 olan Raci; maddi ve manevi ilimleri \u00f6\u011frenir, ard\u0131ndan pek \u00e7ok kitap okur. Fakat \u00f6\u011frendi\u011fi bilgi y\u0131\u011f\u0131n\u0131 aras\u0131nda kendini huzursuz ve \u015f\u00fcphe i\u00e7inde hissetmeye ba\u015flar. Derken bir g\u00fcn, \u015fehrin mezarl\u0131\u011f\u0131nda ya\u015fayan Aynal\u0131 Dede\u2019yle kar\u015f\u0131la\u015f\u0131r\u2026 Ve onun rehberli\u011finde dokuz g\u00fcn boyunca hayalin derinliklerine dalan Raci, yava\u015f yava\u015f hakikate yakla\u015f\u0131rken dokuz farkl\u0131 merhaleden ge\u00e7er\u2026Y\u0131llar \u00f6nce kaleme al\u0131nd\u0131\u011f\u0131 halde \u00e7a\u011f\u0131m\u0131zda h\u00e2l\u00e2 ilgi g\u00f6ren A\u2019mak-\u0131 Hayal, modern ya\u015fama ra\u011fmen ruhundaki bo\u015flu\u011fu dolduramayan g\u00fcn\u00fcm\u00fcz insan\u0131 i\u00e7in adeta bir ba\u015f ucu kitab\u0131d\u0131r\u2026Tuti Kitap ise bir ilke imza atarak zaman\u0131n ve mekan\u0131n \u00f6tesinde ge\u00e7en bu manevi yolculu\u011fu, T\u00fcrkiye\u2019de ilk defa \u00e7izgi roman olarak okurlara sunmaktad\u0131r.<\/p>\n","protected":false},"excerpt":{"rendered":"<p>\u0130yi yeti\u015ftirilmi\u015f ve inan\u00e7l\u0131 bir gen\u00e7 olan Raci; maddi ve manevi ilimleri \u00f6\u011frenir, ard\u0131ndan pek \u00e7ok kitap okur. Fakat \u00f6\u011frendi\u011fi bilgi y\u0131\u011f\u0131n\u0131 aras\u0131nda kendini huzursuz ve<span class=\"excerpt-hellip\"> [\u2026]<\/span><\/p>\n","protected":false},"featured_media":0,"template":"","meta":{"_monsterinsights_skip_tracking":false,"_monsterinsights_sitenote_active":false,"_monsterinsights_sitenote_note":"","_monsterinsights_sitenote_category":0},"product_brand":[],"product_cat":[12416,12291],"product_tag":[],"class_list":{"0":"post-737530","1":"product","2":"type-product","3":"status-publish","5":"product_cat-cizgi-roman","6":"product_cat-edebiyat","7":"pa_cilt-ciltsiz","8":"pa_tur-kitap","9":"pa_yayinevi-tuti-kitap","10":"pa_yazar-sehbenderzade-filibeli-ahmed-hilmi","12":"first","13":"instock","14":"sale","15":"shipping-taxable","16":"purchasable","17":"product-type-simple"},"_links":{"self":[{"href":"https:\/\/roveyayinevi.com.tr\/index.php\/wp-json\/wp\/v2\/product\/737530","targetHints":{"allow":["GET"]}}],"collection":[{"href":"https:\/\/roveyayinevi.com.tr\/index.php\/wp-json\/wp\/v2\/product"}],"about":[{"href":"https:\/\/roveyayinevi.com.tr\/index.php\/wp-json\/wp\/v2\/types\/product"}],"wp:attachment":[{"href":"https:\/\/roveyayinevi.com.tr\/index.php\/wp-json\/wp\/v2\/media?parent=737530"}],"wp:term":[{"taxonomy":"product_brand","embeddable":true,"href":"https:\/\/roveyayinevi.com.tr\/index.php\/wp-json\/wp\/v2\/product_brand?post=737530"},{"taxonomy":"product_cat","embeddable":true,"href":"https:\/\/roveyayinevi.com.tr\/index.php\/wp-json\/wp\/v2\/product_cat?post=737530"},{"taxonomy":"product_tag","embeddable":true,"href":"https:\/\/roveyayinevi.com.tr\/index.php\/wp-json\/wp\/v2\/product_tag?post=737530"}],"curies":[{"name":"wp","href":"https:\/\/api.w.org\/{rel}","templated":true}]}}