{"id":737521,"date":"2025-08-27T23:30:40","date_gmt":"2025-08-27T20:30:40","guid":{"rendered":"https:\/\/roveyayinevi.com.tr\/index.php\/urun\/ailemde-kahraman-yok\/"},"modified":"2025-11-21T07:37:41","modified_gmt":"2025-11-21T04:37:41","slug":"ailemde-kahraman-yok","status":"publish","type":"product","link":"https:\/\/roveyayinevi.com.tr\/index.php\/urun\/ailemde-kahraman-yok\/","title":{"rendered":"Ailemde Kahraman Yok!"},"content":{"rendered":"<p>Frans\u0131z \u00e7ocuk edebiyat\u0131n\u0131n \u00f6d\u00fcll\u00fc ismi Jo Witek\u2019ten, aile ba\u011flar\u0131, arkada\u015fl\u0131k ve sevgi \u00fczerine g\u00fcl\u00fcmseten bir roman.Maurice ya da ailesinin deyi\u015fiyle Mo\u2019nun, ev ve okul ya\u015fam\u0131 aras\u0131nda da\u011flar kadar fark vard\u0131r. Bu iki d\u00fcnyay\u0131 ustal\u0131kla idare eden Mo, arkada\u015f\u0131n\u0131n evinde, aile kahramanlar\u0131n\u0131n foto\u011fraflar\u0131yla dolu bir duvarla kar\u015f\u0131la\u015f\u0131nca her \u015fey tepetaklak olur. Onun ailesinde hi\u00e7 kahraman yoktur. Ba\u015far\u0131l\u0131 olma f\u0131rsat\u0131n\u0131 ka\u00e7\u0131rm\u0131\u015f gibi g\u00f6r\u00fcnen aile \u00fcyeleriyle aras\u0131 a\u00e7\u0131l\u0131r Mo\u2019nun. Aile tarihine yapt\u0131\u011f\u0131 bal\u0131kma dal\u0131\u015f, arad\u0131\u011f\u0131 kahraman\u0131 bulmas\u0131n\u0131 sa\u011flayacak m\u0131d\u0131r?2017 : Cultura Gen\u00e7 Yetenek \u00d6d\u00fcl\u00fc2017 : Libbylit En \u0130yi \u00c7ocuk Roman\u0131 \u00d6d\u00fcl\u00fc2017 : Saint-Etienne Kitap Festivali \u00c7ocuk Edebiyat\u0131 \u00d6d\u00fcl\u00fc2017 : Occitanie \u00c7ocuk Kitaplar\u0131 Festivali \u00d6d\u00fcl\u00fc2018 : Mots et Merveilles \u00d6d\u00fcl\u00fc2018 : St Nicolas Koleji Grain de Lire \u00d6d\u00fcl\u00fc2018 : Dis-Moi Ton Livre \u00d6d\u00fcl\u00fc (Pays de Quimperl\u00e9)2018 : Gavroche de M\u00dbRS-\u00c9RIGN\u00c9 \u00d6d\u00fcl\u00fc<\/p>\n","protected":false},"excerpt":{"rendered":"<p>Frans\u0131z \u00e7ocuk edebiyat\u0131n\u0131n \u00f6d\u00fcll\u00fc ismi Jo Witek\u2019ten, aile ba\u011flar\u0131, arkada\u015fl\u0131k ve sevgi \u00fczerine g\u00fcl\u00fcmseten bir roman.Maurice ya da ailesinin deyi\u015fiyle Mo\u2019nun, ev ve okul ya\u015fam\u0131 aras\u0131nda<span class=\"excerpt-hellip\"> [\u2026]<\/span><\/p>\n","protected":false},"featured_media":0,"template":"","meta":{"_monsterinsights_skip_tracking":false,"_monsterinsights_sitenote_active":false,"_monsterinsights_sitenote_note":"","_monsterinsights_sitenote_category":0},"product_brand":[],"product_cat":[12275,12274],"product_tag":[],"class_list":{"0":"post-737521","1":"product","2":"type-product","3":"status-publish","5":"product_cat-6-12-yas-kitaplari","6":"product_cat-cocuk-ve-genclik-kitaplari","7":"pa_cilt-ciltsiz","8":"pa_tur-kitap","9":"pa_yayinevi-uyurgezer-kitap","10":"pa_yazar-jo-witek","12":"first","13":"instock","14":"sale","15":"shipping-taxable","16":"purchasable","17":"product-type-simple"},"_links":{"self":[{"href":"https:\/\/roveyayinevi.com.tr\/index.php\/wp-json\/wp\/v2\/product\/737521","targetHints":{"allow":["GET"]}}],"collection":[{"href":"https:\/\/roveyayinevi.com.tr\/index.php\/wp-json\/wp\/v2\/product"}],"about":[{"href":"https:\/\/roveyayinevi.com.tr\/index.php\/wp-json\/wp\/v2\/types\/product"}],"wp:attachment":[{"href":"https:\/\/roveyayinevi.com.tr\/index.php\/wp-json\/wp\/v2\/media?parent=737521"}],"wp:term":[{"taxonomy":"product_brand","embeddable":true,"href":"https:\/\/roveyayinevi.com.tr\/index.php\/wp-json\/wp\/v2\/product_brand?post=737521"},{"taxonomy":"product_cat","embeddable":true,"href":"https:\/\/roveyayinevi.com.tr\/index.php\/wp-json\/wp\/v2\/product_cat?post=737521"},{"taxonomy":"product_tag","embeddable":true,"href":"https:\/\/roveyayinevi.com.tr\/index.php\/wp-json\/wp\/v2\/product_tag?post=737521"}],"curies":[{"name":"wp","href":"https:\/\/api.w.org\/{rel}","templated":true}]}}