{"id":737516,"date":"2025-08-27T23:30:34","date_gmt":"2025-08-27T20:30:34","guid":{"rendered":"https:\/\/roveyayinevi.com.tr\/index.php\/urun\/emma-kiskanclik-yapiyor\/"},"modified":"2026-04-16T02:46:55","modified_gmt":"2026-04-15T23:46:55","slug":"emma-kiskanclik-yapiyor","status":"publish","type":"product","link":"https:\/\/roveyayinevi.com.tr\/index.php\/urun\/emma-kiskanclik-yapiyor\/","title":{"rendered":"Emma K\u0131skan\u00e7l\u0131k Yap\u0131yor"},"content":{"rendered":"<p>K\u0131skan\u00e7l\u0131k nedir? Kimleri k\u0131skan\u0131r\u0131z? K\u0131skan\u00e7l\u0131k insan\u0131 ni\u00e7in \u00f6fkelendirir ya da \u00fczer? Herkes birbirinin ayn\u0131s\u0131 olsayd\u0131, hayat g\u00fczel olur muydu? E\u011fer herkes farkl\u0131ysa, ba\u015fkalar\u0131n\u0131 k\u0131skanmaknas\u0131l m\u00fcmk\u00fcn oluyor?Duygu Okulu\u2019nda bir sorun ortaya \u00e7\u0131kt\u0131\u011f\u0131nda, felsefe ve ahlak dersleriyle de\u011fil, birlikte tart\u0131\u015f\u0131larak \u00e7\u00f6z\u00fcl\u00fcr. D\u00fc\u015f\u00fcnce payla\u015f\u0131mlar\u0131 bir\u00e7ok sesin duyulmas\u0131n\u0131 sa\u011flar ve d\u00fc\u015f\u00fcnceyi bir \u00e7\u00f6z\u00fcme varana dek y\u00f6nlendirir.Birlikte ya\u015fama, kendini daha iyi anlamay\u0131 h\u0131zland\u0131rman\u0131n bir arac\u0131d\u0131r.Ba\u015fka ara\u00e7lar da vard\u0131r ve hepsi birden tek bir anahtar kelimenin \u00fczerinde temellenir: \u0130leti\u015fim. Emma, Lea\u2019y\u0131 m\u0131 k\u0131skan\u0131yor? Bundan s\u00f6z edelim. Asl\u0131nda k\u0131skan\u00e7l\u0131k nedir? K\u0131skan\u00e7l\u0131k bizi ni\u00e7in mutsuz eder?<\/p>\n","protected":false},"excerpt":{"rendered":"<p>K\u0131skan\u00e7l\u0131k nedir? Kimleri k\u0131skan\u0131r\u0131z? K\u0131skan\u00e7l\u0131k insan\u0131 ni\u00e7in \u00f6fkelendirir ya da \u00fczer? Herkes birbirinin ayn\u0131s\u0131 olsayd\u0131, hayat g\u00fczel olur muydu? E\u011fer herkes farkl\u0131ysa, ba\u015fkalar\u0131n\u0131 k\u0131skanmaknas\u0131l m\u00fcmk\u00fcn oluyor?Duygu<span class=\"excerpt-hellip\"> [\u2026]<\/span><\/p>\n","protected":false},"featured_media":0,"template":"","meta":{"_monsterinsights_skip_tracking":false,"_monsterinsights_sitenote_active":false,"_monsterinsights_sitenote_note":"","_monsterinsights_sitenote_category":0},"product_brand":[],"product_cat":[12274,12284],"product_tag":[],"class_list":{"0":"post-737516","1":"product","2":"type-product","3":"status-publish","5":"product_cat-cocuk-ve-genclik-kitaplari","6":"product_cat-hikayeler","7":"pa_cilt-ciltsiz","8":"pa_tur-kitap","9":"pa_yayinevi-uyurgezer-kitap","10":"pa_yazar-pakita","12":"first","13":"instock","14":"sale","15":"shipping-taxable","16":"purchasable","17":"product-type-simple"},"_links":{"self":[{"href":"https:\/\/roveyayinevi.com.tr\/index.php\/wp-json\/wp\/v2\/product\/737516","targetHints":{"allow":["GET"]}}],"collection":[{"href":"https:\/\/roveyayinevi.com.tr\/index.php\/wp-json\/wp\/v2\/product"}],"about":[{"href":"https:\/\/roveyayinevi.com.tr\/index.php\/wp-json\/wp\/v2\/types\/product"}],"wp:attachment":[{"href":"https:\/\/roveyayinevi.com.tr\/index.php\/wp-json\/wp\/v2\/media?parent=737516"}],"wp:term":[{"taxonomy":"product_brand","embeddable":true,"href":"https:\/\/roveyayinevi.com.tr\/index.php\/wp-json\/wp\/v2\/product_brand?post=737516"},{"taxonomy":"product_cat","embeddable":true,"href":"https:\/\/roveyayinevi.com.tr\/index.php\/wp-json\/wp\/v2\/product_cat?post=737516"},{"taxonomy":"product_tag","embeddable":true,"href":"https:\/\/roveyayinevi.com.tr\/index.php\/wp-json\/wp\/v2\/product_tag?post=737516"}],"curies":[{"name":"wp","href":"https:\/\/api.w.org\/{rel}","templated":true}]}}