{"id":737515,"date":"2025-08-27T23:30:33","date_gmt":"2025-08-27T20:30:33","guid":{"rendered":"https:\/\/roveyayinevi.com.tr\/index.php\/urun\/cocuk-ruyalari\/"},"modified":"2026-04-16T02:46:55","modified_gmt":"2026-04-15T23:46:55","slug":"cocuk-ruyalari","status":"publish","type":"product","link":"https:\/\/roveyayinevi.com.tr\/index.php\/urun\/cocuk-ruyalari\/","title":{"rendered":"\u00c7ocuk R\u00fcyalar\u0131"},"content":{"rendered":"<p>Konu edinece\u011fimiz r\u00fcyalar\u0131n t\u00fcm\u00fc, kat\u0131l\u0131mc\u0131lar taraf\u0131ndan verilmi\u015ftir. Bir\u00e7ok vakada, bu r\u00fcyalar yeti\u015fkinlerin \u00e7ocukluklar\u0131ndan hat\u0131rlad\u0131klar\u0131 r\u00fcyalard\u0131r ve bizzat \u00e7ocuklardan al\u0131nmam\u0131\u015flard\u0131r. Bu bir zorluk te\u015fkil etmektedir, zira r\u00fcyalar\u0131n hat\u0131rlanan r\u00fcyalar olmalar\u0131 durumunda, art\u0131k bizzat \u00e7ocu\u011fa soru soramay\u0131z ve r\u00fcya materyallerini zenginle\u015ftirip r\u00fcyay\u0131 anlamak ad\u0131na ba\u015fka yollara ba\u015fvurmak zorunda kal\u0131r\u0131z. Fakat r\u00fcyalar\u0131 \u00e7ocuklardan do\u011frudan kayda d\u00fc\u015ft\u00fc\u011f\u00fcm\u00fcz zaman da zor bir durum i\u00e7inde oluruz. Daima hesaba katmam\u0131z gerekir ki, \u00e7ocu\u011fun hi\u00e7bir bilgi kayna\u011f\u0131 sunmamas\u0131 veya s\u00f6zgelimi r\u00fcyaya y\u00f6nelik korku duydu\u011fundan dolay\u0131 \u00e7a\u011fr\u0131\u015f\u0131mlarda bulunmamas\u0131 m\u00fcmk\u00fcnd\u00fcr. Dahas\u0131, ki\u015finin ilintili \u00e7a\u011fr\u0131\u015f\u0131mlarda bulunmamas\u0131 \u00e7ocuklu\u011fun erken d\u00f6nemlerine ait r\u00fcyalar\u0131n do\u011fas\u0131nda vard\u0131r: Bunlar, bilin\u00e7d\u0131\u015f\u0131n\u0131n bir par\u00e7as\u0131n\u0131n zaman i\u00e7inde d\u0131\u015f bir konuma yerle\u015fmi\u015f bir d\u0131\u015fa vurumudurlar. Bu erken d\u00f6nem r\u00fcyalar\u0131 bilhassa y\u00fcksek \u00f6neme sahiptir \u00e7\u00fcnk\u00fc ki\u015fili\u011fin derinliklerinden gelen r\u00fcyalard\u0131r ve dolay\u0131s\u0131yla s\u0131kl\u0131kla gelece\u011fe ait yazg\u0131n\u0131n bir \u00f6ng\u00f6r\u00fcs\u00fc yerine ge\u00e7erler.<\/p>\n","protected":false},"excerpt":{"rendered":"<p>Konu edinece\u011fimiz r\u00fcyalar\u0131n t\u00fcm\u00fc, kat\u0131l\u0131mc\u0131lar taraf\u0131ndan verilmi\u015ftir. Bir\u00e7ok vakada, bu r\u00fcyalar yeti\u015fkinlerin \u00e7ocukluklar\u0131ndan hat\u0131rlad\u0131klar\u0131 r\u00fcyalard\u0131r ve bizzat \u00e7ocuklardan al\u0131nmam\u0131\u015flard\u0131r. Bu bir zorluk te\u015fkil etmektedir, zira r\u00fcyalar\u0131n<span class=\"excerpt-hellip\"> [\u2026]<\/span><\/p>\n","protected":false},"featured_media":0,"template":"","meta":{"_monsterinsights_skip_tracking":false,"_monsterinsights_sitenote_active":false,"_monsterinsights_sitenote_note":"","_monsterinsights_sitenote_category":0},"product_brand":[],"product_cat":[12358,12357],"product_tag":[],"class_list":{"0":"post-737515","1":"product","2":"type-product","3":"status-publish","5":"product_cat-genel-psikoloji","6":"product_cat-psikoloji","7":"pa_cilt-ciltsiz","8":"pa_tur-kitap","9":"pa_yayinevi-pinhan-yayincilik","10":"pa_yazar-carl-gustav-jung","12":"first","13":"instock","14":"sale","15":"shipping-taxable","16":"purchasable","17":"product-type-simple"},"_links":{"self":[{"href":"https:\/\/roveyayinevi.com.tr\/index.php\/wp-json\/wp\/v2\/product\/737515","targetHints":{"allow":["GET"]}}],"collection":[{"href":"https:\/\/roveyayinevi.com.tr\/index.php\/wp-json\/wp\/v2\/product"}],"about":[{"href":"https:\/\/roveyayinevi.com.tr\/index.php\/wp-json\/wp\/v2\/types\/product"}],"wp:attachment":[{"href":"https:\/\/roveyayinevi.com.tr\/index.php\/wp-json\/wp\/v2\/media?parent=737515"}],"wp:term":[{"taxonomy":"product_brand","embeddable":true,"href":"https:\/\/roveyayinevi.com.tr\/index.php\/wp-json\/wp\/v2\/product_brand?post=737515"},{"taxonomy":"product_cat","embeddable":true,"href":"https:\/\/roveyayinevi.com.tr\/index.php\/wp-json\/wp\/v2\/product_cat?post=737515"},{"taxonomy":"product_tag","embeddable":true,"href":"https:\/\/roveyayinevi.com.tr\/index.php\/wp-json\/wp\/v2\/product_tag?post=737515"}],"curies":[{"name":"wp","href":"https:\/\/api.w.org\/{rel}","templated":true}]}}